{"id":5274,"date":"2025-11-04T14:05:26","date_gmt":"2025-11-04T13:05:26","guid":{"rendered":"https:\/\/edicionpre.fundacionoccident.org\/ecosocial\/?page_id=5274"},"modified":"2025-11-04T14:09:14","modified_gmt":"2025-11-04T13:09:14","slug":"bases","status":"publish","type":"page","link":"https:\/\/edicion.fundacionoccident.org\/ecosocial\/bases","title":{"rendered":"Bases"},"content":{"rendered":"<p>[et_pb_section bb_built=&#8221;1&#8243;][et_pb_row][et_pb_column type=&#8221;4_4&#8243;][et_pb_text _builder_version=&#8221;3.9&#8243;]<\/p>\n<h1>Bases<\/h1>\n<p>La 1\u00aa edici\u00f3n de la Convocatoria EcoSocial Jes\u00fas Serra tiene por objetivo identificar y apoyar un total de dos proyectos de los siguientes \u00e1mbitos:<\/p>\n<ul>\n<li><strong>Acci\u00f3n Social: Infancia y Juventud (0-24 a\u00f1os)<\/strong>\n<ul>\n<li>Educaci\u00f3n.<\/li>\n<li>Salud mental y bienestar emocional.<\/li>\n<li>Protecci\u00f3n en entornos digitales.<\/li>\n<li>Prevenci\u00f3n de violencias y adicciones.<\/li>\n<li>Inserci\u00f3n laboral, formaci\u00f3n profesional y desarrollo de habilidades para la vida.<\/li>\n<\/ul>\n<\/li>\n<li><strong>Medioambiental: Econom\u00eda Azul<\/strong>\n<ul>\n<li>Emprendimiento social y econom\u00eda azul.<\/li>\n<li>Sostenibilidad ambiental y protecci\u00f3n del entorno marino.<\/li>\n<li>Educaci\u00f3n y cultura mar\u00edtima.<\/li>\n<\/ul>\n<\/li>\n<\/ul>\n<p>La <strong>convocatoria est\u00e1 dirigida<\/strong> a organizaciones sociales, entidades de la econom\u00eda social, startups de impacto y otras formas de emprendimiento comprometido que demuestren impacto social y\/o ambiental positivo.<\/p>\n<p>Los proyectos seleccionados recibir\u00e1n <strong>financiaci\u00f3n econ\u00f3mica<\/strong> (hasta 50.000 \u20ac anuales por proyecto) y <strong>acompa\u00f1amiento t\u00e9cnico<\/strong> personalizado.<\/p>\n<p>[\/et_pb_text][et_pb_code _builder_version=&#8221;3.9&#8243;]&lt;a href=&#8221;\/ecosocial\/wp-content\/uploads\/2025\/11\/1_FO_Bases-Convocatoria_Oct25.pdf&#8221; target=&#8221;_blank&#8221; class=&#8221;btn-custom&#8221;&gt;Bases completas&lt;\/a&gt;&lt;!&#8211; [et_pb_line_break_holder] &#8211;&gt;&lt;!&#8211; [et_pb_line_break_holder] &#8211;&gt;&lt;style&gt;&lt;!&#8211; [et_pb_line_break_holder] &#8211;&gt;.btn-custom {&lt;!&#8211; [et_pb_line_break_holder] &#8211;&gt; margin: auto;&lt;!&#8211; [et_pb_line_break_holder] &#8211;&gt; display: block;&lt;!&#8211; [et_pb_line_break_holder] &#8211;&gt; width: fit-content;&lt;!&#8211; [et_pb_line_break_holder] &#8211;&gt; background: #f90205;&lt;!&#8211; [et_pb_line_break_holder] &#8211;&gt; padding: 17px 54px;&lt;!&#8211; [et_pb_line_break_holder] &#8211;&gt; color: #fff;&lt;!&#8211; [et_pb_line_break_holder] &#8211;&gt; border-radius: 2px;&lt;!&#8211; [et_pb_line_break_holder] &#8211;&gt; font-size: 18px;&lt;!&#8211; [et_pb_line_break_holder] &#8211;&gt; font-weight: 700;&lt;!&#8211; [et_pb_line_break_holder] &#8211;&gt;}&lt;!&#8211; [et_pb_line_break_holder] &#8211;&gt;&lt;\/style&gt;[\/et_pb_code][\/et_pb_column][\/et_pb_row][\/et_pb_section]<\/p>\n","protected":false},"excerpt":{"rendered":"<p>[et_pb_section bb_built=&#8221;1&#8243;][et_pb_row][et_pb_column type=&#8221;4_4&#8243;][et_pb_text _builder_version=&#8221;3.9&#8243;] Bases La 1\u00aa edici\u00f3n de la Convocatoria EcoSocial Jes\u00fas Serra tiene por objetivo identificar y apoyar un total de dos proyectos de los siguientes \u00e1mbitos: Acci\u00f3n Social: Infancia y Juventud (0-24 a\u00f1os) Educaci\u00f3n. Salud mental y bienestar emocional. Protecci\u00f3n en entornos digitales. Prevenci\u00f3n de violencias y adicciones. Inserci\u00f3n laboral, formaci\u00f3n profesional [&hellip;]<\/p>\n","protected":false},"author":23,"featured_media":0,"parent":0,"menu_order":0,"comment_status":"closed","ping_status":"closed","template":"","meta":{"footnotes":""},"class_list":["post-5274","page","type-page","status-publish","hentry"],"_links":{"self":[{"href":"https:\/\/edicion.fundacionoccident.org\/ecosocial\/wp-json\/wp\/v2\/pages\/5274","targetHints":{"allow":["GET"]}}],"collection":[{"href":"https:\/\/edicion.fundacionoccident.org\/ecosocial\/wp-json\/wp\/v2\/pages"}],"about":[{"href":"https:\/\/edicion.fundacionoccident.org\/ecosocial\/wp-json\/wp\/v2\/types\/page"}],"author":[{"embeddable":true,"href":"https:\/\/edicion.fundacionoccident.org\/ecosocial\/wp-json\/wp\/v2\/users\/23"}],"replies":[{"embeddable":true,"href":"https:\/\/edicion.fundacionoccident.org\/ecosocial\/wp-json\/wp\/v2\/comments?post=5274"}],"version-history":[{"count":6,"href":"https:\/\/edicion.fundacionoccident.org\/ecosocial\/wp-json\/wp\/v2\/pages\/5274\/revisions"}],"predecessor-version":[{"id":5282,"href":"https:\/\/edicion.fundacionoccident.org\/ecosocial\/wp-json\/wp\/v2\/pages\/5274\/revisions\/5282"}],"wp:attachment":[{"href":"https:\/\/edicion.fundacionoccident.org\/ecosocial\/wp-json\/wp\/v2\/media?parent=5274"}],"curies":[{"name":"wp","href":"https:\/\/api.w.org\/{rel}","templated":true}]}}