{"id":297,"date":"2016-10-22T10:48:54","date_gmt":"2016-10-22T10:48:54","guid":{"rendered":"http:\/\/edicion.fundacionjesusserra.org\/poesia\/\/pre\/?page_id=297"},"modified":"2026-03-10T11:32:41","modified_gmt":"2026-03-10T10:32:41","slug":"jurat","status":"publish","type":"page","link":"https:\/\/edicion.fundacionoccident.org\/poesia\/cat\/jurat","title":{"rendered":"Jurat"},"content":{"rendered":"<p>[et_pb_section bb_built=&#8221;1&#8243; admin_label=&#8221;section&#8221;][et_pb_row admin_label=&#8221;row&#8221; background_position=&#8221;top_left&#8221; background_repeat=&#8221;repeat&#8221; background_size=&#8221;initial&#8221;][et_pb_column type=&#8221;4_4&#8243;][et_pb_text use_border_color=&#8221;off&#8221; background_position=&#8221;top_left&#8221; background_repeat=&#8221;repeat&#8221; background_size=&#8221;initial&#8221; _builder_version=&#8221;3.17.6&#8243;]<\/p>\n<h1>Jurat<\/h1>\n<p>[\/et_pb_text][\/et_pb_column][\/et_pb_row][et_pb_row make_fullwidth=&#8221;off&#8221; use_custom_width=&#8221;off&#8221; width_unit=&#8221;on&#8221; use_custom_gutter=&#8221;off&#8221; padding_mobile=&#8221;off&#8221; allow_player_pause=&#8221;off&#8221; parallax=&#8221;off&#8221; parallax_method=&#8221;off&#8221; make_equal=&#8221;off&#8221; parallax_1=&#8221;off&#8221; parallax_method_1=&#8221;off&#8221; parallax_2=&#8221;off&#8221; parallax_method_2=&#8221;off&#8221; column_padding_mobile=&#8221;on&#8221; background_position=&#8221;top_left&#8221; background_repeat=&#8221;repeat&#8221; background_size=&#8221;initial&#8221;][et_pb_column type=&#8221;1_2&#8243;][et_pb_team_member name=&#8221;Elena Medel Navarro&#8221; use_border_color=&#8221;off&#8221; custom_css_main_element=&#8221;padding:40px;&#8221; background_color=&#8221;rgba(234,234,234,0.49)&#8221; image_url=&#8221;\/poesia\/wp-content\/uploads\/2025\/01\/elena-medel-malba.jpg&#8221; custom_css_title=&#8221;margin-bottom:20px;||text-align:center;&#8221; position=&#8221;Escriptora. Premi Loewe a la Creaci\u00f3 Jove 2013, Premi Fundaci\u00f3 Princesa de Girona de les Arts i les Lletres 2016.&#8221; background_position=&#8221;top_left&#8221; background_repeat=&#8221;repeat&#8221; background_size=&#8221;initial&#8221; _builder_version=&#8221;3.17.6&#8243;]<\/p>\n<p>Ha publicat els llibres de poesia \u201cEl meu primer bikini\u201d (2002), \u201cTara\u201d (2006) i \u201cChatterton\u201d (2014), reunits en \u201cUn dia negre en una casa de mentida\u201d (2015); els assajos \u201cEl m\u00f3n mag\u201d (2015), \u201cTot el que cal saber sobre poesia\u201d (2018) i \u201cErudici\u00f3 sobre formigues i rositas\u201d (2023); i la novel\u00b7la \u201cLes meravelles\u201d (2020), tradu\u00efda a quinze idiomes, guanyadora del Premi Francisco Umbral al Llibre de l&#8217;Any 2020 i inclosa en la \u2018longlist\u2019 del Dublin Literary Award 2023. Ha obtingut reconeixements com la beca Leonardo 2021 de la Fundaci\u00f3 BBVA, i ha estat escriptora resident en el Cheuse Writers Center, MALBA, Arvo P\u00e4rt Centri i Praga Ciutat UNESCO de la Literatura. Viu a Madrid.<\/p>\n<p>[\/et_pb_team_member][\/et_pb_column][et_pb_column type=&#8221;1_2&#8243;][et_pb_team_member name=&#8221;David Castillo Bu\u00efls&#8221; use_border_color=&#8221;off&#8221; custom_css_main_element=&#8221;padding:40px;&#8221; background_color=&#8221;rgba(234,234,234,0.49)&#8221; image_url=&#8221;\/poesia\/wp-content\/uploads\/2018\/10\/david-castillo.jpg&#8221; custom_css_title=&#8221;margin-bottom:20px;||text-align:center;&#8221; position=&#8221;Escriptor, Premi Ciutat de Gandia 2019, Premi Joanot Martorell 2019, Premi Carles Riba 1997, Premi Crexells 1999, Premi Sant Jordi 2001.&#8221; background_position=&#8221;top_left&#8221; background_repeat=&#8221;repeat&#8221; background_size=&#8221;initial&#8221; _builder_version=&#8221;3.17.6&#8243;]<\/p>\n<p>Autor catal\u00e0, va fundar en 1989 el suplement cultural del diari El Punt Avui despr\u00e9s de col\u00b7laborar en els principals rotatius estatals i revistes durant els anys vuitanta. Va ser director durant vuit anys de la revista Lletra de cambio i va exercir cinc anys com a professor de la Universitat Aut\u00f2noma de Barcelona. Ha estat organitzador de diferents cicles po\u00e8tics i va ser fundador i director de la Setmana de Poesia de Barcelona el 1997. Al setembre de 2017 va assumir la presid\u00e8ncia de l&#8217;ACEC (Associaci\u00f3 Col\u00b7legial d&#8217;Escriptors de Catalunya). Compta amb les m\u00e0ximes distincions de la literatura catalana, des del premi Sant Jordi de novel\u00b7la i diferents premis Atl\u00e0ntida com a articulista literari. Ha escrit cinc novel\u00b7les.&nbsp;Entre les seves obres, destaquen&nbsp;Game over, El cielo del infierno,&nbsp; Espalda desnuda, Sin mirar atr\u00e1s, Downtown,&nbsp;Poes\u00eda, contracultura, Barcelona i El t\u00fanel del tiempo.<\/p>\n<p>[\/et_pb_team_member][\/et_pb_column][\/et_pb_row][et_pb_row make_fullwidth=&#8221;off&#8221; use_custom_width=&#8221;off&#8221; width_unit=&#8221;on&#8221; use_custom_gutter=&#8221;off&#8221; padding_mobile=&#8221;off&#8221; allow_player_pause=&#8221;off&#8221; parallax=&#8221;off&#8221; parallax_method=&#8221;off&#8221; make_equal=&#8221;off&#8221; parallax_1=&#8221;off&#8221; parallax_method_1=&#8221;off&#8221; parallax_2=&#8221;off&#8221; parallax_method_2=&#8221;off&#8221; column_padding_mobile=&#8221;on&#8221; background_position=&#8221;top_left&#8221; background_repeat=&#8221;repeat&#8221; background_size=&#8221;initial&#8221;][et_pb_column type=&#8221;1_2&#8243;][et_pb_team_member name=&#8221;Ricardo Fern\u00e1ndez Aguil\u00e0&#8221; use_border_color=&#8221;off&#8221; background_color=&#8221;rgba(234,234,234,0.49)&#8221; custom_css_main_element=&#8221;padding:40px;&#8221; custom_css_title=&#8221;margin-bottom:20px;||text-align:center;&#8221; image_url=&#8221;\/poesia\/wp-content\/uploads\/2017\/12\/ricardo.jpg&#8221; position=&#8221;Escriptor, traductor i professor.&#8221; custom_padding=&#8221;||125px|&#8221; background_position=&#8221;top_left&#8221; background_repeat=&#8221;repeat&#8221; background_size=&#8221;initial&#8221; _builder_version=&#8221;3.17.6&#8243;]<\/p>\n<p>Professor i escriptor, nascut a Barcelona. Llicenciat en Filologia Hisp\u00e0nica, \u00e9s autor d\u2019Un Fernandes entre banderas (2014), Un profesor se despide (2017) i, a Internet, dels relats Un entender no entendiendo (2012-2013).<\/p>\n<p>Ha realitzat tamb\u00e9 estudis introductoris i traduccions en els llibres El di\u00e1logo con el inconsciente: Antonio Machado d\u2019Antoni Pascual Piqu\u00e9 (2009) i 32 poemas de M\u00e0rius Torres (2010). El seu projecte El despertar de la conciencia a trav\u00e9s de la poes\u00eda ha recorregut ciutats com Barcelona o Madrid a la recerca de la inspiraci\u00f3 de la poesia per a les diferents etapes del viure.<\/p>\n<p>Durant m\u00e9s de quaranta anys ha estat professor d\u2019EGB, FP, ESO i Batxillerat, a m\u00e9s de traductor, sobretot de literatura infantil.<\/p>\n<p>[\/et_pb_team_member][\/et_pb_column][et_pb_column type=&#8221;1_2&#8243;][et_pb_team_member name=&#8221;Carlos Zanon&#8221; use_border_color=&#8221;off&#8221; border_color=&#8221;#ffffff&#8221; border_style=&#8221;solid&#8221; custom_css_main_element=&#8221;padding:40px;&#8221; background_color=&#8221;rgba(234,234,234,0.49)&#8221; custom_css_title=&#8221;margin-bottom:20px;||text-align:center;&#8221; image_url=&#8221;\/poesia\/wp-content\/uploads\/2020\/01\/Carlos_Zanon-1.png&#8221; position=&#8221;Poeta, novel\u00b7lista, articulista, cr\u00edtic musical i literari, guionista i lletrista.&#8221; background_position=&#8221;top_left&#8221; background_repeat=&#8221;repeat&#8221; background_size=&#8221;initial&#8221; _builder_version=&#8221;3.17.6&#8243;]<\/p>\n<p>Autor dels llibres de poemes <em>El sabor de tu boca borracha<\/em>, <em>Algunas maneras de olvidar a Gengis Khan (Premio Valencia de Poes\u00eda), <\/em>&nbsp;<em>Rock\u00b4n rol, Banco de sangre l<\/em> o l\u2019antologia <em>Yo viv\u00eda aqu\u00ed<\/em>.&nbsp;En l\u2019\u00e0mbit narratiu \u00e9s autor de <em>Tarde, mal y nunca<\/em> (Premi Brigada 21), <em>Yo fui Johnny Thunders<\/em> (Premi Novelpol i Dashiell Hammett), <em>Taxi<\/em>&nbsp; o el seu \u00faltim llan\u00e7ament <em>Carvalho: problemas de identidad<\/em>, entre altres.<\/p>\n<p>La seva narrativa ha estat tradu\u00efda i publicada als Estats Units, Alemanya, Fran\u00e7a, Holanda, Gr\u00e8cia i It\u00e0lia. Alhora \u00e9s autor de llibres de tem\u00e0tica musical i lletrista per a Loquillo y los Trogloditas, Brighton 64 o P\u00e1jaro. Col\u00b7labora com a articulista, cr\u00edtic musical o literari amb diaris, revistes i sumplements culturals com La Vanguardia, Babelia, El Pa\u00eds, Esquire, TimeOut&nbsp; o Ruta 66 entre altres. Al 2017 va ser nomenat comissari de BCNegra.<\/p>\n<p>[\/et_pb_team_member][\/et_pb_column][\/et_pb_row][et_pb_row make_fullwidth=&#8221;off&#8221; use_custom_width=&#8221;off&#8221; width_unit=&#8221;on&#8221; use_custom_gutter=&#8221;off&#8221; padding_mobile=&#8221;off&#8221; allow_player_pause=&#8221;off&#8221; parallax=&#8221;off&#8221; parallax_method=&#8221;off&#8221; make_equal=&#8221;off&#8221; parallax_1=&#8221;off&#8221; parallax_method_1=&#8221;off&#8221; parallax_2=&#8221;off&#8221; parallax_method_2=&#8221;off&#8221; column_padding_mobile=&#8221;on&#8221; background_position=&#8221;top_left&#8221; background_repeat=&#8221;repeat&#8221; background_size=&#8221;initial&#8221;][et_pb_column type=&#8221;1_2&#8243;][et_pb_team_member name=&#8221;Andrea Valbuena&#8221; use_border_color=&#8221;off&#8221; border_color=&#8221;#ffffff&#8221; border_style=&#8221;solid&#8221; custom_css_main_element=&#8221;padding:40px;&#8221; background_color=&#8221;rgba(234,234,234,0.49)&#8221; custom_css_title=&#8221;margin-bottom:20px;||text-align:center;&#8221; image_url=&#8221;\/poesia\/wp-content\/uploads\/2021\/02\/andrea-1.jpg&#8221; position=&#8221;Professora i escriptora&#8221; background_position=&#8221;top_left&#8221; background_repeat=&#8221;repeat&#8221; background_size=&#8221;initial&#8221; _builder_version=&#8221;3.17.6&#8243;]<\/p>\n<p>Andrea Valbuena naci\u00f3 en Barcelona en 1992 y es graduada en Estudios Ingleses por la Universidad Complutense de Madrid.<\/p>\n<p>Comenz\u00f3 a escribir poes\u00eda y comparti\u00f3 sus primeros poemas creando un blog, a\u00fan activo, llamado Brevedad. A trav\u00e9s de las redes sociales, Andrea empez\u00f3 a hacerse hueco en la literatura y consigui\u00f3 autoeditar dos poemarios.<\/p>\n<p>En 2016, escribe Magoa y logra el I Premio Valparaiso de Poes\u00eda, lo que le permite publicar por vez primera. En 2018 publica su segundo poemario, Si el silencio tomara la palabra. En marzo de 2020 publica su nuevo poemario, Lagrimacer o el acto de derramarse, esta vez de la mano de Verso y Cuento (Penguin Random House).<\/p>\n<p>[\/et_pb_team_member][\/et_pb_column][et_pb_column type=&#8221;1_2&#8243;][et_pb_team_member name=&#8221;Mario Garc\u00eda Obrero&#8221; use_border_color=&#8221;off&#8221; border_color=&#8221;#ffffff&#8221; border_style=&#8221;solid&#8221; custom_css_main_element=&#8221;padding:40px;&#8221; background_color=&#8221;rgba(234,234,234,0.49)&#8221; custom_css_title=&#8221;margin-bottom:20px;||text-align:center;&#8221; background_position=&#8221;top_left&#8221; background_repeat=&#8221;repeat&#8221; background_size=&#8221;initial&#8221; _builder_version=&#8221;3.17.6&#8243; image_url=&#8221;https:\/\/edicion.fundacionoccident.org\/poesia\/wp-content\/uploads\/2026\/02\/mario-garcia-obrero.png&#8221;]<\/p>\n<p>Mario Obrero (Madrid, 2003) ha publicat Fusteria d&#8217;harm\u00f2nics (XIV Premi de Poesia Jove F\u00e9lix Grande; Universitat Popular Jos\u00e9 Hierro, 2018), Aquest soroll ja ocell (Edicions Entric\u00edclopes, 2019), Peachtree City (XXXIII Premi Loewe a la Creaci\u00f3 Jove; Visor, 2021), Cireres sobre la mort (La Bella Vars\u00f2via, 2022), Temps m\u00e0gics (La Bella Vars\u00f2via, 2024) i Amb e de curcusp\u00edn (Anagrama, 2025). Ha col\u00b7laborat amb RTVE en espais de divulgaci\u00f3 de la poesia com Un pa\u00eds per a llegir-lo en La2 on va presentar i va guionitzar les tres primeres temporades. Actualment, participa en el programa Vost\u00e8 Primer de RAC1 . Va rebre el Premi Nacional de Joventut 2023 en la categoria de cultura. Va estudiar Batxillerat d&#8217;Humanitats en l&#8217;IES p\u00fablic La Senda de Getafe. Va ser guardonat amb el Concurs de Poesia Jes\u00fas Serra en la VIII i X edici\u00f3.<\/p>\n<p>[\/et_pb_team_member][\/et_pb_column][\/et_pb_row][et_pb_row make_fullwidth=&#8221;off&#8221; use_custom_width=&#8221;off&#8221; width_unit=&#8221;on&#8221; use_custom_gutter=&#8221;off&#8221; padding_mobile=&#8221;off&#8221; allow_player_pause=&#8221;off&#8221; parallax=&#8221;off&#8221; parallax_method=&#8221;off&#8221; make_equal=&#8221;off&#8221; parallax_1=&#8221;off&#8221; parallax_method_1=&#8221;off&#8221; parallax_2=&#8221;off&#8221; parallax_method_2=&#8221;off&#8221; column_padding_mobile=&#8221;on&#8221; background_position=&#8221;top_left&#8221; background_repeat=&#8221;repeat&#8221; background_size=&#8221;initial&#8221;][et_pb_column type=&#8221;1_2&#8243;][et_pb_team_member name=&#8221;Luna Miguel&#8221; use_border_color=&#8221;off&#8221; border_color=&#8221;#ffffff&#8221; border_style=&#8221;solid&#8221; custom_css_main_element=&#8221;padding:40px;&#8221; background_color=&#8221;rgba(234,234,234,0.49)&#8221; custom_css_title=&#8221;margin-bottom:20px;||text-align:center;&#8221; background_position=&#8221;top_left&#8221; background_repeat=&#8221;repeat&#8221; background_size=&#8221;initial&#8221; _builder_version=&#8221;3.17.6&#8243; image_url=&#8221;\/poesia\/wp-content\/uploads\/2026\/03\/LunaMiguel_CredMonikaSed-1.jpg&#8221;]<\/p>\n<p>Luna Miguel (Alcal\u00e1 de Henares, Madrid, 1990) llegeix, escriu i edita. Ha publicat diversos llibres de poemes, entre els quals destaquen <em>Los est\u00f3magos, Poes\u00eda masculina<\/em> o <em>Un amor espa\u00f1ol<\/em>. Tamb\u00e9 \u00e9s autora del mon\u00f2leg teatral <em>Ternura y derrota<\/em> i dels assajos <em>El coloquio de las perras, Caliente, Leer mata e Incensurable<\/em>.<\/p>\n<p>[\/et_pb_team_member][\/et_pb_column][et_pb_column type=&#8221;1_2&#8243;][et_pb_team_member name=&#8221;P\u00eda Serra Calder\u00f3n&#8221; use_border_color=&#8221;off&#8221; border_color=&#8221;#ffffff&#8221; border_style=&#8221;solid&#8221; custom_css_main_element=&#8221;padding:40px;&#8221; background_color=&#8221;rgba(234,234,234,0.49)&#8221; custom_css_title=&#8221;margin-bottom:20px;||text-align:center;&#8221; background_position=&#8221;top_left&#8221; background_repeat=&#8221;repeat&#8221; background_size=&#8221;initial&#8221; _builder_version=&#8221;3.17.6&#8243; disabled=&#8221;on&#8221; disabled_on=&#8221;on|on|on&#8221;]<\/p>\n<p>\nActua com a secret\u00e0ria i portaveu del jurat. \u00c9s n\u00e9ta d\u2019En Jes\u00fas Serra i Santamans. Membre del jurat del Concurs de poesia Fundaci\u00f3 Occident des de la III edici\u00f3 en 2010.<\/p>\n<p>[\/et_pb_team_member][\/et_pb_column][\/et_pb_row][\/et_pb_section]<\/p>\n","protected":false},"excerpt":{"rendered":"<p>[et_pb_section bb_built=&#8221;1&#8243; admin_label=&#8221;section&#8221;][et_pb_row admin_label=&#8221;row&#8221; background_position=&#8221;top_left&#8221; background_repeat=&#8221;repeat&#8221; background_size=&#8221;initial&#8221;][et_pb_column type=&#8221;4_4&#8243;][et_pb_text use_border_color=&#8221;off&#8221; background_position=&#8221;top_left&#8221; background_repeat=&#8221;repeat&#8221; background_size=&#8221;initial&#8221; _builder_version=&#8221;3.17.6&#8243;] Jurat [\/et_pb_text][\/et_pb_column][\/et_pb_row][et_pb_row make_fullwidth=&#8221;off&#8221; use_custom_width=&#8221;off&#8221; width_unit=&#8221;on&#8221; use_custom_gutter=&#8221;off&#8221; padding_mobile=&#8221;off&#8221; allow_player_pause=&#8221;off&#8221; parallax=&#8221;off&#8221; parallax_method=&#8221;off&#8221; make_equal=&#8221;off&#8221; parallax_1=&#8221;off&#8221; parallax_method_1=&#8221;off&#8221; parallax_2=&#8221;off&#8221; parallax_method_2=&#8221;off&#8221; column_padding_mobile=&#8221;on&#8221; background_position=&#8221;top_left&#8221; background_repeat=&#8221;repeat&#8221; background_size=&#8221;initial&#8221;][et_pb_column type=&#8221;1_2&#8243;][et_pb_team_member name=&#8221;Elena Medel Navarro&#8221; use_border_color=&#8221;off&#8221; custom_css_main_element=&#8221;padding:40px;&#8221; background_color=&#8221;rgba(234,234,234,0.49)&#8221; image_url=&#8221;\/poesia\/wp-content\/uploads\/2025\/01\/elena-medel-malba.jpg&#8221; custom_css_title=&#8221;margin-bottom:20px;||text-align:center;&#8221; position=&#8221;Escriptora. Premi Loewe a la Creaci\u00f3 Jove 2013, Premi Fundaci\u00f3 Princesa de Girona de [&hellip;]<\/p>\n","protected":false},"author":27,"featured_media":0,"parent":0,"menu_order":0,"comment_status":"closed","ping_status":"closed","template":"","meta":{"footnotes":""},"class_list":["post-297","page","type-page","status-publish","hentry"],"yoast_head":"<!-- This site is optimized with the Yoast SEO plugin v26.3 - https:\/\/yoast.com\/wordpress\/plugins\/seo\/ -->\n<title>Presentaci\u00f3 del jurat - Concurs de Poesia<\/title>\n<meta name=\"description\" content=\"Coneix el jurat del Concurs de Poesia Fundaci\u00f3 Jes\u00fas Serra: l&#039;integren escriptors, poetes, novel\u00b7listes i professors de prestigi reconegut.\" \/>\n<meta name=\"robots\" content=\"index, follow, max-snippet:-1, max-image-preview:large, max-video-preview:-1\" \/>\n<link rel=\"canonical\" href=\"https:\/\/edicion.fundacionoccident.org\/poesia\/wp-json\/wp\/v2\/pages\/297\" \/>\n<meta property=\"og:locale\" content=\"es_ES\" \/>\n<meta property=\"og:type\" content=\"article\" \/>\n<meta property=\"og:title\" content=\"Presentaci\u00f3 del jurat - Concurs de Poesia\" \/>\n<meta property=\"og:description\" content=\"Coneix el jurat del Concurs de Poesia Fundaci\u00f3 Jes\u00fas Serra: l&#039;integren escriptors, poetes, novel\u00b7listes i professors de prestigi reconegut.\" \/>\n<meta property=\"og:url\" content=\"https:\/\/edicion.fundacionoccident.org\/poesia\/cat\/jurat\" \/>\n<meta property=\"og:site_name\" content=\"Concurso de Poes\u00eda Jes\u00fas Serra\" \/>\n<meta property=\"article:modified_time\" content=\"2026-03-10T10:32:41+00:00\" \/>\n<meta name=\"twitter:card\" content=\"summary_large_image\" \/>\n<meta name=\"twitter:label1\" content=\"Tiempo de lectura\" \/>\n\t<meta name=\"twitter:data1\" content=\"6 minutos\" \/>\n<!-- \/ Yoast SEO plugin. -->","yoast_head_json":{"title":"Presentaci\u00f3 del jurat - Concurs de Poesia","description":"Coneix el jurat del Concurs de Poesia Fundaci\u00f3 Jes\u00fas Serra: l'integren escriptors, poetes, novel\u00b7listes i professors de prestigi reconegut.","robots":{"index":"index","follow":"follow","max-snippet":"max-snippet:-1","max-image-preview":"max-image-preview:large","max-video-preview":"max-video-preview:-1"},"canonical":"https:\/\/edicion.fundacionoccident.org\/poesia\/wp-json\/wp\/v2\/pages\/297","og_locale":"es_ES","og_type":"article","og_title":"Presentaci\u00f3 del jurat - Concurs de Poesia","og_description":"Coneix el jurat del Concurs de Poesia Fundaci\u00f3 Jes\u00fas Serra: l'integren escriptors, poetes, novel\u00b7listes i professors de prestigi reconegut.","og_url":"https:\/\/edicion.fundacionoccident.org\/poesia\/cat\/jurat","og_site_name":"Concurso de Poes\u00eda Jes\u00fas Serra","article_modified_time":"2026-03-10T10:32:41+00:00","twitter_card":"summary_large_image","twitter_misc":{"Tiempo de lectura":"6 minutos"},"schema":{"@context":"https:\/\/schema.org","@graph":[{"@type":"WebPage","@id":"https:\/\/edicion.fundacionoccident.org\/poesia\/cat\/jurat","url":"https:\/\/edicion.fundacionoccident.org\/poesia\/cat\/jurat","name":"Presentaci\u00f3 del jurat - Concurs de Poesia","isPartOf":{"@id":"https:\/\/edicion.fundacionoccident.org\/poesia\/#website"},"datePublished":"2016-10-22T10:48:54+00:00","dateModified":"2026-03-10T10:32:41+00:00","description":"Coneix el jurat del Concurs de Poesia Fundaci\u00f3 Jes\u00fas Serra: l'integren escriptors, poetes, novel\u00b7listes i professors de prestigi reconegut.","breadcrumb":{"@id":"https:\/\/edicion.fundacionoccident.org\/poesia\/cat\/jurat#breadcrumb"},"inLanguage":"es","potentialAction":[{"@type":"ReadAction","target":["https:\/\/edicion.fundacionoccident.org\/poesia\/cat\/jurat"]}]},{"@type":"BreadcrumbList","@id":"https:\/\/edicion.fundacionoccident.org\/poesia\/cat\/jurat#breadcrumb","itemListElement":[{"@type":"ListItem","position":1,"name":"Inicio \u00bb Concurso de Poes\u00eda","item":"https:\/\/edicion.fundacionoccident.org\/poesia\/"},{"@type":"ListItem","position":2,"name":"Jurat"}]},{"@type":"WebSite","@id":"https:\/\/edicion.fundacionoccident.org\/poesia\/#website","url":"https:\/\/edicion.fundacionoccident.org\/poesia\/","name":"Concurso de Poes\u00eda Jes\u00fas Serra","description":"","potentialAction":[{"@type":"SearchAction","target":{"@type":"EntryPoint","urlTemplate":"https:\/\/edicion.fundacionoccident.org\/poesia\/?s={search_term_string}"},"query-input":{"@type":"PropertyValueSpecification","valueRequired":true,"valueName":"search_term_string"}}],"inLanguage":"es"}]}},"_links":{"self":[{"href":"https:\/\/edicion.fundacionoccident.org\/poesia\/wp-json\/wp\/v2\/pages\/297","targetHints":{"allow":["GET"]}}],"collection":[{"href":"https:\/\/edicion.fundacionoccident.org\/poesia\/wp-json\/wp\/v2\/pages"}],"about":[{"href":"https:\/\/edicion.fundacionoccident.org\/poesia\/wp-json\/wp\/v2\/types\/page"}],"author":[{"embeddable":true,"href":"https:\/\/edicion.fundacionoccident.org\/poesia\/wp-json\/wp\/v2\/users\/27"}],"replies":[{"embeddable":true,"href":"https:\/\/edicion.fundacionoccident.org\/poesia\/wp-json\/wp\/v2\/comments?post=297"}],"version-history":[{"count":68,"href":"https:\/\/edicion.fundacionoccident.org\/poesia\/wp-json\/wp\/v2\/pages\/297\/revisions"}],"predecessor-version":[{"id":16223,"href":"https:\/\/edicion.fundacionoccident.org\/poesia\/wp-json\/wp\/v2\/pages\/297\/revisions\/16223"}],"wp:attachment":[{"href":"https:\/\/edicion.fundacionoccident.org\/poesia\/wp-json\/wp\/v2\/media?parent=297"}],"curies":[{"name":"wp","href":"https:\/\/api.w.org\/{rel}","templated":true}]}}