{"id":1052,"date":"2019-04-28T16:24:37","date_gmt":"2019-04-28T14:24:37","guid":{"rendered":"http:\/\/edicion.fundacionjesusserra.org\/poesia\/\/?page_id=1052"},"modified":"2025-06-10T11:21:06","modified_gmt":"2025-06-10T09:21:06","slug":"videos","status":"publish","type":"page","link":"https:\/\/edicion.fundacionoccident.org\/poesia\/videos","title":{"rendered":"V\u00eddeos"},"content":{"rendered":"<p>[et_pb_section bb_built=&#8221;1&#8243; fullwidth=&#8221;off&#8221; specialty=&#8221;off&#8221;][et_pb_row _builder_version=&#8221;3.17.6&#8243;][et_pb_column type=&#8221;1_3&#8243;][et_pb_text use_border_color=&#8221;off&#8221; custom_css_main_element=&#8221;li {margin-bottom: 20px;}&#8221; disabled=&#8221;off&#8221; background_position=&#8221;top_left&#8221; background_repeat=&#8221;repeat&#8221; background_size=&#8221;initial&#8221; _builder_version=&#8221;3.17.6&#8243;]<\/p>\n<p><span style=\"color: #333333;\"> &gt; V\u00eddeos<\/span><br \/><a href=\"\/poesia\/fotos\"><span style=\"color: #de2641;\"> &gt; Galer\u00eda fotogr\u00e1fica<\/span><\/a><\/p>\n<p>[\/et_pb_text][\/et_pb_column][et_pb_column type=&#8221;2_3&#8243;][et_pb_text _builder_version=&#8221;3.17.6&#8243;]<\/p>\n<h1 style=\"text-align: left;\">V\u00eddeos<\/h1>\n<p>[\/et_pb_text][\/et_pb_column][\/et_pb_row][et_pb_row][et_pb_column type=&#8221;4_4&#8243;][et_pb_divider _builder_version=&#8221;3.17.6&#8243; \/][et_pb_text _builder_version=&#8221;3.17.6&#8243;]<\/p>\n<h3 class=\"title style-scope h3 ytd-video-primary-info-renderer\" style=\"text-align: center;\">XV Concurso de Poes\u00eda Fundaci\u00f3n Occident<\/h3>\n<p>[\/et_pb_text][\/et_pb_column][\/et_pb_row][et_pb_row][et_pb_column type=&#8221;1_3&#8243;][et_pb_video _builder_version=&#8221;3.17.6&#8243; src=&#8221;https:\/\/www.youtube.com\/watch?v=FklG4EqGFJw&#8221; image_src=&#8221;\/\/i.ytimg.com\/vi\/FklG4EqGFJw\/hqdefault.jpg&#8221; \/][et_pb_text _builder_version=&#8221;3.17.6&#8243;]<\/p>\n<p class=\"style-scope ytd-watch-metadata\">XV Concurso de Poes\u00eda Fundaci\u00f3n Occident<\/p>\n<p>[\/et_pb_text][\/et_pb_column][et_pb_column type=&#8221;1_3&#8243;][\/et_pb_column][et_pb_column type=&#8221;1_3&#8243;][\/et_pb_column][\/et_pb_row][et_pb_row][et_pb_column type=&#8221;4_4&#8243;][et_pb_divider _builder_version=&#8221;3.17.6&#8243; \/][et_pb_text _builder_version=&#8221;3.17.6&#8243;]<\/p>\n<h3 class=\"title style-scope h3 ytd-video-primary-info-renderer\" style=\"text-align: center;\">XIV Concurso de Poes\u00eda Fundaci\u00f3n Occident<\/h3>\n<p>[\/et_pb_text][\/et_pb_column][\/et_pb_row][et_pb_row][et_pb_column type=&#8221;1_3&#8243;][et_pb_video _builder_version=&#8221;3.17.6&#8243; src=&#8221;https:\/\/www.youtube.com\/watch?v=ZWIO2-RV9rI&amp;list=PLi1kNoCSE8_B-tPqhSdAeABsBqtwECPUW&#8221; image_src=&#8221;\/\/i.ytimg.com\/vi\/ZWIO2-RV9rI\/hqdefault.jpg&#8221; \/][et_pb_text _builder_version=&#8221;3.17.6&#8243;]<\/p>\n<p class=\"style-scope ytd-watch-metadata\">XIV Concurso de Poes\u00eda Fundaci\u00f3n Occident<\/p>\n<p>[\/et_pb_text][\/et_pb_column][et_pb_column type=&#8221;1_3&#8243;][et_pb_video _builder_version=&#8221;3.17.6&#8243; src=&#8221;https:\/\/www.youtube.com\/watch?v=ebydEs7v7i0&#8243; image_src=&#8221;\/\/i.ytimg.com\/vi\/ebydEs7v7i0\/hqdefault.jpg&#8221; \/][et_pb_text _builder_version=&#8221;3.17.6&#8243;]<\/p>\n<p class=\"style-scope ytd-watch-metadata\">XIV Concurso de Poes\u00eda Fundaci\u00f3n Jesus Serra<\/p>\n<p>[\/et_pb_text][\/et_pb_column][et_pb_column type=&#8221;1_3&#8243;][et_pb_video _builder_version=&#8221;3.17.6&#8243; src=&#8221;https:\/\/www.youtube.com\/watch?v=VetEUbnBm3k&amp;list=PLi1kNoCSE8_B-tPqhSdAeABsBqtwECPUW&#8221; image_src=&#8221;\/\/i.ytimg.com\/vi\/VetEUbnBm3k\/hqdefault.jpg&#8221; \/][et_pb_text _builder_version=&#8221;3.17.6&#8243;]<\/p>\n<p class=\"style-scope ytd-watch-metadata\">Antonio Colinas, ganador del II Premio Especial de Poes\u00eda<\/p>\n<p>[\/et_pb_text][\/et_pb_column][\/et_pb_row][et_pb_row][et_pb_column type=&#8221;1_3&#8243;][et_pb_video _builder_version=&#8221;3.17.6&#8243; src=&#8221;https:\/\/www.youtube.com\/watch?v=F4hCX7g7lMg&#8221; image_src=&#8221;\/\/i.ytimg.com\/vi\/F4hCX7g7lMg\/hqdefault.jpg&#8221; \/][et_pb_text _builder_version=&#8221;3.17.6&#8243;]<\/p>\n<p class=\"style-scope ytd-watch-metadata\">Elena Medel, jurado del Concurso de Poes\u00eda<\/p>\n<p>[\/et_pb_text][\/et_pb_column][et_pb_column type=&#8221;1_3&#8243;][et_pb_video _builder_version=&#8221;3.17.6&#8243; src=&#8221;https:\/\/www.youtube.com\/watch?v=KuH-zkcNb0k&#8221; image_src=&#8221;\/\/i.ytimg.com\/vi\/KuH-zkcNb0k\/hqdefault.jpg&#8221; \/][et_pb_text _builder_version=&#8221;3.17.6&#8243;]<\/p>\n<p class=\"style-scope ytd-watch-metadata\">T\u00e0nia Keukenmeester y Laura Hurtado, ganadoras Cat.B XIV Concurso de Poes\u00eda<\/p>\n<p>[\/et_pb_text][\/et_pb_column][et_pb_column type=&#8221;1_3&#8243;][et_pb_video _builder_version=&#8221;3.17.6&#8243; src=&#8221;https:\/\/www.youtube.com\/watch?v=8yyHZBzqEQc&#8221; image_src=&#8221;\/\/i.ytimg.com\/vi\/8yyHZBzqEQc\/hqdefault.jpg&#8221; \/][et_pb_text _builder_version=&#8221;3.17.6&#8243;]<\/p>\n<p class=\"style-scope ytd-watch-metadata\">Carla Sanmart\u00edn y Noa Abike, ganadoras cat. C del XIV Concurso de Poes\u00eda<\/p>\n<p>[\/et_pb_text][\/et_pb_column][\/et_pb_row][et_pb_row][et_pb_column type=&#8221;4_4&#8243;][et_pb_divider _builder_version=&#8221;3.17.6&#8243; \/][et_pb_text _builder_version=&#8221;3.17.6&#8243;]<\/p>\n<h3 class=\"title style-scope h3 ytd-video-primary-info-renderer\" style=\"text-align: center;\">XIII Concurso de Poes\u00eda Fundaci\u00f3n Occident<\/h3>\n<p>[\/et_pb_text][\/et_pb_column][\/et_pb_row][et_pb_row][et_pb_column type=&#8221;1_3&#8243;][et_pb_video _builder_version=&#8221;3.17.6&#8243; src=&#8221;https:\/\/www.youtube.com\/watch?v=OlF5WHu1afU&amp;list=PLi1kNoCSE8_AgjaJsGEofaxVbOX4dPRZ4&amp;index=1&#8243; image_src=&#8221;\/\/i.ytimg.com\/vi\/OlF5WHu1afU\/hqdefault.jpg&#8221; \/][et_pb_text _builder_version=&#8221;3.17.6&#8243;]<\/p>\n<p>Ganadora B catal\u00e0<\/p>\n<p>[\/et_pb_text][\/et_pb_column][et_pb_column type=&#8221;1_3&#8243;][et_pb_video _builder_version=&#8221;3.17.6&#8243; src=&#8221;https:\/\/www.youtube.com\/watch?v=bPmn7nqENJM&amp;list=PLi1kNoCSE8_AgjaJsGEofaxVbOX4dPRZ4&amp;index=2&#8243; image_src=&#8221;\/\/i.ytimg.com\/vi\/bPmn7nqENJM\/hqdefault.jpg&#8221; \/][et_pb_text _builder_version=&#8221;3.17.6&#8243;]<\/p>\n<p>Elena Medel \u2013 Declaraciones<\/p>\n<p>[\/et_pb_text][\/et_pb_column][et_pb_column type=&#8221;1_3&#8243;][et_pb_video _builder_version=&#8221;3.17.6&#8243; src=&#8221;https:\/\/www.youtube.com\/watch?v=siHJJs14re8&amp;list=PLi1kNoCSE8_AgjaJsGEofaxVbOX4dPRZ4&amp;index=4&#8243; image_src=&#8221;\/\/i.ytimg.com\/vi\/siHJJs14re8\/hqdefault.jpg&#8221; \/][et_pb_text _builder_version=&#8221;3.17.6&#8243;]<\/p>\n<p>Carlos Zanon \u2013 Declaraciones I<\/p>\n<p>[\/et_pb_text][\/et_pb_column][\/et_pb_row][et_pb_row][et_pb_column type=&#8221;1_3&#8243;][et_pb_video _builder_version=&#8221;3.17.6&#8243; src=&#8221;https:\/\/www.youtube.com\/watch?v=WX75TGk_xNk&amp;list=PLi1kNoCSE8_AgjaJsGEofaxVbOX4dPRZ4&amp;index=6&#8243; image_src=&#8221;\/\/i.ytimg.com\/vi\/WX75TGk_xNk\/hqdefault.jpg&#8221; \/][et_pb_text _builder_version=&#8221;3.17.6&#8243;]<\/p>\n<p>Carlos Zanon \u2013 Declaraciones II<\/p>\n<p>[\/et_pb_text][\/et_pb_column][et_pb_column type=&#8221;1_3&#8243;][et_pb_video _builder_version=&#8221;3.17.6&#8243; src=&#8221;https:\/\/www.youtube.com\/watch?v=LdyZmayT28w&amp;list=PLi1kNoCSE8_AgjaJsGEofaxVbOX4dPRZ4&amp;index=3&#8243; image_src=&#8221;\/\/i.ytimg.com\/vi\/LdyZmayT28w\/hqdefault.jpg&#8221; \/][et_pb_text _builder_version=&#8221;3.17.6&#8243;]<\/p>\n<p>Feliu Formosa \u2013 Ganador I Premio Especial<\/p>\n<p>[\/et_pb_text][\/et_pb_column][et_pb_column type=&#8221;1_3&#8243;][et_pb_video _builder_version=&#8221;3.17.6&#8243; src=&#8221;https:\/\/www.youtube.com\/watch?v=WT2vEPLwdJI&amp;list=PLi1kNoCSE8_AgjaJsGEofaxVbOX4dPRZ4&amp;index=7&#8243; image_src=&#8221;\/\/i.ytimg.com\/vi\/WT2vEPLwdJI\/hqdefault.jpg&#8221; \/][et_pb_text _builder_version=&#8221;3.17.6&#8243;]<\/p>\n<p>V\u00eddeo resumen &#8211; Entrega XIII Premios del Concurso de Poes\u00eda<\/p>\n<p>[\/et_pb_text][\/et_pb_column][\/et_pb_row][et_pb_row][et_pb_column type=&#8221;1_3&#8243;][et_pb_video _builder_version=&#8221;3.17.6&#8243; src=&#8221;https:\/\/www.youtube.com\/watch?v=B7y9NNZMm4M&#8221; image_src=&#8221;\/\/i.ytimg.com\/vi\/B7y9NNZMm4M\/hqdefault.jpg&#8221; \/][et_pb_text _builder_version=&#8221;3.17.6&#8243;]<\/p>\n<p>Arleth Abigail, ganadora cat. A en catal\u00e1n del XIII Concurso de Poes\u00eda Fundaci\u00f3n Occident<\/p>\n<p>[\/et_pb_text][\/et_pb_column][et_pb_column type=&#8221;1_3&#8243;][\/et_pb_column][et_pb_column type=&#8221;1_3&#8243;][\/et_pb_column][\/et_pb_row][et_pb_row][et_pb_column type=&#8221;4_4&#8243;][et_pb_divider _builder_version=&#8221;3.17.6&#8243; \/][et_pb_text _builder_version=&#8221;3.17.6&#8243;]<\/p>\n<h3 class=\"title style-scope h3 ytd-video-primary-info-renderer\" style=\"text-align: center;\">XII Concurso de Poes\u00eda Fundaci\u00f3n Occident<\/h3>\n<p>[\/et_pb_text][\/et_pb_column][\/et_pb_row][et_pb_row][et_pb_column type=&#8221;1_3&#8243;][et_pb_video _builder_version=&#8221;3.17.6&#8243; src=&#8221;https:\/\/www.youtube.com\/watch?v=bAdhEBRTlh0&#8243; image_src=&#8221;\/\/i.ytimg.com\/vi\/bAdhEBRTlh0\/hqdefault.jpg&#8221; \/][et_pb_text _builder_version=&#8221;3.17.6&#8243;]<\/p>\n<p>Concurso de Poes\u00eda 2019 \u2013 XII Entrega de premios Fundaci\u00f3n Occident<\/p>\n<p>[\/et_pb_text][\/et_pb_column][et_pb_column type=&#8221;1_3&#8243;][\/et_pb_column][et_pb_column type=&#8221;1_3&#8243;][\/et_pb_column][\/et_pb_row][et_pb_row][et_pb_column type=&#8221;1_3&#8243;][\/et_pb_column][et_pb_column type=&#8221;1_3&#8243;][\/et_pb_column][et_pb_column type=&#8221;1_3&#8243;][\/et_pb_column][\/et_pb_row][et_pb_row][et_pb_column type=&#8221;4_4&#8243;][et_pb_divider _builder_version=&#8221;3.17.6&#8243; \/][et_pb_text _builder_version=&#8221;3.17.6&#8243;]<\/p>\n<h3 class=\"title style-scope h3 ytd-video-primary-info-renderer\" style=\"text-align: center;\">XI Concurso de Poes\u00eda Fundaci\u00f3n Occident<\/h3>\n<p>[\/et_pb_text][\/et_pb_column][\/et_pb_row][et_pb_row][et_pb_column type=&#8221;1_3&#8243;][et_pb_video _builder_version=&#8221;3.17.6&#8243; src=&#8221;https:\/\/www.youtube.com\/watch?v=U87nUgoXyHY&#8221; image_src=&#8221;\/\/i.ytimg.com\/vi\/U87nUgoXyHY\/hqdefault.jpg&#8221; \/][et_pb_text _builder_version=&#8221;3.17.6&#8243;]<\/p>\n<p>XI Concurso Poesi\u0301a Fundacio\u0301n Jesu\u0301s Serra<\/p>\n<p>[\/et_pb_text][\/et_pb_column][et_pb_column type=&#8221;1_3&#8243;][et_pb_video _builder_version=&#8221;3.17.6&#8243; src=&#8221;https:\/\/player.vimeo.com\/video\/341567622&#8243; image_src=&#8221;\/poesia\/wp-content\/uploads\/2021\/04\/XI-Concurso-de-Poesia-Fundacion-Jesus-Serra-con-ganadores.png&#8221; \/][et_pb_text _builder_version=&#8221;3.17.6&#8243;]<\/p>\n<p>XI ConcursO de Poes\u00eda Fundaci\u00f3n Jesus Serra con ganadores<\/p>\n<p>[\/et_pb_text][\/et_pb_column][et_pb_column type=&#8221;1_3&#8243;][et_pb_video _builder_version=&#8221;3.17.6&#8243; src=&#8221;https:\/\/www.youtube.com\/watch?v=rjrtgUVu8x4&#8243; image_src=&#8221;\/\/i.ytimg.com\/vi\/rjrtgUVu8x4\/hqdefault.jpg&#8221; disabled=&#8221;on&#8221; disabled_on=&#8221;on|on|on&#8221; \/][et_pb_text _builder_version=&#8221;3.17.6&#8243; disabled=&#8221;on&#8221; disabled_on=&#8221;on|on|on&#8221;]<\/p>\n<p>Adria\u0300 Iba\u0301n\u0303ez, ganador categori\u0301a B castellano XI Concurso Poesi\u0301a Fundacio\u0301n Jesu\u0301s Serra<\/p>\n<p>[\/et_pb_text][\/et_pb_column][\/et_pb_row][et_pb_row][et_pb_column type=&#8221;4_4&#8243;][et_pb_divider _builder_version=&#8221;3.17.6&#8243; \/][et_pb_text _builder_version=&#8221;3.17.6&#8243;]<\/p>\n<h3 class=\"title style-scope h3 ytd-video-primary-info-renderer\" style=\"text-align: center;\">X Concurso de Poes\u00eda Fundaci\u00f3n Occident<\/h3>\n<p>[\/et_pb_text][\/et_pb_column][\/et_pb_row][et_pb_row][et_pb_column type=&#8221;1_3&#8243;][et_pb_video _builder_version=&#8221;3.17.6&#8243; src=&#8221;https:\/\/www.youtube.com\/watch?v=uimpfkMrPf8&#8243; image_src=&#8221;\/\/i.ytimg.com\/vi\/uimpfkMrPf8\/hqdefault.jpg&#8221; \/][et_pb_text _builder_version=&#8221;3.17.6&#8243;]<\/p>\n<p>Mario Garc\u00eda Obrero, guanyador cat. C en castell\u00e0<\/p>\n<p>[\/et_pb_text][\/et_pb_column][et_pb_column type=&#8221;1_3&#8243;][\/et_pb_column][et_pb_column type=&#8221;1_3&#8243;][\/et_pb_column][\/et_pb_row][et_pb_row][et_pb_column type=&#8221;4_4&#8243;][et_pb_divider _builder_version=&#8221;3.17.6&#8243; \/][et_pb_text _builder_version=&#8221;3.17.6&#8243;]<\/p>\n<h3 class=\"title style-scope h3 ytd-video-primary-info-renderer\" style=\"text-align: center;\">VIII Concurso de Poes\u00eda Fundaci\u00f3n Occident<\/h3>\n<p>[\/et_pb_text][\/et_pb_column][\/et_pb_row][et_pb_row][et_pb_column type=&#8221;1_3&#8243;][et_pb_video _builder_version=&#8221;3.17.6&#8243; src=&#8221;https:\/\/www.youtube.com\/watch?v=MZV5acWsSbA&#8221; image_src=&#8221;\/\/i.ytimg.com\/vi\/MZV5acWsSbA\/hqdefault.jpg&#8221; \/][et_pb_text _builder_version=&#8221;3.17.6&#8243;]<\/p>\n<p>Mario Garc\u00eda Obrero, guanyador cat. C en castell\u00e0<\/p>\n<p>[\/et_pb_text][\/et_pb_column][et_pb_column type=&#8221;1_3&#8243;][et_pb_video _builder_version=&#8221;3.17.6&#8243; src=&#8221;https:\/\/www.youtube.com\/watch?v=A4y5yn7WArs&#8221; image_src=&#8221;\/\/i.ytimg.com\/vi\/A4y5yn7WArs\/hqdefault.jpg&#8221; \/][et_pb_text _builder_version=&#8221;3.17.6&#8243;]<\/p>\n<p class=\"title style-scope ytd-video-primary-info-renderer\">Carmen Mar\u00eda, ganadora cat. B en castellano\u00a0<\/p>\n<p>[\/et_pb_text][\/et_pb_column][et_pb_column type=&#8221;1_3&#8243;][\/et_pb_column][\/et_pb_row][et_pb_row][et_pb_column type=&#8221;4_4&#8243;][et_pb_divider _builder_version=&#8221;3.17.6&#8243; \/][et_pb_text _builder_version=&#8221;3.17.6&#8243;]<\/p>\n<h3 class=\"title style-scope h3 ytd-video-primary-info-renderer\" style=\"text-align: center;\">VII Concurso de Poes\u00eda Fundaci\u00f3n Occident<\/h3>\n<p>[\/et_pb_text][\/et_pb_column][\/et_pb_row][et_pb_row][et_pb_column type=&#8221;1_3&#8243;][et_pb_video _builder_version=&#8221;3.17.6&#8243; src=&#8221;https:\/\/www.youtube.com\/watch?v=gg-vphpPxK0&#8243; image_src=&#8221;\/\/i.ytimg.com\/vi\/gg-vphpPxK0\/hqdefault.jpg&#8221; \/][et_pb_text _builder_version=&#8221;3.17.6&#8243;]<\/p>\n<p class=\"title style-scope ytd-video-primary-info-renderer\">Andr\u00e9s Aveda\u00f1o, ganador cat. B en castellano<\/p>\n<p>[\/et_pb_text][\/et_pb_column][et_pb_column type=&#8221;1_3&#8243;][et_pb_video _builder_version=&#8221;3.17.6&#8243; src=&#8221;https:\/\/www.youtube.com\/watch?v=2rmKlSjUMG0&#8243; image_src=&#8221;\/\/i.ytimg.com\/vi\/2rmKlSjUMG0\/hqdefault.jpg&#8221; \/][et_pb_text _builder_version=&#8221;3.17.6&#8243;]<\/p>\n<p>Manuel Alonso, ganador cat. A en castellano<\/p>\n<p>[\/et_pb_text][\/et_pb_column][et_pb_column type=&#8221;1_3&#8243;][et_pb_video _builder_version=&#8221;3.17.6&#8243; src=&#8221;https:\/\/www.youtube.com\/watch?v=yoQYw-JWnd8&#8243; image_src=&#8221;\/\/i.ytimg.com\/vi\/yoQYw-JWnd8\/hqdefault.jpg&#8221; \/][et_pb_text _builder_version=&#8221;3.17.6&#8243;]<\/p>\n<p>Paula Najm\u00edas, ganadora cat. C en castellano<\/p>\n<p>[\/et_pb_text][\/et_pb_column][\/et_pb_row][\/et_pb_section]<\/p>\n","protected":false},"excerpt":{"rendered":"<p>[et_pb_section bb_built=&#8221;1&#8243; fullwidth=&#8221;off&#8221; specialty=&#8221;off&#8221;][et_pb_row _builder_version=&#8221;3.17.6&#8243;][et_pb_column type=&#8221;1_3&#8243;][et_pb_text use_border_color=&#8221;off&#8221; custom_css_main_element=&#8221;li {margin-bottom: 20px;}&#8221; disabled=&#8221;off&#8221; background_position=&#8221;top_left&#8221; background_repeat=&#8221;repeat&#8221; background_size=&#8221;initial&#8221; _builder_version=&#8221;3.17.6&#8243;] &gt; V\u00eddeos &gt; Galer\u00eda fotogr\u00e1fica [\/et_pb_text][\/et_pb_column][et_pb_column type=&#8221;2_3&#8243;][et_pb_text _builder_version=&#8221;3.17.6&#8243;] V\u00eddeos [\/et_pb_text][\/et_pb_column][\/et_pb_row][et_pb_row][et_pb_column type=&#8221;4_4&#8243;][et_pb_divider _builder_version=&#8221;3.17.6&#8243; \/][et_pb_text _builder_version=&#8221;3.17.6&#8243;] XV Concurso de Poes\u00eda Fundaci\u00f3n Occident [\/et_pb_text][\/et_pb_column][\/et_pb_row][et_pb_row][et_pb_column type=&#8221;1_3&#8243;][et_pb_video _builder_version=&#8221;3.17.6&#8243; src=&#8221;https:\/\/www.youtube.com\/watch?v=FklG4EqGFJw&#8221; image_src=&#8221;\/\/i.ytimg.com\/vi\/FklG4EqGFJw\/hqdefault.jpg&#8221; \/][et_pb_text _builder_version=&#8221;3.17.6&#8243;] XV Concurso de Poes\u00eda Fundaci\u00f3n Occident [\/et_pb_text][\/et_pb_column][et_pb_column type=&#8221;1_3&#8243;][\/et_pb_column][et_pb_column type=&#8221;1_3&#8243;][\/et_pb_column][\/et_pb_row][et_pb_row][et_pb_column type=&#8221;4_4&#8243;][et_pb_divider _builder_version=&#8221;3.17.6&#8243; \/][et_pb_text _builder_version=&#8221;3.17.6&#8243;] [&hellip;]<\/p>\n","protected":false},"author":27,"featured_media":0,"parent":0,"menu_order":0,"comment_status":"closed","ping_status":"closed","template":"","meta":{"footnotes":""},"class_list":["post-1052","page","type-page","status-publish","hentry"],"yoast_head":"<!-- This site is optimized with the Yoast SEO plugin v26.3 - https:\/\/yoast.com\/wordpress\/plugins\/seo\/ -->\n<title>Galer\u00eda de V\u00eddeos del evento - Concurso de Poes\u00eda<\/title>\n<meta name=\"description\" content=\"En nuestra galer\u00eda encontrar\u00e1s todos los v\u00eddeos de los eventos, las entregas y los ganadores del Concurso de Poes\u00eda de la Fundaci\u00f3n Jes\u00fas Serra.\" \/>\n<meta name=\"robots\" content=\"index, follow, max-snippet:-1, max-image-preview:large, max-video-preview:-1\" \/>\n<link rel=\"canonical\" href=\"https:\/\/edicion.fundacionoccident.org\/poesia\/wp-json\/wp\/v2\/pages\/1052\" \/>\n<meta property=\"og:locale\" content=\"es_ES\" \/>\n<meta property=\"og:type\" content=\"article\" \/>\n<meta property=\"og:title\" content=\"Galer\u00eda de V\u00eddeos del evento - Concurso de Poes\u00eda\" \/>\n<meta property=\"og:description\" content=\"En nuestra galer\u00eda encontrar\u00e1s todos los v\u00eddeos de los eventos, las entregas y los ganadores del Concurso de Poes\u00eda de la Fundaci\u00f3n Jes\u00fas Serra.\" \/>\n<meta property=\"og:url\" content=\"https:\/\/edicion.fundacionoccident.org\/poesia\/videos\" \/>\n<meta property=\"og:site_name\" content=\"Concurso de Poes\u00eda Jes\u00fas Serra\" \/>\n<meta property=\"article:modified_time\" content=\"2025-06-10T09:21:06+00:00\" \/>\n<meta name=\"twitter:card\" content=\"summary_large_image\" \/>\n<meta name=\"twitter:label1\" content=\"Tiempo de lectura\" \/>\n\t<meta name=\"twitter:data1\" content=\"9 minutos\" \/>\n<!-- \/ Yoast SEO plugin. -->","yoast_head_json":{"title":"Galer\u00eda de V\u00eddeos del evento - Concurso de Poes\u00eda","description":"En nuestra galer\u00eda encontrar\u00e1s todos los v\u00eddeos de los eventos, las entregas y los ganadores del Concurso de Poes\u00eda de la Fundaci\u00f3n Jes\u00fas Serra.","robots":{"index":"index","follow":"follow","max-snippet":"max-snippet:-1","max-image-preview":"max-image-preview:large","max-video-preview":"max-video-preview:-1"},"canonical":"https:\/\/edicion.fundacionoccident.org\/poesia\/wp-json\/wp\/v2\/pages\/1052","og_locale":"es_ES","og_type":"article","og_title":"Galer\u00eda de V\u00eddeos del evento - Concurso de Poes\u00eda","og_description":"En nuestra galer\u00eda encontrar\u00e1s todos los v\u00eddeos de los eventos, las entregas y los ganadores del Concurso de Poes\u00eda de la Fundaci\u00f3n Jes\u00fas Serra.","og_url":"https:\/\/edicion.fundacionoccident.org\/poesia\/videos","og_site_name":"Concurso de Poes\u00eda Jes\u00fas Serra","article_modified_time":"2025-06-10T09:21:06+00:00","twitter_card":"summary_large_image","twitter_misc":{"Tiempo de lectura":"9 minutos"},"schema":{"@context":"https:\/\/schema.org","@graph":[{"@type":"WebPage","@id":"https:\/\/edicion.fundacionoccident.org\/poesia\/videos","url":"https:\/\/edicion.fundacionoccident.org\/poesia\/videos","name":"Galer\u00eda de V\u00eddeos del evento - Concurso de Poes\u00eda","isPartOf":{"@id":"https:\/\/edicion.fundacionoccident.org\/poesia\/#website"},"datePublished":"2019-04-28T14:24:37+00:00","dateModified":"2025-06-10T09:21:06+00:00","description":"En nuestra galer\u00eda encontrar\u00e1s todos los v\u00eddeos de los eventos, las entregas y los ganadores del Concurso de Poes\u00eda de la Fundaci\u00f3n Jes\u00fas Serra.","breadcrumb":{"@id":"https:\/\/edicion.fundacionoccident.org\/poesia\/videos#breadcrumb"},"inLanguage":"es","potentialAction":[{"@type":"ReadAction","target":["https:\/\/edicion.fundacionoccident.org\/poesia\/videos"]}]},{"@type":"BreadcrumbList","@id":"https:\/\/edicion.fundacionoccident.org\/poesia\/videos#breadcrumb","itemListElement":[{"@type":"ListItem","position":1,"name":"Inicio \u00bb Concurso de Poes\u00eda","item":"https:\/\/edicion.fundacionoccident.org\/poesia\/"},{"@type":"ListItem","position":2,"name":"V\u00eddeos"}]},{"@type":"WebSite","@id":"https:\/\/edicion.fundacionoccident.org\/poesia\/#website","url":"https:\/\/edicion.fundacionoccident.org\/poesia\/","name":"Concurso de Poes\u00eda Jes\u00fas Serra","description":"","potentialAction":[{"@type":"SearchAction","target":{"@type":"EntryPoint","urlTemplate":"https:\/\/edicion.fundacionoccident.org\/poesia\/?s={search_term_string}"},"query-input":{"@type":"PropertyValueSpecification","valueRequired":true,"valueName":"search_term_string"}}],"inLanguage":"es"}]}},"_links":{"self":[{"href":"https:\/\/edicion.fundacionoccident.org\/poesia\/wp-json\/wp\/v2\/pages\/1052","targetHints":{"allow":["GET"]}}],"collection":[{"href":"https:\/\/edicion.fundacionoccident.org\/poesia\/wp-json\/wp\/v2\/pages"}],"about":[{"href":"https:\/\/edicion.fundacionoccident.org\/poesia\/wp-json\/wp\/v2\/types\/page"}],"author":[{"embeddable":true,"href":"https:\/\/edicion.fundacionoccident.org\/poesia\/wp-json\/wp\/v2\/users\/27"}],"replies":[{"embeddable":true,"href":"https:\/\/edicion.fundacionoccident.org\/poesia\/wp-json\/wp\/v2\/comments?post=1052"}],"version-history":[{"count":62,"href":"https:\/\/edicion.fundacionoccident.org\/poesia\/wp-json\/wp\/v2\/pages\/1052\/revisions"}],"predecessor-version":[{"id":16025,"href":"https:\/\/edicion.fundacionoccident.org\/poesia\/wp-json\/wp\/v2\/pages\/1052\/revisions\/16025"}],"wp:attachment":[{"href":"https:\/\/edicion.fundacionoccident.org\/poesia\/wp-json\/wp\/v2\/media?parent=1052"}],"curies":[{"name":"wp","href":"https:\/\/api.w.org\/{rel}","templated":true}]}}