{"id":12571,"date":"2024-06-19T14:48:23","date_gmt":"2024-06-19T12:48:23","guid":{"rendered":"https:\/\/edicion.fundacionoccident.org\/poesia\/ganadores\/categoria-c-castellano-copy"},"modified":"2025-06-19T13:05:40","modified_gmt":"2025-06-19T11:05:40","slug":"categoria-infantil-castellano","status":"publish","type":"page","link":"https:\/\/edicion.fundacionoccident.org\/poesia\/ganadores\/categoria-infantil-castellano","title":{"rendered":"Categor\u00eda Infantil Castellano"},"content":{"rendered":"<p>[et_pb_section bb_built=&#8221;1&#8243;][et_pb_row][et_pb_column type=&#8221;4_4&#8243;][et_pb_text _builder_version=&#8221;3.17.6&#8243;]<\/p>\n<div style=\"max-width: 800px; margin: 0 auto; text-align: center;\">\n<h1 style=\"text-align: center;\">CASTELLANO &#8211; categor\u00eda Infantil<\/h1>\n<p>&nbsp;<\/p>\n<h3><b>Emilia<\/b><\/h3>\n<h3><\/h3>\n<p><span style=\"font-weight: 400;\">Me acuerdo mucho de ella,<\/span><br \/>\n<span style=\"font-weight: 400;\">cuando \u00edbamos a pasear juntas,<\/span><br \/>\n<span style=\"font-weight: 400;\">esas tardes en el parque,<\/span><br \/>\n<span style=\"font-weight: 400;\">con sus amigas, muchas tambi\u00e9n difuntas.<\/span><br \/>\n<span style=\"font-weight: 400;\">La muerte duele,<\/span><br \/>\n<span style=\"font-weight: 400;\">como si te faltara el aire,<\/span><br \/>\n<span style=\"font-weight: 400;\">tuvieras un nudo en la garganta y<\/span><br \/>\n<span style=\"font-weight: 400;\">quisieras llorar,<\/span><br \/>\n<span style=\"font-weight: 400;\">llorar hasta que se te secaran los ojos.<\/span><br \/>\n<span style=\"font-weight: 400;\">Me acuerdo de ella por las ma\u00f1anas,<\/span><br \/>\n<span style=\"font-weight: 400;\">por el mediod\u00eda,<\/span><br \/>\n<span style=\"font-weight: 400;\">pero sobre todo las noches<\/span><br \/>\n<span style=\"font-weight: 400;\">de todos los d\u00edas.<\/span><br \/>\n<span style=\"font-weight: 400;\">C\u00f3mo echo de menos sus crespillos,<\/span><br \/>\n<span style=\"font-weight: 400;\">su sopa,<\/span><br \/>\n<span style=\"font-weight: 400;\">las Navidades con los pastillos.<\/span><br \/>\n<span style=\"font-weight: 400;\">Esa tortilla que siempre me hac\u00eda,<\/span><br \/>\n<span style=\"font-weight: 400;\">aunque fuera mucho trabajo,<\/span><br \/>\n<span style=\"font-weight: 400;\">por muy cansada que estuviera.<\/span><br \/>\n<span style=\"font-weight: 400;\">Le encantaba y le hac\u00eda feliz<\/span><br \/>\n<span style=\"font-weight: 400;\">el simple hecho de verme sonre\u00edr.<\/span><br \/>\n<span style=\"font-weight: 400;\">Era tozuda, cabezota y le costaba<\/span><br \/>\n<span style=\"font-weight: 400;\">mantenerse en pie estable,<\/span><br \/>\n<span style=\"font-weight: 400;\">pero, con el cari\u00f1o que por ella todos mostraban,<\/span><br \/>\n<span style=\"font-weight: 400;\">lo consegu\u00eda. Era admirable.<\/span><br \/>\n<span style=\"font-weight: 400;\">Siempre pendiente de recoger la mesa,<\/span><br \/>\n<span style=\"font-weight: 400;\">fregar la casa<\/span><br \/>\n<span style=\"font-weight: 400;\">o sacudir la alfombra.<\/span><br \/>\n<span style=\"font-weight: 400;\">Si descansaba era una sorpresa.<\/span><br \/>\n<span style=\"font-weight: 400;\">Solo ahora me doy cuenta<\/span><br \/>\n<span style=\"font-weight: 400;\">de lo buena que era,<\/span><br \/>\n<span style=\"font-weight: 400;\">de todos los sacrificios que hizo<\/span><br \/>\n<span style=\"font-weight: 400;\">por nosotros y por quien fuera.<\/span><br \/>\n<span style=\"font-weight: 400;\">Tengo la sensaci\u00f3n<\/span><br \/>\n<span style=\"font-weight: 400;\">de que no pas\u00e9 mucho tiempo con ella.<\/span><br \/>\n<span style=\"font-weight: 400;\">Si pudi\u00e9ramos volver al huerto,<\/span><br \/>\n<span style=\"font-weight: 400;\">dar largos paseos recogiendo moras,<\/span><br \/>\n<span style=\"font-weight: 400;\">desayunar juntas cuando me despierto.<\/span><br \/>\n<span style=\"font-weight: 400;\">C\u00f3mo me gustar\u00eda<\/span><br \/>\n<span style=\"font-weight: 400;\">volver al banco azul y sentarme junto a ella.<\/span><br \/>\n<span style=\"font-weight: 400;\">Abrazarla a todas horas.<\/span><br \/>\n<span style=\"font-weight: 400;\">Si le pudiera decir una \u00faltima cosa, ser\u00eda:<\/span><br \/>\n<span style=\"font-weight: 400;\">Yaya, te quiero, m\u00e1s de lo que te puedas imaginar,<\/span><br \/>\n<span style=\"font-weight: 400;\">siempre te voy a querer y nunca te voy a olvidar.<\/span><\/p>\n<p style=\"text-align: right;\">Anna Salichs Raso<\/p>\n<h3><\/h3>\n<p><\/span><\/span><\/span><\/div>\n<p>[\/et_pb_text][\/et_pb_column][\/et_pb_row][\/et_pb_section]<\/p>\n","protected":false},"excerpt":{"rendered":"<p>[et_pb_section bb_built=&#8221;1&#8243;][et_pb_row][et_pb_column type=&#8221;4_4&#8243;][et_pb_text _builder_version=&#8221;3.17.6&#8243;] CASTELLANO &#8211; categor\u00eda Infantil &nbsp; Emilia Me acuerdo mucho de ella, cuando \u00edbamos a pasear juntas, esas tardes en el parque, con sus amigas, muchas tambi\u00e9n difuntas. La muerte duele, como si te faltara el aire, tuvieras un nudo en la garganta y quisieras llorar, llorar hasta que se te secaran [&hellip;]<\/p>\n","protected":false},"author":17,"featured_media":0,"parent":11,"menu_order":0,"comment_status":"closed","ping_status":"closed","template":"","meta":{"footnotes":""},"class_list":["post-12571","page","type-page","status-publish","hentry"],"yoast_head":"<!-- This site is optimized with the Yoast SEO plugin v26.3 - https:\/\/yoast.com\/wordpress\/plugins\/seo\/ -->\n<title>Categor\u00eda Infantil - Concurso de Poes\u00eda Jes\u00fas Serra<\/title>\n<meta name=\"robots\" content=\"index, follow, max-snippet:-1, max-image-preview:large, max-video-preview:-1\" \/>\n<link rel=\"canonical\" href=\"https:\/\/edicion.fundacionoccident.org\/poesia\/wp-json\/wp\/v2\/pages\/12571\" \/>\n<meta property=\"og:locale\" content=\"es_ES\" \/>\n<meta property=\"og:type\" content=\"article\" \/>\n<meta property=\"og:title\" content=\"Categor\u00eda Infantil - Concurso de Poes\u00eda Jes\u00fas Serra\" \/>\n<meta property=\"og:description\" content=\"[et_pb_section bb_built=&#8221;1&#8243;][et_pb_row][et_pb_column type=&#8221;4_4&#8243;][et_pb_text _builder_version=&#8221;3.17.6&#8243;] CASTELLANO &#8211; categor\u00eda Infantil &nbsp; Emilia Me acuerdo mucho de ella, cuando \u00edbamos a pasear juntas, esas tardes en el parque, con sus amigas, muchas tambi\u00e9n difuntas. La muerte duele, como si te faltara el aire, tuvieras un nudo en la garganta y quisieras llorar, llorar hasta que se te secaran [&hellip;]\" \/>\n<meta property=\"og:url\" content=\"https:\/\/edicion.fundacionoccident.org\/poesia\/ganadores\/categoria-infantil-castellano\" \/>\n<meta property=\"og:site_name\" content=\"Concurso de Poes\u00eda Jes\u00fas Serra\" \/>\n<meta property=\"article:modified_time\" content=\"2025-06-19T11:05:40+00:00\" \/>\n<meta name=\"twitter:card\" content=\"summary_large_image\" \/>\n<meta name=\"twitter:label1\" content=\"Tiempo de lectura\" \/>\n\t<meta name=\"twitter:data1\" content=\"1 minuto\" \/>\n<!-- \/ Yoast SEO plugin. -->","yoast_head_json":{"title":"Categor\u00eda Infantil - Concurso de Poes\u00eda Jes\u00fas Serra","robots":{"index":"index","follow":"follow","max-snippet":"max-snippet:-1","max-image-preview":"max-image-preview:large","max-video-preview":"max-video-preview:-1"},"canonical":"https:\/\/edicion.fundacionoccident.org\/poesia\/wp-json\/wp\/v2\/pages\/12571","og_locale":"es_ES","og_type":"article","og_title":"Categor\u00eda Infantil - Concurso de Poes\u00eda Jes\u00fas Serra","og_description":"[et_pb_section bb_built=&#8221;1&#8243;][et_pb_row][et_pb_column type=&#8221;4_4&#8243;][et_pb_text _builder_version=&#8221;3.17.6&#8243;] CASTELLANO &#8211; categor\u00eda Infantil &nbsp; Emilia Me acuerdo mucho de ella, cuando \u00edbamos a pasear juntas, esas tardes en el parque, con sus amigas, muchas tambi\u00e9n difuntas. La muerte duele, como si te faltara el aire, tuvieras un nudo en la garganta y quisieras llorar, llorar hasta que se te secaran [&hellip;]","og_url":"https:\/\/edicion.fundacionoccident.org\/poesia\/ganadores\/categoria-infantil-castellano","og_site_name":"Concurso de Poes\u00eda Jes\u00fas Serra","article_modified_time":"2025-06-19T11:05:40+00:00","twitter_card":"summary_large_image","twitter_misc":{"Tiempo de lectura":"1 minuto"},"schema":{"@context":"https:\/\/schema.org","@graph":[{"@type":"WebPage","@id":"https:\/\/edicion.fundacionoccident.org\/poesia\/ganadores\/categoria-infantil-castellano","url":"https:\/\/edicion.fundacionoccident.org\/poesia\/ganadores\/categoria-infantil-castellano","name":"Categor\u00eda Infantil - Concurso de Poes\u00eda Jes\u00fas Serra","isPartOf":{"@id":"https:\/\/edicion.fundacionoccident.org\/poesia\/#website"},"datePublished":"2024-06-19T12:48:23+00:00","dateModified":"2025-06-19T11:05:40+00:00","breadcrumb":{"@id":"https:\/\/edicion.fundacionoccident.org\/poesia\/ganadores\/categoria-infantil-castellano#breadcrumb"},"inLanguage":"es","potentialAction":[{"@type":"ReadAction","target":["https:\/\/edicion.fundacionoccident.org\/poesia\/ganadores\/categoria-infantil-castellano"]}]},{"@type":"BreadcrumbList","@id":"https:\/\/edicion.fundacionoccident.org\/poesia\/ganadores\/categoria-infantil-castellano#breadcrumb","itemListElement":[{"@type":"ListItem","position":1,"name":"Inicio \u00bb Concurso de Poes\u00eda","item":"https:\/\/edicion.fundacionoccident.org\/poesia\/"},{"@type":"ListItem","position":2,"name":"Ganadores","item":"https:\/\/edicion.fundacionoccident.org\/poesia\/ganadores"},{"@type":"ListItem","position":3,"name":"Categor\u00eda Infantil Castellano"}]},{"@type":"WebSite","@id":"https:\/\/edicion.fundacionoccident.org\/poesia\/#website","url":"https:\/\/edicion.fundacionoccident.org\/poesia\/","name":"Concurso de Poes\u00eda Jes\u00fas Serra","description":"","potentialAction":[{"@type":"SearchAction","target":{"@type":"EntryPoint","urlTemplate":"https:\/\/edicion.fundacionoccident.org\/poesia\/?s={search_term_string}"},"query-input":{"@type":"PropertyValueSpecification","valueRequired":true,"valueName":"search_term_string"}}],"inLanguage":"es"}]}},"_links":{"self":[{"href":"https:\/\/edicion.fundacionoccident.org\/poesia\/wp-json\/wp\/v2\/pages\/12571","targetHints":{"allow":["GET"]}}],"collection":[{"href":"https:\/\/edicion.fundacionoccident.org\/poesia\/wp-json\/wp\/v2\/pages"}],"about":[{"href":"https:\/\/edicion.fundacionoccident.org\/poesia\/wp-json\/wp\/v2\/types\/page"}],"author":[{"embeddable":true,"href":"https:\/\/edicion.fundacionoccident.org\/poesia\/wp-json\/wp\/v2\/users\/17"}],"replies":[{"embeddable":true,"href":"https:\/\/edicion.fundacionoccident.org\/poesia\/wp-json\/wp\/v2\/comments?post=12571"}],"version-history":[{"count":4,"href":"https:\/\/edicion.fundacionoccident.org\/poesia\/wp-json\/wp\/v2\/pages\/12571\/revisions"}],"predecessor-version":[{"id":16077,"href":"https:\/\/edicion.fundacionoccident.org\/poesia\/wp-json\/wp\/v2\/pages\/12571\/revisions\/16077"}],"up":[{"embeddable":true,"href":"https:\/\/edicion.fundacionoccident.org\/poesia\/wp-json\/wp\/v2\/pages\/11"}],"wp:attachment":[{"href":"https:\/\/edicion.fundacionoccident.org\/poesia\/wp-json\/wp\/v2\/media?parent=12571"}],"curies":[{"name":"wp","href":"https:\/\/api.w.org\/{rel}","templated":true}]}}