{"id":2457,"date":"2022-02-04T09:59:31","date_gmt":"2022-02-04T08:59:31","guid":{"rendered":"https:\/\/edicion.fundacionjesusserra.org\/poesia\/?page_id=2457"},"modified":"2025-02-06T13:29:56","modified_gmt":"2025-02-06T12:29:56","slug":"confirmacion-de-participacion","status":"publish","type":"page","link":"https:\/\/edicion.fundacionoccident.org\/poesia\/confirmacion-de-participacion","title":{"rendered":"Confirmaci\u00f3n de participaci\u00f3n"},"content":{"rendered":"<p>Los datos se han enviado correctamente.<\/p>\n<p>Recibir\u00e1s un correo electr\u00f3nico de confirmaci\u00f3n.<\/p>\n<p>Gracias por participar en el XVIII Concurso de Poes\u00eda Jes\u00fas Serra de Fundaci\u00f3n Occident.<\/p>\n<p>&nbsp;<\/p>\n<p>&nbsp;<\/p>\n<p>&nbsp;<\/p>\n<p>&nbsp;<\/p>\n<p>&nbsp;<\/p>\n<p>&nbsp;<\/p>\n<p>&nbsp;<\/p>\n","protected":false},"excerpt":{"rendered":"<p>Los datos se han enviado correctamente. Recibir\u00e1s un correo electr\u00f3nico de confirmaci\u00f3n. Gracias por participar en el XVIII Concurso de Poes\u00eda Jes\u00fas Serra de Fundaci\u00f3n Occident. &nbsp; &nbsp; &nbsp; &nbsp; &nbsp; &nbsp; &nbsp;<\/p>\n","protected":false},"author":13,"featured_media":0,"parent":0,"menu_order":0,"comment_status":"closed","ping_status":"closed","template":"","meta":{"footnotes":""},"class_list":["post-2457","page","type-page","status-publish","hentry"],"yoast_head":"<!-- This site is optimized with the Yoast SEO plugin v26.3 - https:\/\/yoast.com\/wordpress\/plugins\/seo\/ -->\n<title>Confirmaci\u00f3n de participaci\u00f3n - Concurso de Poes\u00eda Jes\u00fas Serra<\/title>\n<meta name=\"robots\" content=\"index, follow, max-snippet:-1, max-image-preview:large, max-video-preview:-1\" \/>\n<link rel=\"canonical\" href=\"https:\/\/edicion.fundacionoccident.org\/poesia\/wp-json\/wp\/v2\/pages\/2457\" \/>\n<meta property=\"og:locale\" content=\"es_ES\" \/>\n<meta property=\"og:type\" content=\"article\" \/>\n<meta property=\"og:title\" content=\"Confirmaci\u00f3n de participaci\u00f3n - Concurso de Poes\u00eda Jes\u00fas Serra\" \/>\n<meta property=\"og:description\" content=\"Los datos se han enviado correctamente. Recibir\u00e1s un correo electr\u00f3nico de confirmaci\u00f3n. Gracias por participar en el XVIII Concurso de Poes\u00eda Jes\u00fas Serra de Fundaci\u00f3n Occident. &nbsp; &nbsp; &nbsp; &nbsp; &nbsp; &nbsp; &nbsp;\" \/>\n<meta property=\"og:url\" content=\"https:\/\/edicion.fundacionoccident.org\/poesia\/confirmacion-de-participacion\" \/>\n<meta property=\"og:site_name\" content=\"Concurso de Poes\u00eda Jes\u00fas Serra\" \/>\n<meta property=\"article:modified_time\" content=\"2025-02-06T12:29:56+00:00\" \/>\n<meta name=\"twitter:card\" content=\"summary_large_image\" \/>\n<meta name=\"twitter:label1\" content=\"Tiempo de lectura\" \/>\n\t<meta name=\"twitter:data1\" content=\"1 minuto\" \/>\n<!-- \/ Yoast SEO plugin. -->","yoast_head_json":{"title":"Confirmaci\u00f3n de participaci\u00f3n - Concurso de Poes\u00eda Jes\u00fas Serra","robots":{"index":"index","follow":"follow","max-snippet":"max-snippet:-1","max-image-preview":"max-image-preview:large","max-video-preview":"max-video-preview:-1"},"canonical":"https:\/\/edicion.fundacionoccident.org\/poesia\/wp-json\/wp\/v2\/pages\/2457","og_locale":"es_ES","og_type":"article","og_title":"Confirmaci\u00f3n de participaci\u00f3n - Concurso de Poes\u00eda Jes\u00fas Serra","og_description":"Los datos se han enviado correctamente. Recibir\u00e1s un correo electr\u00f3nico de confirmaci\u00f3n. Gracias por participar en el XVIII Concurso de Poes\u00eda Jes\u00fas Serra de Fundaci\u00f3n Occident. &nbsp; &nbsp; &nbsp; &nbsp; &nbsp; &nbsp; &nbsp;","og_url":"https:\/\/edicion.fundacionoccident.org\/poesia\/confirmacion-de-participacion","og_site_name":"Concurso de Poes\u00eda Jes\u00fas Serra","article_modified_time":"2025-02-06T12:29:56+00:00","twitter_card":"summary_large_image","twitter_misc":{"Tiempo de lectura":"1 minuto"},"schema":{"@context":"https:\/\/schema.org","@graph":[{"@type":"WebPage","@id":"https:\/\/edicion.fundacionoccident.org\/poesia\/confirmacion-de-participacion","url":"https:\/\/edicion.fundacionoccident.org\/poesia\/confirmacion-de-participacion","name":"Confirmaci\u00f3n de participaci\u00f3n - Concurso de Poes\u00eda Jes\u00fas Serra","isPartOf":{"@id":"https:\/\/edicion.fundacionoccident.org\/poesia\/#website"},"datePublished":"2022-02-04T08:59:31+00:00","dateModified":"2025-02-06T12:29:56+00:00","breadcrumb":{"@id":"https:\/\/edicion.fundacionoccident.org\/poesia\/confirmacion-de-participacion#breadcrumb"},"inLanguage":"es","potentialAction":[{"@type":"ReadAction","target":["https:\/\/edicion.fundacionoccident.org\/poesia\/confirmacion-de-participacion"]}]},{"@type":"BreadcrumbList","@id":"https:\/\/edicion.fundacionoccident.org\/poesia\/confirmacion-de-participacion#breadcrumb","itemListElement":[{"@type":"ListItem","position":1,"name":"Inicio \u00bb Concurso de Poes\u00eda","item":"https:\/\/edicion.fundacionoccident.org\/poesia\/"},{"@type":"ListItem","position":2,"name":"Confirmaci\u00f3n de participaci\u00f3n"}]},{"@type":"WebSite","@id":"https:\/\/edicion.fundacionoccident.org\/poesia\/#website","url":"https:\/\/edicion.fundacionoccident.org\/poesia\/","name":"Concurso de Poes\u00eda Jes\u00fas Serra","description":"","potentialAction":[{"@type":"SearchAction","target":{"@type":"EntryPoint","urlTemplate":"https:\/\/edicion.fundacionoccident.org\/poesia\/?s={search_term_string}"},"query-input":{"@type":"PropertyValueSpecification","valueRequired":true,"valueName":"search_term_string"}}],"inLanguage":"es"}]}},"_links":{"self":[{"href":"https:\/\/edicion.fundacionoccident.org\/poesia\/wp-json\/wp\/v2\/pages\/2457","targetHints":{"allow":["GET"]}}],"collection":[{"href":"https:\/\/edicion.fundacionoccident.org\/poesia\/wp-json\/wp\/v2\/pages"}],"about":[{"href":"https:\/\/edicion.fundacionoccident.org\/poesia\/wp-json\/wp\/v2\/types\/page"}],"author":[{"embeddable":true,"href":"https:\/\/edicion.fundacionoccident.org\/poesia\/wp-json\/wp\/v2\/users\/13"}],"replies":[{"embeddable":true,"href":"https:\/\/edicion.fundacionoccident.org\/poesia\/wp-json\/wp\/v2\/comments?post=2457"}],"version-history":[{"count":8,"href":"https:\/\/edicion.fundacionoccident.org\/poesia\/wp-json\/wp\/v2\/pages\/2457\/revisions"}],"predecessor-version":[{"id":12662,"href":"https:\/\/edicion.fundacionoccident.org\/poesia\/wp-json\/wp\/v2\/pages\/2457\/revisions\/12662"}],"wp:attachment":[{"href":"https:\/\/edicion.fundacionoccident.org\/poesia\/wp-json\/wp\/v2\/media?parent=2457"}],"curies":[{"name":"wp","href":"https:\/\/api.w.org\/{rel}","templated":true}]}}