{"id":1218,"date":"2019-01-21T18:52:35","date_gmt":"2019-01-21T18:52:35","guid":{"rendered":""},"modified":"2025-12-11T13:18:00","modified_gmt":"2025-12-11T12:18:00","slug":"videos","status":"publish","type":"page","link":"http:\/\/edicion.fundacionoccident.org\/investigacion\/videos","title":{"rendered":"V\u00eddeos"},"content":{"rendered":"<p>[et_pb_section bb_built=&#8221;1&#8243; admin_label=&#8221;section&#8221;][et_pb_row background_position=&#8221;top_left&#8221; background_repeat=&#8221;repeat&#8221; background_size=&#8221;initial&#8221;][et_pb_column type=&#8221;1_4&#8243;][et_pb_text use_border_color=&#8221;off&#8221; background_position=&#8221;top_left&#8221; background_repeat=&#8221;repeat&#8221; background_size=&#8221;initial&#8221; _builder_version=&#8221;3.9&#8243;]<\/p>\n<p><span style=\"color: #333333;\"> &gt; V\u00eddeos<\/span><br \/>\n<a href=\"\/investigacion\/fotos\"><span style=\"color: #de2641;\"> &gt; Galer\u00eda<\/span><\/a><\/p>\n<p>[\/et_pb_text][\/et_pb_column][et_pb_column type=&#8221;3_4&#8243;][et_pb_video src=&#8221;https:\/\/www.youtube.com\/watch?v=kOFzOqRt8gs&#8221; play_icon_color=&#8221;#ffffff&#8221; _builder_version=&#8221;3.9&#8243; \/][et_pb_text use_border_color=&#8221;off&#8221; background_position=&#8221;top_left&#8221; background_repeat=&#8221;repeat&#8221; background_size=&#8221;initial&#8221; _builder_version=&#8221;3.9&#8243;]<\/p>\n<p class=\"h3 title style-scope ytd-video-primary-info-renderer\"> Ana Bel\u00e9n Crujeiras, ganadora de la s\u00e9ptima edici\u00f3n de los Premios a la Investigaci\u00f3n Jes\u00fas Serra<\/p>\n<p>[\/et_pb_text][et_pb_divider color=&#8221;#939393&#8243; show_divider=&#8221;on&#8221; divider_style=&#8221;solid&#8221; divider_position=&#8221;top&#8221; hide_on_mobile=&#8221;on&#8221; disabled_on=&#8221;on|on|off&#8221; _builder_version=&#8221;3.9&#8243; \/][et_pb_video src=&#8221;https:\/\/www.youtube.com\/watch?v=ZdPCHbJJzA0&#8243; play_icon_color=&#8221;#ffffff&#8221; _builder_version=&#8221;3.9&#8243; \/][et_pb_text use_border_color=&#8221;off&#8221; background_position=&#8221;top_left&#8221; background_repeat=&#8221;repeat&#8221; background_size=&#8221;initial&#8221; _builder_version=&#8221;3.9&#8243;]<\/p>\n<p class=\"h3 title style-scope ytd-video-primary-info-renderer\"> Jordi Mayneris Perxachs, ganador de la s\u00e9ptima edici\u00f3n de los Premios a la Investigaci\u00f3n Jes\u00fas Serra<\/p>\n<p>[\/et_pb_text][et_pb_divider color=&#8221;#939393&#8243; show_divider=&#8221;on&#8221; divider_style=&#8221;solid&#8221; divider_position=&#8221;top&#8221; hide_on_mobile=&#8221;on&#8221; disabled_on=&#8221;on|on|off&#8221; _builder_version=&#8221;3.9&#8243; \/][et_pb_video src=&#8221;https:\/\/www.youtube.com\/watch?v=ayMcNukhlMo&#8221; play_icon_color=&#8221;#ffffff&#8221; _builder_version=&#8221;3.9&#8243; \/][et_pb_text use_border_color=&#8221;off&#8221; background_position=&#8221;top_left&#8221; background_repeat=&#8221;repeat&#8221; background_size=&#8221;initial&#8221; _builder_version=&#8221;3.9&#8243;]<\/p>\n<p class=\"h3 title style-scope ytd-video-primary-info-renderer\">Andreea Ciudin, ganadora de la sexta edici\u00f3n de los Premios a la Investigaci\u00f3n Jes\u00fas Serra<\/p>\n<p>[\/et_pb_text][et_pb_divider color=&#8221;#939393&#8243; show_divider=&#8221;on&#8221; divider_style=&#8221;solid&#8221; divider_position=&#8221;top&#8221; hide_on_mobile=&#8221;on&#8221; disabled_on=&#8221;on|on|off&#8221; _builder_version=&#8221;3.9&#8243; \/][et_pb_video src=&#8221;https:\/\/www.youtube.com\/watch?v=5OHDqQr4G4c&#8221; play_icon_color=&#8221;#ffffff&#8221; _builder_version=&#8221;3.9&#8243; \/][et_pb_text use_border_color=&#8221;off&#8221; background_position=&#8221;top_left&#8221; background_repeat=&#8221;repeat&#8221; background_size=&#8221;initial&#8221; _builder_version=&#8221;3.9&#8243;]<\/p>\n<p class=\"h3 title style-scope ytd-video-primary-info-renderer\">Mar\u00eda Mittelbrunn, ganadora de la sexta edici\u00f3n de los Premios a la Investigaci\u00f3n Jes\u00fas Serra<\/p>\n<p>[\/et_pb_text][et_pb_divider color=&#8221;#939393&#8243; show_divider=&#8221;on&#8221; divider_style=&#8221;solid&#8221; divider_position=&#8221;top&#8221; hide_on_mobile=&#8221;on&#8221; disabled_on=&#8221;on|on|off&#8221; _builder_version=&#8221;3.9&#8243; \/][et_pb_video src=&#8221;https:\/\/www.youtube.com\/watch?v=ee9n7XW-kDI&#8221; play_icon_color=&#8221;#ffffff&#8221; _builder_version=&#8221;3.9&#8243; \/][et_pb_text use_border_color=&#8221;off&#8221; background_position=&#8221;top_left&#8221; background_repeat=&#8221;repeat&#8221; background_size=&#8221;initial&#8221; _builder_version=&#8221;3.9&#8243;]<\/p>\n<p class=\"h3 title style-scope ytd-video-primary-info-renderer\">Manuel Irimia, ganador de la quinta edici\u00f3n de los Premios Investigaci\u00f3n Fundaci\u00f3n Occident<\/p>\n<p>[\/et_pb_text][et_pb_divider color=&#8221;#939393&#8243; show_divider=&#8221;on&#8221; divider_style=&#8221;solid&#8221; divider_position=&#8221;top&#8221; hide_on_mobile=&#8221;on&#8221; disabled_on=&#8221;on|on|off&#8221; _builder_version=&#8221;3.9&#8243; \/][et_pb_video src=&#8221;http:\/\/www.youtube.com\/watch?v=wOReD7RQYdM&#8221; play_icon_color=&#8221;#ffffff&#8221; _builder_version=&#8221;3.9&#8243; \/][et_pb_text use_border_color=&#8221;off&#8221; background_position=&#8221;top_left&#8221; background_repeat=&#8221;repeat&#8221; background_size=&#8221;initial&#8221; _builder_version=&#8221;3.9&#8243;]<\/p>\n<p class=\"h3 title style-scope ytd-video-primary-info-renderer\">Maira Bes-Rastrollo, ganadora de la quinta edici\u00f3n de los Premios Investigaci\u00f3n Fundaci\u00f3n Occident<\/p>\n<p>[\/et_pb_text][et_pb_divider color=&#8221;#939393&#8243; show_divider=&#8221;on&#8221; divider_style=&#8221;solid&#8221; divider_position=&#8221;top&#8221; hide_on_mobile=&#8221;on&#8221; disabled_on=&#8221;on|on|off&#8221; _builder_version=&#8221;3.9&#8243; \/][et_pb_video src=&#8221;https:\/\/www.youtube.com\/watch?v=nMdQ4N1QlEE&#8221; play_icon_color=&#8221;#ffffff&#8221; _builder_version=&#8221;3.9&#8243; image_src=&#8221;http:\/\/edicion.fundacionjesusserra.org\/investigacion\/wp-content\/uploads\/2023\/05\/arkatiz-ganador-premios.jpg&#8221; \/][et_pb_text use_border_color=&#8221;off&#8221; background_position=&#8221;top_left&#8221; background_repeat=&#8221;repeat&#8221; background_size=&#8221;initial&#8221; _builder_version=&#8221;3.9&#8243;]<\/p>\n<p class=\"h3 title style-scope ytd-video-primary-info-renderer\">Arkaitz Carracedo, ganador de la cuarta edici\u00f3n de los Premios Investigaci\u00f3n Fundaci\u00f3n Occident<\/p>\n<p>[\/et_pb_text][et_pb_divider color=&#8221;#939393&#8243; show_divider=&#8221;on&#8221; divider_style=&#8221;solid&#8221; divider_position=&#8221;top&#8221; hide_on_mobile=&#8221;on&#8221; disabled_on=&#8221;on|on|off&#8221; _builder_version=&#8221;3.9&#8243; \/][et_pb_video src=&#8221;https:\/\/www.youtube.com\/watch?v=Fbqa4FOdBN8&#8243; play_icon_color=&#8221;#ffffff&#8221; _builder_version=&#8221;3.9&#8243; image_src=&#8221;\/investigacion\/wp-content\/uploads\/2022\/06\/fatima-ganadora-premios.jpg&#8221; \/][et_pb_text use_border_color=&#8221;off&#8221; background_position=&#8221;top_left&#8221; background_repeat=&#8221;repeat&#8221; background_size=&#8221;initial&#8221; _builder_version=&#8221;3.9&#8243;]<\/p>\n<p class=\"h3 title style-scope ytd-video-primary-info-renderer\">F\u00e0tima Crispi, ganadora de la cuarta edici\u00f3n de los Premio Investigaci\u00f3n Fundaci\u00f3n Occident.<\/p>\n<p>[\/et_pb_text][et_pb_divider color=&#8221;#939393&#8243; show_divider=&#8221;on&#8221; divider_style=&#8221;solid&#8221; divider_position=&#8221;top&#8221; hide_on_mobile=&#8221;on&#8221; disabled_on=&#8221;on|on|off&#8221; \/][et_pb_video src=&#8221;https:\/\/www.youtube.com\/watch?v=IgToZUHWYDI&#8221; image_src=&#8221;\/investigacion\/wp-content\/uploads\/2022\/06\/FJSRecetario1655283163.jpeg&#8221; play_icon_color=&#8221;#ffffff&#8221; _builder_version=&#8221;3.9&#8243; \/][et_pb_text use_border_color=&#8221;off&#8221; background_position=&#8221;top_left&#8221; background_repeat=&#8221;repeat&#8221; background_size=&#8221;initial&#8221; _builder_version=&#8221;3.9&#8243;]<\/p>\n<p class=\"h3 title style-scope ytd-video-primary-info-renderer\">Alimentar\u00a0la\u00a0salud\u00a0es\u00a0cosa\u00a0de\u00a0todos<\/p>\n<p>[\/et_pb_text][et_pb_divider color=&#8221;#939393&#8243; show_divider=&#8221;on&#8221; divider_style=&#8221;solid&#8221; divider_position=&#8221;top&#8221; hide_on_mobile=&#8221;on&#8221; disabled_on=&#8221;on|on|off&#8221; _builder_version=&#8221;3.9&#8243; \/][et_pb_video src=&#8221;https:\/\/youtu.be\/xHUt7JjlOaA&#8221; image_src=&#8221;\/\/i.ytimg.com\/vi\/xHUt7JjlOaA\/hqdefault.jpg&#8221; play_icon_color=&#8221;#ffffff&#8221; _builder_version=&#8221;3.9&#8243; \/][et_pb_text use_border_color=&#8221;off&#8221; background_position=&#8221;top_left&#8221; background_repeat=&#8221;repeat&#8221; background_size=&#8221;initial&#8221; _builder_version=&#8221;3.9&#8243;]<\/p>\n<p class=\"h3 title style-scope ytd-video-primary-info-renderer\">4.\u00aa Convocatoria de los Premios a la Investigaci\u00f3n Jes\u00fas Serra<\/p>\n<p>La Fundaci\u00f3n Occident, dentro del marco del apoyo a la investigaci\u00f3n, convoca la 4.\u00aa edici\u00f3n de los Premios a la Investigaci\u00f3n Jes\u00fas Serra con el objetivo de reconocer la excelencia y el nivel de investigaci\u00f3n desarrollado por investigadores en Espa\u00f1a.<\/p>\n<p>[\/et_pb_text][et_pb_divider color=&#8221;#939393&#8243; show_divider=&#8221;on&#8221; divider_style=&#8221;solid&#8221; divider_position=&#8221;top&#8221; hide_on_mobile=&#8221;on&#8221; disabled_on=&#8221;on|on|off&#8221; \/][et_pb_video src=&#8221;https:\/\/www.youtube.com\/watch?v=3WHj8kX-BUc&#8221; image_src=&#8221;\/investigacion\/wp-content\/uploads\/2022\/06\/entrega-premios.jpg&#8221; play_icon_color=&#8221;#ffffff&#8221; _builder_version=&#8221;3.9&#8243; \/][et_pb_text use_border_color=&#8221;off&#8221; background_position=&#8221;top_left&#8221; background_repeat=&#8221;repeat&#8221; background_size=&#8221;initial&#8221; _builder_version=&#8221;3.9&#8243;]<\/p>\n<p class=\"h3 title style-scope ytd-video-primary-info-renderer\">Entrega de la 3.\u00aa edici\u00f3n de los Premios a la investigaci\u00f3n Jes\u00fas Serra<\/p>\n<p>[\/et_pb_text][et_pb_divider color=&#8221;#939393&#8243; show_divider=&#8221;on&#8221; divider_style=&#8221;solid&#8221; divider_position=&#8221;top&#8221; hide_on_mobile=&#8221;on&#8221; disabled_on=&#8221;on|on|off&#8221; \/][et_pb_video src=&#8221;https:\/\/youtu.be\/MSzyTaUV25E&#8221; image_src=&#8221;\/investigacion\/wp-content\/uploads\/2019\/01\/hqdefault.jpg&#8221; play_icon_color=&#8221;#ffffff&#8221; _builder_version=&#8221;3.9&#8243; \/][et_pb_text use_border_color=&#8221;off&#8221; background_position=&#8221;top_left&#8221; background_repeat=&#8221;repeat&#8221; background_size=&#8221;initial&#8221; _builder_version=&#8221;3.9&#8243;]<\/p>\n<p class=\"h3 title style-scope ytd-video-primary-info-renderer\">Entrega de la 2.\u00aa edici\u00f3n de los Premios a la investigaci\u00f3n Jes\u00fas Serra<\/p>\n<p>[\/et_pb_text][\/et_pb_column][\/et_pb_row][et_pb_row background_position=&#8221;top_left&#8221; background_repeat=&#8221;repeat&#8221; background_size=&#8221;initial&#8221;][et_pb_column type=&#8221;1_4&#8243;][\/et_pb_column][et_pb_column type=&#8221;3_4&#8243;][et_pb_divider color=&#8221;#939393&#8243; show_divider=&#8221;on&#8221; divider_style=&#8221;solid&#8221; divider_position=&#8221;top&#8221; hide_on_mobile=&#8221;on&#8221; disabled_on=&#8221;on|on|off&#8221; \/][et_pb_video src=&#8221;https:\/\/youtu.be\/3c73YIGhVzk&#8221; image_src=&#8221;\/investigacion\/wp-content\/uploads\/2019\/01\/hqdefault-1.jpg&#8221; play_icon_color=&#8221;#ffffff&#8221; _builder_version=&#8221;3.9&#8243; \/][et_pb_text use_border_color=&#8221;off&#8221; background_position=&#8221;top_left&#8221; background_repeat=&#8221;repeat&#8221; background_size=&#8221;initial&#8221; _builder_version=&#8221;3.9&#8243;]<\/p>\n<p class=\"h3 title style-scope ytd-video-primary-info-renderer\">Mesa redonda del evento de entrega de la 2.\u00aa edici\u00f3n de los Premios a la investigaci\u00f3n Jes\u00fas Serra<\/p>\n<p>[\/et_pb_text][\/et_pb_column][\/et_pb_row][et_pb_row background_position=&#8221;top_left&#8221; background_repeat=&#8221;repeat&#8221; background_size=&#8221;initial&#8221; _builder_version=&#8221;3.9&#8243; disabled=&#8221;on&#8221; disabled_on=&#8221;on|on|on&#8221;][et_pb_column type=&#8221;1_4&#8243;][\/et_pb_column][et_pb_column type=&#8221;3_4&#8243;][et_pb_divider color=&#8221;#939393&#8243; show_divider=&#8221;on&#8221; divider_style=&#8221;solid&#8221; divider_position=&#8221;top&#8221; hide_on_mobile=&#8221;on&#8221; disabled_on=&#8221;on|on|off&#8221; \/][et_pb_video src=&#8221;https:\/\/vimeo.com\/342781683\/71d587c4c4&#8243; image_src=&#8221;\/investigacion\/wp-content\/uploads\/2022\/06\/salvador-premio-investigacion.png&#8221; play_icon_color=&#8221;#ffffff&#8221; _builder_version=&#8221;3.9&#8243; \/][et_pb_text use_border_color=&#8221;off&#8221; background_position=&#8221;top_left&#8221; background_repeat=&#8221;repeat&#8221; background_size=&#8221;initial&#8221; _builder_version=&#8221;3.9&#8243; disabled=&#8221;on&#8221; disabled_on=&#8221;on|on|on&#8221;]<\/p>\n<p class=\"h3 title style-scope ytd-video-primary-info-renderer\">Salvador Aznar Benitah, Premio a la investigaci\u00f3n Fundaci\u00f3n Occident 2019<\/p>\n<p>[\/et_pb_text][\/et_pb_column][\/et_pb_row][et_pb_row background_position=&#8221;top_left&#8221; background_repeat=&#8221;repeat&#8221; background_size=&#8221;initial&#8221; _builder_version=&#8221;3.9&#8243; disabled=&#8221;on&#8221; disabled_on=&#8221;on|on|on&#8221;][et_pb_column type=&#8221;1_4&#8243;][\/et_pb_column][et_pb_column type=&#8221;3_4&#8243;][et_pb_divider color=&#8221;#939393&#8243; show_divider=&#8221;on&#8221; divider_style=&#8221;solid&#8221; divider_position=&#8221;top&#8221; hide_on_mobile=&#8221;on&#8221; disabled_on=&#8221;on|on|off&#8221; \/][et_pb_video src=&#8221;https:\/\/vimeo.com\/342781826\/a19de45b73&#8243; image_src=&#8221;\/investigacion\/wp-content\/uploads\/2022\/06\/raul-zamora-premio-investigacion.png&#8221; play_icon_color=&#8221;#ffffff&#8221; _builder_version=&#8221;3.9&#8243; \/][et_pb_text use_border_color=&#8221;off&#8221; background_position=&#8221;top_left&#8221; background_repeat=&#8221;repeat&#8221; background_size=&#8221;initial&#8221; _builder_version=&#8221;3.9&#8243;]<\/p>\n<p class=\"h3 title style-scope ytd-video-primary-info-renderer\">Trayectoria de Ra\u00fal Zamora Ros, Premio a la investigaci\u00f3n Fundaci\u00f3n Occident 2019<\/p>\n<p>[\/et_pb_text][\/et_pb_column][\/et_pb_row][et_pb_row background_position=&#8221;top_left&#8221; background_repeat=&#8221;repeat&#8221; background_size=&#8221;initial&#8221;][et_pb_column type=&#8221;1_4&#8243;][\/et_pb_column][et_pb_column type=&#8221;3_4&#8243;][et_pb_divider color=&#8221;#939393&#8243; show_divider=&#8221;on&#8221; divider_style=&#8221;solid&#8221; divider_position=&#8221;top&#8221; hide_on_mobile=&#8221;on&#8221; disabled_on=&#8221;on|on|off&#8221; \/][et_pb_video src=&#8221;https:\/\/vimeo.com\/274508565\/008f2a4c48&#8243; image_src=&#8221;\/investigacion\/wp-content\/uploads\/2019\/01\/ganador.jpg&#8221; play_icon_color=&#8221;#ffffff&#8221; _builder_version=&#8221;3.9&#8243; \/][et_pb_text use_border_color=&#8221;off&#8221; background_position=&#8221;top_left&#8221; background_repeat=&#8221;repeat&#8221; background_size=&#8221;initial&#8221; _builder_version=&#8221;3.9&#8243;]<\/p>\n<p class=\"h3 title style-scope ytd-video-primary-info-renderer\">Presentaci\u00f3n y ganadores I Premio a la Investigaci\u00f3n Fundaci\u00f3n Occident<\/p>\n<p>[\/et_pb_text][\/et_pb_column][\/et_pb_row][et_pb_row background_position=&#8221;top_left&#8221; background_repeat=&#8221;repeat&#8221; background_size=&#8221;initial&#8221; _builder_version=&#8221;3.9&#8243; disabled=&#8221;on&#8221; disabled_on=&#8221;on|on|on&#8221;][et_pb_column type=&#8221;1_4&#8243;][\/et_pb_column][et_pb_column type=&#8221;3_4&#8243;][et_pb_divider color=&#8221;#939393&#8243; show_divider=&#8221;on&#8221; divider_style=&#8221;solid&#8221; divider_position=&#8221;top&#8221; hide_on_mobile=&#8221;on&#8221; disabled_on=&#8221;on|on|off&#8221; \/][et_pb_video src=&#8221;https:\/\/vimeo.com\/334840875\/9e99f83bed&#8221; image_src=&#8221;\/investigacion\/wp-content\/uploads\/2019\/01\/investigacion.jpg&#8221; play_icon_color=&#8221;#ffffff&#8221; _builder_version=&#8221;3.9&#8243; \/][et_pb_text use_border_color=&#8221;off&#8221; background_position=&#8221;top_left&#8221; background_repeat=&#8221;repeat&#8221; background_size=&#8221;initial&#8221; _builder_version=&#8221;3.9&#8243;]<\/p>\n<p class=\"h3 entry-title\">Conoce al doctor Pablo P\u00e9rez, Premio a la investigaci\u00f3n Fundaci\u00f3n Occident 2018<\/p>\n<p>[\/et_pb_text][\/et_pb_column][\/et_pb_row][et_pb_row background_position=&#8221;top_left&#8221; background_repeat=&#8221;repeat&#8221; background_size=&#8221;initial&#8221; _builder_version=&#8221;3.9&#8243; disabled=&#8221;on&#8221; disabled_on=&#8221;on|on|on&#8221;][et_pb_column type=&#8221;1_4&#8243;][\/et_pb_column][et_pb_column type=&#8221;3_4&#8243;][et_pb_divider color=&#8221;#939393&#8243; show_divider=&#8221;on&#8221; divider_style=&#8221;solid&#8221; divider_position=&#8221;top&#8221; hide_on_mobile=&#8221;on&#8221; disabled_on=&#8221;on|on|off&#8221; \/][et_pb_video src=&#8221;https:\/\/vimeo.com\/334840815\/98b08f6896&#8243; image_src=&#8221;\/investigacion\/wp-content\/uploads\/2019\/01\/guadalupe.jpg&#8221; play_icon_color=&#8221;#ffffff&#8221; _builder_version=&#8221;3.9&#8243; \/][et_pb_text use_border_color=&#8221;off&#8221; background_position=&#8221;top_left&#8221; background_repeat=&#8221;repeat&#8221; background_size=&#8221;initial&#8221; _builder_version=&#8221;3.9&#8243;]<\/p>\n<p class=\"h3 entry-title\">Conoce a la doctora Guadalupe Sabio, Premio a la investigaci\u00f3n Fundaci\u00f3n Occident 2018<\/p>\n<p>[\/et_pb_text][\/et_pb_column][\/et_pb_row][et_pb_row background_position=&#8221;top_left&#8221; background_repeat=&#8221;repeat&#8221; background_size=&#8221;initial&#8221;][et_pb_column type=&#8221;1_4&#8243;][\/et_pb_column][et_pb_column type=&#8221;3_4&#8243;][et_pb_divider color=&#8221;#939393&#8243; show_divider=&#8221;on&#8221; divider_style=&#8221;solid&#8221; divider_position=&#8221;top&#8221; hide_on_mobile=&#8221;on&#8221; disabled_on=&#8221;on|on|off&#8221; \/][et_pb_video src=&#8221;https:\/\/player.vimeo.com\/video\/275831736?api=1&amp;channel=grupocatalanaoccidente&#8221; image_src=&#8221;\/investigacion\/wp-content\/uploads\/2019\/04\/la-fundacion-video.jpg&#8221; play_icon_color=&#8221;#ffffff&#8221; _builder_version=&#8221;3.9&#8243; \/][et_pb_text use_border_color=&#8221;off&#8221; background_position=&#8221;top_left&#8221; background_repeat=&#8221;repeat&#8221; background_size=&#8221;initial&#8221; _builder_version=&#8221;3.9&#8243;]<\/p>\n<p class=\"h3 entry-title\">Presentaci\u00f3n de la Fundaci\u00f3n Occident<\/p>\n<p>[\/et_pb_text][\/et_pb_column][\/et_pb_row][\/et_pb_section]<\/p>\n","protected":false},"excerpt":{"rendered":"<p>[et_pb_section bb_built=&#8221;1&#8243; admin_label=&#8221;section&#8221;][et_pb_row background_position=&#8221;top_left&#8221; background_repeat=&#8221;repeat&#8221; background_size=&#8221;initial&#8221;][et_pb_column type=&#8221;1_4&#8243;][et_pb_text use_border_color=&#8221;off&#8221; background_position=&#8221;top_left&#8221; background_repeat=&#8221;repeat&#8221; background_size=&#8221;initial&#8221; _builder_version=&#8221;3.9&#8243;] &gt; V\u00eddeos &gt; Galer\u00eda [\/et_pb_text][\/et_pb_column][et_pb_column type=&#8221;3_4&#8243;][et_pb_video src=&#8221;https:\/\/www.youtube.com\/watch?v=kOFzOqRt8gs&#8221; play_icon_color=&#8221;#ffffff&#8221; _builder_version=&#8221;3.9&#8243; \/][et_pb_text use_border_color=&#8221;off&#8221; background_position=&#8221;top_left&#8221; background_repeat=&#8221;repeat&#8221; background_size=&#8221;initial&#8221; _builder_version=&#8221;3.9&#8243;] Ana Bel\u00e9n Crujeiras, ganadora de la s\u00e9ptima edici\u00f3n de los Premios a la Investigaci\u00f3n Jes\u00fas Serra [\/et_pb_text][et_pb_divider color=&#8221;#939393&#8243; show_divider=&#8221;on&#8221; divider_style=&#8221;solid&#8221; divider_position=&#8221;top&#8221; hide_on_mobile=&#8221;on&#8221; disabled_on=&#8221;on|on|off&#8221; _builder_version=&#8221;3.9&#8243; \/][et_pb_video src=&#8221;https:\/\/www.youtube.com\/watch?v=ZdPCHbJJzA0&#8243; play_icon_color=&#8221;#ffffff&#8221; _builder_version=&#8221;3.9&#8243; [&hellip;]<\/p>\n","protected":false},"author":7,"featured_media":0,"parent":0,"menu_order":0,"comment_status":"closed","ping_status":"closed","template":"","meta":{"footnotes":""},"class_list":["post-1218","page","type-page","status-publish","hentry"],"_links":{"self":[{"href":"http:\/\/edicion.fundacionoccident.org\/investigacion\/wp-json\/wp\/v2\/pages\/1218","targetHints":{"allow":["GET"]}}],"collection":[{"href":"http:\/\/edicion.fundacionoccident.org\/investigacion\/wp-json\/wp\/v2\/pages"}],"about":[{"href":"http:\/\/edicion.fundacionoccident.org\/investigacion\/wp-json\/wp\/v2\/types\/page"}],"author":[{"embeddable":true,"href":"http:\/\/edicion.fundacionoccident.org\/investigacion\/wp-json\/wp\/v2\/users\/7"}],"replies":[{"embeddable":true,"href":"http:\/\/edicion.fundacionoccident.org\/investigacion\/wp-json\/wp\/v2\/comments?post=1218"}],"version-history":[{"count":137,"href":"http:\/\/edicion.fundacionoccident.org\/investigacion\/wp-json\/wp\/v2\/pages\/1218\/revisions"}],"predecessor-version":[{"id":5601,"href":"http:\/\/edicion.fundacionoccident.org\/investigacion\/wp-json\/wp\/v2\/pages\/1218\/revisions\/5601"}],"wp:attachment":[{"href":"http:\/\/edicion.fundacionoccident.org\/investigacion\/wp-json\/wp\/v2\/media?parent=1218"}],"curies":[{"name":"wp","href":"https:\/\/api.w.org\/{rel}","templated":true}]}}