{"id":2182,"date":"2021-02-05T11:07:04","date_gmt":"2021-02-05T10:07:04","guid":{"rendered":"http:\/\/edicion.fundacionjesusserra.org\/investigacion\/?page_id=2182"},"modified":"2026-03-10T09:12:38","modified_gmt":"2026-03-10T08:12:38","slug":"informacion","status":"publish","type":"page","link":"http:\/\/edicion.fundacionoccident.org\/investigacion\/informacion","title":{"rendered":"Informaci\u00f3n"},"content":{"rendered":"<p>[et_pb_section bb_built=&#8221;1&#8243; admin_label=&#8221;section&#8221; transparent_background=&#8221;off&#8221; allow_player_pause=&#8221;off&#8221; inner_shadow=&#8221;off&#8221; parallax=&#8221;off&#8221; parallax_method=&#8221;on&#8221; padding_mobile=&#8221;off&#8221; make_fullwidth=&#8221;off&#8221; use_custom_width=&#8221;off&#8221; width_unit=&#8221;off&#8221; custom_width_px=&#8221;1080px&#8221; custom_width_percent=&#8221;80%&#8221; make_equal=&#8221;off&#8221; use_custom_gutter=&#8221;off&#8221; fullwidth=&#8221;off&#8221; specialty=&#8221;off&#8221; disabled=&#8221;off&#8221; custom_padding_tablet=&#8221;50px|0|50px|0&#8243; custom_padding_last_edited=&#8221;on|desktop&#8221; prev_background_color=&#8221;#000000&#8243; next_background_color=&#8221;#000000&#8243;][et_pb_row admin_label=&#8221;row&#8221; make_fullwidth=&#8221;off&#8221; use_custom_width=&#8221;off&#8221; width_unit=&#8221;off&#8221; custom_width_px=&#8221;1080px&#8221; custom_width_percent=&#8221;80%&#8221; use_custom_gutter=&#8221;off&#8221; gutter_width=&#8221;3&#8243; padding_mobile=&#8221;off&#8221; allow_player_pause=&#8221;off&#8221; parallax=&#8221;off&#8221; parallax_method=&#8221;on&#8221; make_equal=&#8221;off&#8221; column_padding_mobile=&#8221;on&#8221; parallax_1=&#8221;off&#8221; parallax_method_1=&#8221;on&#8221; parallax_2=&#8221;off&#8221; parallax_method_2=&#8221;on&#8221; parallax_3=&#8221;off&#8221; parallax_method_3=&#8221;on&#8221; parallax_4=&#8221;off&#8221; parallax_method_4=&#8221;on&#8221; disabled=&#8221;off&#8221; background_position=&#8221;top_left&#8221; background_repeat=&#8221;repeat&#8221; background_size=&#8221;initial&#8221;][et_pb_column type=&#8221;1_2&#8243;][et_pb_text use_border_color=&#8221;off&#8221; custom_css_main_element=&#8221;li {margin-bottom: 20px;}&#8221; disabled=&#8221;off&#8221; background_position=&#8221;top_left&#8221; background_repeat=&#8221;repeat&#8221; background_size=&#8221;initial&#8221; _builder_version=&#8221;3.9&#8243;]<\/p>\n<h1>Premios a la Investigaci\u00f3n Jes\u00fas Serra<\/h1>\n<h2><span style=\"color: #e4003a;\">8.\u00aa edici\u00f3n<\/span><\/h2>\n<p>Los Premios a la Investigaci\u00f3n Jes\u00fas Serra son una iniciativa de la Fundaci\u00f3n Occident, de GCO, creada en 1998 con el objetivo de canalizar las labores de patrocinio y mecenazgo que este Grupo llevaba desarrollando a lo largo del tiempo.<\/p>\n<p>[\/et_pb_text][et_pb_text use_border_color=&#8221;off&#8221; custom_css_main_element=&#8221;li {margin-bottom: 20px;}&#8221; disabled=&#8221;off&#8221; background_position=&#8221;top_left&#8221; background_repeat=&#8221;repeat&#8221; background_size=&#8221;initial&#8221; _builder_version=&#8221;3.9&#8243;]<\/p>\n<ul>\n<li>Estos galardones apoyan y reconocen la trayectoria y los proyectos de <strong>investigadores en Espa\u00f1a<\/strong>, en los \u00e1mbitos de investigaci\u00f3n b\u00e1sica, cl\u00ednica, epidemiol\u00f3gica y tecnol\u00f3gica, contribuyendo al desarrollo y la difusi\u00f3n de trabajos que suponen avances significativos en materia de nutrici\u00f3n, alimentaci\u00f3n y salud.<\/li>\n<li>Adem\u00e1s, la convocatoria incorpora la 2.\u00aa edici\u00f3n del Premio Especial de Comunicaci\u00f3n Cient\u00edfica Federico Halpern, un reconocimiento que premia trayectorias profesionales en la comunicaci\u00f3n cient\u00edfica rigurosa y de impacto con foco en la alimentaci\u00f3n, nutrici\u00f3n y salud. A diferencia de estos Premios, el Premio Especial no admite autocandidaturas: los candidatos deben ser nominados por terceros.<\/li>\n<li>Refuerzan as\u00ed los Premios a la Investigaci\u00f3n su compromiso no solo con la excelencia de la investigaci\u00f3n en alimentaci\u00f3n, nutrici\u00f3n y salud, sino tambi\u00e9n con la comunicaci\u00f3n cient\u00edfica de calidad y basada en evidencias, promoviendo un cambio en las narrativas sobre estos temas en los medios de comunicaci\u00f3n, en las consultas m\u00e9dicas y en la sociedad en general.<\/li>\n<\/ul>\n<p>[\/et_pb_text][\/et_pb_column][et_pb_column type=&#8221;1_2&#8243;][et_pb_text use_border_color=&#8221;off&#8221; border_style=&#8221;solid&#8221; custom_css_main_element=&#8221;li {margin-bottom: 20px;}&#8221; disabled=&#8221;off&#8221; border_color=&#8221;#ffffff&#8221; background_position=&#8221;top_left&#8221; background_repeat=&#8221;repeat&#8221; background_size=&#8221;initial&#8221; _builder_version=&#8221;3.9&#8243;]<\/p>\n<ul>\n<li>Los candidatos deben ser investigadores espa\u00f1oles o extranjeros con un m\u00ednimo de 3 a\u00f1os de investigaci\u00f3n en Espa\u00f1a, avalados por sus jefes de proyecto o profesionales de reconocido prestigio y que no hayan cumplido 46 a\u00f1os el d\u00eda de cierre de esta convocatoria, el 28 de abril de 2026 hasta las 14h CET. Se podr\u00e1n superar los 46 a\u00f1os de edad si el candidato ha interrumpido su carrera temporalmente a consecuencia del nacimiento o adopci\u00f3n de hijos. La dotaci\u00f3n econ\u00f3mica es de 100.000\u20ac brutos, repartidos entre las dos categor\u00edas, b\u00e1sica y cl\u00ednica, con 50.000\u20ac cada una.<\/li>\n<li>La nutrici\u00f3n y la alimentaci\u00f3n son las piedras angulares de una buena salud y contribuyen al bienestar f\u00edsico, emocional y social. M\u00faltiples estudios confirman el impacto que los estilos de vida y los h\u00e1bitos alimentarios saludables tienen en la prevenci\u00f3n de enfermedades y patolog\u00edas como la cardiopat\u00eda isqu\u00e9mica, la hipercolesterolemia, la diabetes, el c\u00e1ncer o la obesidad.<\/li>\n<li>La dieta mediterr\u00e1nea, m\u00e1ximo exponente de la prevenci\u00f3n de enfermedades cr\u00f3nicas, ha contribuido a que Espa\u00f1a sea uno de los pa\u00edses mejor posicionados para llevar a cabo estudios sobre c\u00f3mo la nutrici\u00f3n ayuda a prevenir enfermedades y favorece el envejecimiento saludable.<\/li>\n<li>Ambas convocatorias van desde el <b>10 de marzo hasta el 28 de abril de 2026<\/b>, en espa\u00f1ol o ingl\u00e9s y a trav\u00e9s de la <a href=\"https:\/\/fundacionoccident.eu-1.smartsimple.eu\/ex\/ex_routing.jsp?token=HwoNRxoZbQ%3D%3D&amp;lang=14\">p\u00e1gina web<\/a>.<\/li>\n<li>El jurado est\u00e1 formado por cient\u00edficos y m\u00e9dicos de reconocido prestigio en el \u00e1mbito de la medicina y la investigaci\u00f3n en salud y con trayectorias consolidadas en centros de excelencia nacionales e internacionales.<\/li>\n<\/ul>\n<p>[\/et_pb_text][et_pb_button button_url=&#8221;http:\/\/edicion.fundacionoccident.org\/investigacion\/wp-content\/uploads\/2026\/03\/dosier-premios-investigacion-8-edicion-esp.pdf&#8221; button_text=&#8221;Descargar dosier&#8221; button_alignment=&#8221;left&#8221; background_layout=&#8221;dark&#8221; disabled=&#8221;off&#8221; _builder_version=&#8221;3.9&#8243; \/][\/et_pb_column][\/et_pb_row][\/et_pb_section]<\/p>\n","protected":false},"excerpt":{"rendered":"<p>[et_pb_section bb_built=&#8221;1&#8243; admin_label=&#8221;section&#8221; transparent_background=&#8221;off&#8221; allow_player_pause=&#8221;off&#8221; inner_shadow=&#8221;off&#8221; parallax=&#8221;off&#8221; parallax_method=&#8221;on&#8221; padding_mobile=&#8221;off&#8221; make_fullwidth=&#8221;off&#8221; use_custom_width=&#8221;off&#8221; width_unit=&#8221;off&#8221; custom_width_px=&#8221;1080px&#8221; custom_width_percent=&#8221;80%&#8221; make_equal=&#8221;off&#8221; use_custom_gutter=&#8221;off&#8221; fullwidth=&#8221;off&#8221; specialty=&#8221;off&#8221; disabled=&#8221;off&#8221; custom_padding_tablet=&#8221;50px|0|50px|0&#8243; custom_padding_last_edited=&#8221;on|desktop&#8221; prev_background_color=&#8221;#000000&#8243; next_background_color=&#8221;#000000&#8243;][et_pb_row admin_label=&#8221;row&#8221; make_fullwidth=&#8221;off&#8221; use_custom_width=&#8221;off&#8221; width_unit=&#8221;off&#8221; custom_width_px=&#8221;1080px&#8221; custom_width_percent=&#8221;80%&#8221; use_custom_gutter=&#8221;off&#8221; gutter_width=&#8221;3&#8243; padding_mobile=&#8221;off&#8221; allow_player_pause=&#8221;off&#8221; parallax=&#8221;off&#8221; parallax_method=&#8221;on&#8221; make_equal=&#8221;off&#8221; column_padding_mobile=&#8221;on&#8221; parallax_1=&#8221;off&#8221; parallax_method_1=&#8221;on&#8221; parallax_2=&#8221;off&#8221; parallax_method_2=&#8221;on&#8221; parallax_3=&#8221;off&#8221; parallax_method_3=&#8221;on&#8221; parallax_4=&#8221;off&#8221; parallax_method_4=&#8221;on&#8221; disabled=&#8221;off&#8221; background_position=&#8221;top_left&#8221; background_repeat=&#8221;repeat&#8221; background_size=&#8221;initial&#8221;][et_pb_column type=&#8221;1_2&#8243;][et_pb_text use_border_color=&#8221;off&#8221; custom_css_main_element=&#8221;li {margin-bottom: 20px;}&#8221; disabled=&#8221;off&#8221; [&hellip;]<\/p>\n","protected":false},"author":10,"featured_media":0,"parent":0,"menu_order":0,"comment_status":"closed","ping_status":"closed","template":"","meta":{"footnotes":""},"class_list":["post-2182","page","type-page","status-publish","hentry"],"_links":{"self":[{"href":"http:\/\/edicion.fundacionoccident.org\/investigacion\/wp-json\/wp\/v2\/pages\/2182","targetHints":{"allow":["GET"]}}],"collection":[{"href":"http:\/\/edicion.fundacionoccident.org\/investigacion\/wp-json\/wp\/v2\/pages"}],"about":[{"href":"http:\/\/edicion.fundacionoccident.org\/investigacion\/wp-json\/wp\/v2\/types\/page"}],"author":[{"embeddable":true,"href":"http:\/\/edicion.fundacionoccident.org\/investigacion\/wp-json\/wp\/v2\/users\/10"}],"replies":[{"embeddable":true,"href":"http:\/\/edicion.fundacionoccident.org\/investigacion\/wp-json\/wp\/v2\/comments?post=2182"}],"version-history":[{"count":20,"href":"http:\/\/edicion.fundacionoccident.org\/investigacion\/wp-json\/wp\/v2\/pages\/2182\/revisions"}],"predecessor-version":[{"id":5745,"href":"http:\/\/edicion.fundacionoccident.org\/investigacion\/wp-json\/wp\/v2\/pages\/2182\/revisions\/5745"}],"wp:attachment":[{"href":"http:\/\/edicion.fundacionoccident.org\/investigacion\/wp-json\/wp\/v2\/media?parent=2182"}],"curies":[{"name":"wp","href":"https:\/\/api.w.org\/{rel}","templated":true}]}}

Información

<p>[et_pb_section bb_built=&#8221;1&#8243; admin_label=&#8221;section&#8221; transparent_background=&#8221;off&#8221; allow_player_pause=&#8221;off&#8221; inner_shadow=&#8221;off&#8221; parallax=&#8221;off&#8221; parallax_method=&#8221;on&#8221; padding_mobile=&#8221;off&#8221; make_fullwidth=&#8221;off&#8221; use_custom_width=&#8221;off&#8221; width_unit=&#8221;off&#8221; custom_width_px=&#8221;1080px&#8221; custom_width_percent=&#8221;80%&#8221; make_equal=&#8221;off&#8221; use_custom_gutter=&#8221;off&#8221; fullwidth=&#8221;off&#8221; specialty=&#8221;off&#8221; disabled=&#8221;off&#8221; custom_padding_tablet=&#8221;50px|0|50px|0&#8243; custom_padding_last_edited=&#8221;on|desktop&#8221; prev_background_color=&#8221;#000000&#8243; next_background_color=&#8221;#000000&#8243;][et_pb_row admin_label=&#8221;row&#8221; make_fullwidth=&#8221;off&#8221; use_custom_width=&#8221;off&#8221; width_unit=&#8221;off&#8221; custom_width_px=&#8221;1080px&#8221; custom_width_percent=&#8221;80%&#8221; use_custom_gutter=&#8221;off&#8221; gutter_width=&#8221;3&#8243; padding_mobile=&#8221;off&#8221; allow_player_pause=&#8221;off&#8221; parallax=&#8221;off&#8221; parallax_method=&#8221;on&#8221; make_equal=&#8221;off&#8221; column_padding_mobile=&#8221;on&#8221; parallax_1=&#8221;off&#8221; parallax_method_1=&#8221;on&#8221; parallax_2=&#8221;off&#8221; parallax_method_2=&#8221;on&#8221; parallax_3=&#8221;off&#8221; parallax_method_3=&#8221;on&#8221; parallax_4=&#8221;off&#8221; parallax_method_4=&#8221;on&#8221; disabled=&#8221;off&#8221; background_position=&#8221;top_left&#8221; background_repeat=&#8221;repeat&#8221; background_size=&#8221;initial&#8221;][et_pb_column type=&#8221;1_2&#8243;][et_pb_text use_border_color=&#8221;off&#8221; custom_css_main_element=&#8221;li {margin-bottom: 20px;}&#8221; disabled=&#8221;off&#8221; background_position=&#8221;top_left&#8221; background_repeat=&#8221;repeat&#8221; background_size=&#8221;initial&#8221; _builder_version=&#8221;3.9&#8243;]</p>
<h1>Premios a la Investigación Jesús Serra</h1>
<h2><span style="color: #e4003a;">8.ª edición</span></h2>
<p>Los Premios a la Investigación Jesús Serra son una iniciativa de la Fundación Occident, de GCO, creada en 1998 con el objetivo de canalizar las labores de patrocinio y mecenazgo que este Grupo llevaba desarrollando a lo largo del tiempo.</p>
<p>[/et_pb_text][et_pb_text use_border_color=&#8221;off&#8221; custom_css_main_element=&#8221;li {margin-bottom: 20px;}&#8221; disabled=&#8221;off&#8221; background_position=&#8221;top_left&#8221; background_repeat=&#8221;repeat&#8221; background_size=&#8221;initial&#8221; _builder_version=&#8221;3.9&#8243;]</p>
<ul>
<li>Estos galardones apoyan y reconocen la trayectoria y los proyectos de <strong>investigadores en España</strong>, en los ámbitos de investigación básica, clínica, epidemiológica y tecnológica, contribuyendo al desarrollo y la difusión de trabajos que suponen avances significativos en materia de nutrición, alimentación y salud.</li>
<li>Además, la convocatoria incorpora la 2.ª edición del Premio Especial de Comunicación Científica Federico Halpern, un reconocimiento que premia trayectorias profesionales en la comunicación científica rigurosa y de impacto con foco en la alimentación, nutrición y salud. A diferencia de estos Premios, el Premio Especial no admite autocandidaturas: los candidatos deben ser nominados por terceros.</li>
<li>Refuerzan así los Premios a la Investigación su compromiso no solo con la excelencia de la investigación en alimentación, nutrición y salud, sino también con la comunicación científica de calidad y basada en evidencias, promoviendo un cambio en las narrativas sobre estos temas en los medios de comunicación, en las consultas médicas y en la sociedad en general.</li>
</ul>
<p>[/et_pb_text][/et_pb_column][et_pb_column type=&#8221;1_2&#8243;][et_pb_text use_border_color=&#8221;off&#8221; border_style=&#8221;solid&#8221; custom_css_main_element=&#8221;li {margin-bottom: 20px;}&#8221; disabled=&#8221;off&#8221; border_color=&#8221;#ffffff&#8221; background_position=&#8221;top_left&#8221; background_repeat=&#8221;repeat&#8221; background_size=&#8221;initial&#8221; _builder_version=&#8221;3.9&#8243;]</p>
<ul>
<li>Los candidatos deben ser investigadores españoles o extranjeros con un mínimo de 3 años de investigación en España, avalados por sus jefes de proyecto o profesionales de reconocido prestigio y que no hayan cumplido 46 años el día de cierre de esta convocatoria, el 28 de abril de 2026 hasta las 14h CET. Se podrán superar los 46 años de edad si el candidato ha interrumpido su carrera temporalmente a consecuencia del nacimiento o adopción de hijos. La dotación económica es de 100.000€ brutos, repartidos entre las dos categorías, básica y clínica, con 50.000€ cada una.</li>
<li>La nutrición y la alimentación son las piedras angulares de una buena salud y contribuyen al bienestar físico, emocional y social. Múltiples estudios confirman el impacto que los estilos de vida y los hábitos alimentarios saludables tienen en la prevención de enfermedades y patologías como la cardiopatía isquémica, la hipercolesterolemia, la diabetes, el cáncer o la obesidad.</li>
<li>La dieta mediterránea, máximo exponente de la prevención de enfermedades crónicas, ha contribuido a que España sea uno de los países mejor posicionados para llevar a cabo estudios sobre cómo la nutrición ayuda a prevenir enfermedades y favorece el envejecimiento saludable.</li>
<li>Ambas convocatorias van desde el <b>10 de marzo hasta el 28 de abril de 2026</b>, en español o inglés y a través de la <a href="https://fundacionoccident.eu-1.smartsimple.eu/ex/ex_routing.jsp?token=HwoNRxoZbQ%3D%3D&amp;lang=14">página web</a>.</li>
<li>El jurado está formado por científicos y médicos de reconocido prestigio en el ámbito de la medicina y la investigación en salud y con trayectorias consolidadas en centros de excelencia nacionales e internacionales.</li>
</ul>
<p>[/et_pb_text][et_pb_button button_url=&#8221;http://edicion.fundacionoccident.org/investigacion/wp-content/uploads/2026/03/dosier-premios-investigacion-8-edicion-esp.pdf&#8221; button_text=&#8221;Descargar dosier&#8221; button_alignment=&#8221;left&#8221; background_layout=&#8221;dark&#8221; disabled=&#8221;off&#8221; _builder_version=&#8221;3.9&#8243; /][/et_pb_column][/et_pb_row][/et_pb_section]</p>
