{"id":303,"date":"2017-03-15T19:05:19","date_gmt":"2017-03-15T19:05:19","guid":{"rendered":"http:\/\/edicion.fundacionjesusserra.org\/tennis\/?page_id=303"},"modified":"2024-12-03T12:41:01","modified_gmt":"2024-12-03T11:41:01","slug":"mas-alla-de-las-pistas","status":"publish","type":"page","link":"https:\/\/edicion.fundacionoccident.org\/tennis\/mas-alla-de-las-pistas","title":{"rendered":"M\u00e1s all\u00e1 de las pistas"},"content":{"rendered":"<p>[vc_row css_animation=&#8221;&#8221; row_type=&#8221;row&#8221; use_row_as_full_screen_section=&#8221;no&#8221; type=&#8221;full_width&#8221; angled_section=&#8221;no&#8221; text_align=&#8221;left&#8221; background_image_as_pattern=&#8221;without_pattern&#8221;][vc_column][vc_single_image image=&#8221;4302&#8243; img_size=&#8221;1600&#215;481&#8243; alignment=&#8221;center&#8221; qode_css_animation=&#8221;&#8221;][\/vc_column][\/vc_row][vc_row css_animation=&#8221;&#8221; row_type=&#8221;row&#8221; use_row_as_full_screen_section=&#8221;no&#8221; type=&#8221;grid&#8221; anchor=&#8221;1600&#8243; angled_section=&#8221;no&#8221; text_align=&#8221;left&#8221; background_image_as_pattern=&#8221;without_pattern&#8221; background_color=&#8221;#ffffff&#8221; css=&#8221;.vc_custom_1489498678216{margin-right: 0px !important;margin-left: 0px !important;}&#8221;][vc_column width=&#8221;1\/2&#8243;][vc_empty_space height=&#8221;60px&#8221;][vc_row_inner row_type=&#8221;row&#8221; type=&#8221;full_width&#8221; text_align=&#8221;left&#8221; css_animation=&#8221;&#8221; css=&#8221;.vc_custom_1519635211950{padding-left: 30px !important;}&#8221;][vc_column_inner][vc_column_text]<\/p>\n<h1>M\u00e1s all\u00e1 de las pistas<\/h1>\n<p>[\/vc_column_text][vc_empty_space height=&#8221;20px&#8221;][vc_column_text]Desde la organizaci\u00f3n del\u00a0<strong>Xpress Tennis Cup<\/strong> nos gusta cuidar todos los detalles que ocurren durante el torneo, tanto dentro como fuera de las pistas. Por ello, queremos crear un espacio diferente y divertido fuera de las pistas que permita tanto a jugadores como acompa\u00f1antes (entrenadores, familias y amigos) poder disfrutar de una tarde de s\u00e1bado o una ma\u00f1ana de domingo diferente.[\/vc_column_text][vc_empty_space height=&#8221;40px&#8221;][vc_single_image image=&#8221;9083&#8243; img_size=&#8221;480&#215;350&#8243; qode_css_animation=&#8221;&#8221;][vc_empty_space][vc_single_image image=&#8221;6429&#8243; img_size=&#8221;480&#215;350&#8243; qode_css_animation=&#8221;&#8221;][\/vc_column_inner][\/vc_row_inner][vc_empty_space height=&#8221;90px&#8221;][\/vc_column][vc_column width=&#8221;1\/2&#8243;][vc_empty_space height=&#8221;60px&#8221;][vc_row_inner row_type=&#8221;row&#8221; type=&#8221;full_width&#8221; text_align=&#8221;left&#8221; css_animation=&#8221;&#8221; css=&#8221;.vc_custom_1519635227727{padding-right: 30px !important;padding-left: 30px !important;}&#8221;][vc_column_inner][vc_column_text]<\/p>\n<h2 class=\"h1\"><strong>Tenis, y mucho m\u00e1s<\/strong><\/h2>\n<p>[\/vc_column_text][vc_empty_space height=&#8221;20px&#8221;][vc_column_text]<\/p>\n<h3><\/h3>\n<p>Durante las diferentes fases del circuito, habr\u00e1 muchas actividades paralelas con las que pasar una buena jornada de tenis, disfrutar al m\u00e1ximo de este maravilloso deporte y aprender cosas nuevas. No te lo puedes perder, tienes que venir y descubrir todas las sorpresas que tenemos para ti y tus compa\u00f1eros de equipo.<\/p>\n<p>&nbsp;<\/p>\n<p>Desde juegos tradicionales como el mini ping-pong hasta la b\u00fasqueda del Drive perfecto o los m\u00e9todos de entrenamiento m\u00e1s avanzados con ROX. Porque el Xpress Tennis Cup es un torneo de tenis, pero tambi\u00e9n es mucho m\u00e1s:<\/p>\n<h3><\/h3>\n<p>&nbsp;<\/p>\n<p>&nbsp;<\/p>\n<p><strong><strong><strong>\u00b7 Mini ping-pong.<\/strong><\/strong><\/strong><\/p>\n<p>&nbsp;<\/p>\n<p><strong><strong><strong>\u00b7 Speedball.<\/strong><\/strong><\/strong><\/p>\n<p>&nbsp;<\/p>\n<p><strong><strong><strong>\u00b7 El Drive Perfecto.<\/strong><\/strong><\/strong><\/p>\n<p>&nbsp;<\/p>\n<p><strong><strong><strong>\u00b7 Tri Tenis.<\/strong><\/strong><\/strong><\/p>\n<p>&nbsp;<\/p>\n<p><strong><strong><strong>\u00b7 Actividades con <a href=\"https:\/\/www.a-champs.com\/pages\/roxs-pro-smart-training-assistant\" target=\"_blank\" rel=\"noopener noreferrer\"><span style=\"text-decoration: underline;\">ROX<\/span><\/a>.<\/strong><\/strong><\/strong><\/p>\n<p>&nbsp;<\/p>\n<p><strong><strong>\u00b7 Pinta cuerdas.<\/strong><\/strong><\/p>\n<p>&nbsp;<\/p>\n<p><strong>\u00b7 Ruleta Wilson.<\/strong><\/p>\n<p>\u00a1Nos vemos en las pistas![\/vc_column_text][vc_empty_space height=&#8221;90px&#8221;][\/vc_column_inner][\/vc_row_inner][\/vc_column][\/vc_row]<\/p>\n","protected":false},"excerpt":{"rendered":"<p>[vc_row css_animation=&#8221;&#8221; row_type=&#8221;row&#8221; use_row_as_full_screen_section=&#8221;no&#8221; type=&#8221;full_width&#8221; angled_section=&#8221;no&#8221; text_align=&#8221;left&#8221; background_image_as_pattern=&#8221;without_pattern&#8221;][vc_column][vc_single_image image=&#8221;4302&#8243; img_size=&#8221;1600&#215;481&#8243; alignment=&#8221;center&#8221; qode_css_animation=&#8221;&#8221;][\/vc_column][\/vc_row][vc_row css_animation=&#8221;&#8221; row_type=&#8221;row&#8221; use_row_as_full_screen_section=&#8221;no&#8221; type=&#8221;grid&#8221; anchor=&#8221;1600&#8243; angled_section=&#8221;no&#8221; text_align=&#8221;left&#8221; background_image_as_pattern=&#8221;without_pattern&#8221; background_color=&#8221;#ffffff&#8221; css=&#8221;.vc_custom_1489498678216{margin-right: 0px !important;margin-left: 0px !important;}&#8221;][vc_column width=&#8221;1\/2&#8243;][vc_empty_space height=&#8221;60px&#8221;][vc_row_inner row_type=&#8221;row&#8221; type=&#8221;full_width&#8221; text_align=&#8221;left&#8221; css_animation=&#8221;&#8221; css=&#8221;.vc_custom_1519635211950{padding-left: 30px !important;}&#8221;][vc_column_inner][vc_column_text] M\u00e1s all\u00e1 de las pistas [\/vc_column_text][vc_empty_space height=&#8221;20px&#8221;][vc_column_text]Desde la organizaci\u00f3n del\u00a0Xpress&#8230;<\/p>\n","protected":false},"author":6,"featured_media":0,"parent":0,"menu_order":0,"comment_status":"closed","ping_status":"closed","template":"full_width.php","meta":{"footnotes":"","_links_to":"","_links_to_target":""},"class_list":["post-303","page","type-page","status-publish","hentry"],"yoast_head":"<!-- This site is optimized with the Yoast SEO plugin v26.3 - https:\/\/yoast.com\/wordpress\/plugins\/seo\/ -->\n<title>M\u00e1s all\u00e1 de las Pistas: \u00bfqu\u00e9 ocurre fuera? - Xpress Tennis Cup | FJS<\/title>\n<meta name=\"description\" content=\"Desde la Fundaci\u00f3n Jes\u00fas Serra queremos contarte todo lo que ocurre dentro y fuera de las pistas del Xpress Tennis Cup. \u00a1Desc\u00fabrelo aqu\u00ed!\" \/>\n<meta name=\"robots\" content=\"index, follow, max-snippet:-1, max-image-preview:large, max-video-preview:-1\" \/>\n<link rel=\"canonical\" href=\"https:\/\/edicion.fundacionoccident.org\/tennis\/wp-json\/wp\/v2\/pages\/303\" \/>\n<meta property=\"og:locale\" content=\"es_ES\" \/>\n<meta property=\"og:type\" content=\"article\" \/>\n<meta property=\"og:title\" content=\"M\u00e1s all\u00e1 de las Pistas: \u00bfqu\u00e9 ocurre fuera? - Xpress Tennis Cup | FJS\" \/>\n<meta property=\"og:description\" content=\"Desde la Fundaci\u00f3n Jes\u00fas Serra queremos contarte todo lo que ocurre dentro y fuera de las pistas del Xpress Tennis Cup. \u00a1Desc\u00fabrelo aqu\u00ed!\" \/>\n<meta property=\"og:url\" content=\"https:\/\/edicion.fundacionoccident.org\/tennis\/mas-alla-de-las-pistas\" \/>\n<meta property=\"og:site_name\" content=\"Xpress Tennis Cup\" \/>\n<meta property=\"article:modified_time\" content=\"2024-12-03T11:41:01+00:00\" \/>\n<meta name=\"twitter:card\" content=\"summary_large_image\" \/>\n<meta name=\"twitter:label1\" content=\"Tiempo de lectura\" \/>\n\t<meta name=\"twitter:data1\" content=\"2 minutos\" \/>\n<script type=\"application\/ld+json\" class=\"yoast-schema-graph\">{\"@context\":\"https:\/\/schema.org\",\"@graph\":[{\"@type\":\"WebPage\",\"@id\":\"https:\/\/edicion.fundacionoccident.org\/tennis\/mas-alla-de-las-pistas\",\"url\":\"https:\/\/edicion.fundacionoccident.org\/tennis\/mas-alla-de-las-pistas\",\"name\":\"M\u00e1s all\u00e1 de las Pistas: \u00bfqu\u00e9 ocurre fuera? - Xpress Tennis Cup | FJS\",\"isPartOf\":{\"@id\":\"https:\/\/edicion.fundacionoccident.org\/tennis\/#website\"},\"datePublished\":\"2017-03-15T19:05:19+00:00\",\"dateModified\":\"2024-12-03T11:41:01+00:00\",\"description\":\"Desde la Fundaci\u00f3n Jes\u00fas Serra queremos contarte todo lo que ocurre dentro y fuera de las pistas del Xpress Tennis Cup. \u00a1Desc\u00fabrelo aqu\u00ed!\",\"breadcrumb\":{\"@id\":\"https:\/\/edicion.fundacionoccident.org\/tennis\/mas-alla-de-las-pistas#breadcrumb\"},\"inLanguage\":\"es\",\"potentialAction\":[{\"@type\":\"ReadAction\",\"target\":[\"https:\/\/edicion.fundacionoccident.org\/tennis\/mas-alla-de-las-pistas\"]}]},{\"@type\":\"BreadcrumbList\",\"@id\":\"https:\/\/edicion.fundacionoccident.org\/tennis\/mas-alla-de-las-pistas#breadcrumb\",\"itemListElement\":[{\"@type\":\"ListItem\",\"position\":1,\"name\":\"Portada\",\"item\":\"https:\/\/edicion.fundacionoccident.org\/tennis\/\"},{\"@type\":\"ListItem\",\"position\":2,\"name\":\"M\u00e1s all\u00e1 de las pistas\"}]},{\"@type\":\"WebSite\",\"@id\":\"https:\/\/edicion.fundacionoccident.org\/tennis\/#website\",\"url\":\"https:\/\/edicion.fundacionoccident.org\/tennis\/\",\"name\":\"Xpress Tennis Cup\",\"description\":\"Fundaci\u00f3 Jes\u00fas Serra\",\"potentialAction\":[{\"@type\":\"SearchAction\",\"target\":{\"@type\":\"EntryPoint\",\"urlTemplate\":\"https:\/\/edicion.fundacionoccident.org\/tennis\/?s={search_term_string}\"},\"query-input\":{\"@type\":\"PropertyValueSpecification\",\"valueRequired\":true,\"valueName\":\"search_term_string\"}}],\"inLanguage\":\"es\"}]}<\/script>\n<!-- \/ Yoast SEO plugin. -->","yoast_head_json":{"title":"M\u00e1s all\u00e1 de las Pistas: \u00bfqu\u00e9 ocurre fuera? - Xpress Tennis Cup | FJS","description":"Desde la Fundaci\u00f3n Jes\u00fas Serra queremos contarte todo lo que ocurre dentro y fuera de las pistas del Xpress Tennis Cup. \u00a1Desc\u00fabrelo aqu\u00ed!","robots":{"index":"index","follow":"follow","max-snippet":"max-snippet:-1","max-image-preview":"max-image-preview:large","max-video-preview":"max-video-preview:-1"},"canonical":"https:\/\/edicion.fundacionoccident.org\/tennis\/wp-json\/wp\/v2\/pages\/303","og_locale":"es_ES","og_type":"article","og_title":"M\u00e1s all\u00e1 de las Pistas: \u00bfqu\u00e9 ocurre fuera? - Xpress Tennis Cup | FJS","og_description":"Desde la Fundaci\u00f3n Jes\u00fas Serra queremos contarte todo lo que ocurre dentro y fuera de las pistas del Xpress Tennis Cup. \u00a1Desc\u00fabrelo aqu\u00ed!","og_url":"https:\/\/edicion.fundacionoccident.org\/tennis\/mas-alla-de-las-pistas","og_site_name":"Xpress Tennis Cup","article_modified_time":"2024-12-03T11:41:01+00:00","twitter_card":"summary_large_image","twitter_misc":{"Tiempo de lectura":"2 minutos"},"schema":{"@context":"https:\/\/schema.org","@graph":[{"@type":"WebPage","@id":"https:\/\/edicion.fundacionoccident.org\/tennis\/mas-alla-de-las-pistas","url":"https:\/\/edicion.fundacionoccident.org\/tennis\/mas-alla-de-las-pistas","name":"M\u00e1s all\u00e1 de las Pistas: \u00bfqu\u00e9 ocurre fuera? - Xpress Tennis Cup | FJS","isPartOf":{"@id":"https:\/\/edicion.fundacionoccident.org\/tennis\/#website"},"datePublished":"2017-03-15T19:05:19+00:00","dateModified":"2024-12-03T11:41:01+00:00","description":"Desde la Fundaci\u00f3n Jes\u00fas Serra queremos contarte todo lo que ocurre dentro y fuera de las pistas del Xpress Tennis Cup. \u00a1Desc\u00fabrelo aqu\u00ed!","breadcrumb":{"@id":"https:\/\/edicion.fundacionoccident.org\/tennis\/mas-alla-de-las-pistas#breadcrumb"},"inLanguage":"es","potentialAction":[{"@type":"ReadAction","target":["https:\/\/edicion.fundacionoccident.org\/tennis\/mas-alla-de-las-pistas"]}]},{"@type":"BreadcrumbList","@id":"https:\/\/edicion.fundacionoccident.org\/tennis\/mas-alla-de-las-pistas#breadcrumb","itemListElement":[{"@type":"ListItem","position":1,"name":"Portada","item":"https:\/\/edicion.fundacionoccident.org\/tennis\/"},{"@type":"ListItem","position":2,"name":"M\u00e1s all\u00e1 de las pistas"}]},{"@type":"WebSite","@id":"https:\/\/edicion.fundacionoccident.org\/tennis\/#website","url":"https:\/\/edicion.fundacionoccident.org\/tennis\/","name":"Xpress Tennis Cup","description":"Fundaci\u00f3 Jes\u00fas Serra","potentialAction":[{"@type":"SearchAction","target":{"@type":"EntryPoint","urlTemplate":"https:\/\/edicion.fundacionoccident.org\/tennis\/?s={search_term_string}"},"query-input":{"@type":"PropertyValueSpecification","valueRequired":true,"valueName":"search_term_string"}}],"inLanguage":"es"}]}},"_links":{"self":[{"href":"https:\/\/edicion.fundacionoccident.org\/tennis\/wp-json\/wp\/v2\/pages\/303","targetHints":{"allow":["GET"]}}],"collection":[{"href":"https:\/\/edicion.fundacionoccident.org\/tennis\/wp-json\/wp\/v2\/pages"}],"about":[{"href":"https:\/\/edicion.fundacionoccident.org\/tennis\/wp-json\/wp\/v2\/types\/page"}],"author":[{"embeddable":true,"href":"https:\/\/edicion.fundacionoccident.org\/tennis\/wp-json\/wp\/v2\/users\/6"}],"replies":[{"embeddable":true,"href":"https:\/\/edicion.fundacionoccident.org\/tennis\/wp-json\/wp\/v2\/comments?post=303"}],"version-history":[{"count":42,"href":"https:\/\/edicion.fundacionoccident.org\/tennis\/wp-json\/wp\/v2\/pages\/303\/revisions"}],"predecessor-version":[{"id":9084,"href":"https:\/\/edicion.fundacionoccident.org\/tennis\/wp-json\/wp\/v2\/pages\/303\/revisions\/9084"}],"wp:attachment":[{"href":"https:\/\/edicion.fundacionoccident.org\/tennis\/wp-json\/wp\/v2\/media?parent=303"}],"curies":[{"name":"wp","href":"https:\/\/api.w.org\/{rel}","templated":true}]}}