{"id":4138,"date":"2019-06-12T09:07:42","date_gmt":"2019-06-12T09:07:42","guid":{"rendered":"http:\/\/edicion.fundacionjesusserra.org\/tennis\/\/?page_id=4138"},"modified":"2024-01-11T14:27:32","modified_gmt":"2024-01-11T13:27:32","slug":"comunidad-madrid-madrid-fase-2","status":"publish","type":"page","link":"https:\/\/edicion.fundacionoccident.org\/tennis\/comunidad-madrid-madrid-fase-2","title":{"rendered":"Comunidad de Madrid-Madrid-Fase 2"},"content":{"rendered":"<p>[vc_row css_animation=&#8221;&#8221; row_type=&#8221;row&#8221; use_row_as_full_screen_section=&#8221;no&#8221; type=&#8221;full_width&#8221; angled_section=&#8221;no&#8221; text_align=&#8221;left&#8221; background_image_as_pattern=&#8221;without_pattern&#8221;][vc_column][vc_single_image image=&#8221;7060&#8243; img_size=&#8221;full&#8221; qode_css_animation=&#8221;&#8221;][\/vc_column][\/vc_row][vc_row css_animation=&#8221;&#8221; row_type=&#8221;row&#8221; use_row_as_full_screen_section=&#8221;no&#8221; type=&#8221;grid&#8221; angled_section=&#8221;no&#8221; text_align=&#8221;left&#8221; background_image_as_pattern=&#8221;without_pattern&#8221; css=&#8221;.vc_custom_1547052376870{padding-top: 20px !important;padding-bottom: 20px !important;}&#8221;][vc_column width=&#8221;1\/2&#8243;][vc_single_image image=&#8221;3766&#8243; img_size=&#8221;full&#8221; qode_css_animation=&#8221;&#8221;][\/vc_column][vc_column width=&#8221;1\/2&#8243;][vc_column_text]<\/p>\n<h2 style=\"text-align: left;\"><strong>Madrid<\/strong><\/h2>\n<p>[\/vc_column_text][vc_column_text css=&#8221;.vc_custom_1547270957098{padding-top: 20px !important;padding-bottom: 20px !important;}&#8221;]<\/p>\n<h1 style=\"text-align: left;\"><strong>Informaci\u00f3n General<\/strong><\/h1>\n<p>[\/vc_column_text][vc_column_text]<strong>SEDE:<\/strong> Ciudad de la Raqueta<br \/>\n<strong>FECHA:<\/strong> 17\/03\/2024<br \/>\n<strong>HORARIOS:<\/strong> de 10:00 a 15:00<br \/>\n<strong>CATEGOR\u00cdAS:<\/strong><br \/>\n&#8211; Minitennis (mixtos)<br \/>\n&#8211; Sub 10 (equipos masculinos y femeninos)<br \/>\n&#8211; Sub 12 (equipos masculinos y femeninos)<\/p>\n<p><strong>INSCRIPCIONES:<\/strong> <a href=\"\/tennis\/participa\" target=\"_blank\" rel=\"noopener noreferrer\">Formulario Inscripci\u00f3n \u00bb<\/a><br \/>\n<strong>NORMATIVA:<\/strong> <a href=\"\/tennis\/faq\" target=\"_blank\" rel=\"noopener noreferrer\">Consulta la Normativa \u00bb<\/a>[\/vc_column_text][\/vc_column][\/vc_row][vc_row css_animation=&#8221;&#8221; row_type=&#8221;row&#8221; use_row_as_full_screen_section=&#8221;no&#8221; type=&#8221;grid&#8221; angled_section=&#8221;no&#8221; text_align=&#8221;left&#8221; background_image_as_pattern=&#8221;without_pattern&#8221;][vc_column css=&#8221;.vc_custom_1547054076596{padding-bottom: 20px !important;}&#8221;][vc_separator type=&#8221;normal&#8221; color=&#8221;#dddddd&#8221;][\/vc_column][\/vc_row][vc_row css_animation=&#8221;&#8221; row_type=&#8221;row&#8221; use_row_as_full_screen_section=&#8221;no&#8221; type=&#8221;grid&#8221; angled_section=&#8221;no&#8221; text_align=&#8221;left&#8221; background_image_as_pattern=&#8221;without_pattern&#8221;][vc_column width=&#8221;1\/3&#8243;][vc_single_image image=&#8221;21&#8243; qode_css_animation=&#8221;&#8221; css=&#8221;.vc_custom_1547152561869{padding-top: 10px !important;padding-bottom: 10px !important;}&#8221;][vc_column_text css=&#8221;.vc_custom_1547152593184{padding-bottom: 20px !important;}&#8221;]<\/p>\n<h1 style=\"text-align: left;\"><strong>Programa<\/strong><\/h1>\n<p>[\/vc_column_text][vc_column_text]<strong>PISTAS DE ENTRENAMIENTO:<\/strong> A partir de las 09:00h<br \/>\n<strong>LLEGADA:<\/strong> Desde las 09:00h<br \/>\n<strong>INICIO DE PARTIDOS:<\/strong> 10:00h<br \/>\n<strong>FASE FINAL:<\/strong> 15:00h*<br \/>\n<strong>PICA PICA:<\/strong> 15:30h*<\/p>\n<p>(*) Programa orientativo. Puede variar en funci\u00f3n del n\u00famero de inscritos, condiciones meteorol\u00f3gicas u otros factores.[\/vc_column_text][\/vc_column][vc_column width=&#8221;1\/3&#8243;][vc_single_image image=&#8221;124&#8243; qode_css_animation=&#8221;&#8221; css=&#8221;.vc_custom_1547152569435{padding-top: 10px !important;padding-bottom: 10px !important;}&#8221;][vc_column_text css=&#8221;.vc_custom_1547152598476{padding-bottom: 20px !important;}&#8221;]<\/p>\n<h1 style=\"text-align: left;\"><strong>Timing<\/strong><\/h1>\n<p>[\/vc_column_text][vc_column_text]<strong>PLAZO INSCRIPCIONES:<\/strong> Pr\u00f3ximamente<br \/>\n<strong>LISTADO ACEPTADOS:<\/strong> Pr\u00f3ximamente<br \/>\n<strong>SORTEO:<\/strong> Pr\u00f3ximamente<br \/>\n<strong>CUADROS Y ORDEN DE JUEGO:<\/strong> Pr\u00f3ximamente<br \/>\n<strong>NORMATIVA:<\/strong> <a href=\"\/tennis\/faq\" target=\"_blank\" rel=\"noopener noreferrer\">Consulta la Normativa \u00bb<\/a>[\/vc_column_text][\/vc_column][vc_column width=&#8221;1\/3&#8243;][vc_single_image image=&#8221;115&#8243; qode_css_animation=&#8221;&#8221; css=&#8221;.vc_custom_1547152574702{padding-top: 10px !important;padding-bottom: 10px !important;}&#8221;][vc_column_text css=&#8221;.vc_custom_1547152602637{padding-bottom: 20px !important;}&#8221;]<\/p>\n<h1 style=\"text-align: left;\"><strong>Cuadros y Orden de juego<\/strong><\/h1>\n<p>[\/vc_column_text][vc_column_text]<strong>LISTADO ACEPTADOS:<\/strong> <a href=\"\/tennis\/\/wp-content\/uploads\/2019\/06\/2019-06-22_XTC_Madrid-Listado-Tarde-def.pdf\" target=\"_blank\" rel=\"noopener noreferrer\"><span style=\"text-decoration: underline;\">Listado aceptados \u00bb<\/span><\/a><br \/>\n<strong>GRUPOS:<\/strong> <a href=\"\/tennis\/\/wp-content\/uploads\/2019\/06\/2019-06-22_XTC_Madrid-Grupos-tarde.pdf\" target=\"_blank\" rel=\"noopener noreferrer\"><span style=\"text-decoration: underline;\">Distribuci\u00f3n Grupos y Equipos \u00bb<\/span><\/a><br \/>\n<strong>ORDEN DE JUEGO:<\/strong> <a href=\"\/tennis\/\/wp-content\/uploads\/2019\/06\/2019-06-22_XTC_Madrid-OJ-Turno-de-tarde.pdf\" target=\"_blank\" rel=\"noopener noreferrer\"><span style=\"text-decoration: underline;\">Orden de Juego \u00bb<\/span><\/a><\/p>\n<p>Si detectas alguna incidencia y\/o error, por favor, <a href=\"\/tennis\/contacto\">contacta con nosotros<\/a>.[\/vc_column_text][\/vc_column][\/vc_row][vc_row css_animation=&#8221;&#8221; row_type=&#8221;row&#8221; use_row_as_full_screen_section=&#8221;no&#8221; type=&#8221;grid&#8221; angled_section=&#8221;no&#8221; text_align=&#8221;left&#8221; background_image_as_pattern=&#8221;without_pattern&#8221; css=&#8221;.vc_custom_1547152674950{padding-top: 20px !important;padding-bottom: 20px !important;}&#8221;][vc_column css=&#8221;.vc_custom_1547054076596{padding-bottom: 20px !important;}&#8221;][\/vc_column][\/vc_row][vc_row css_animation=&#8221;&#8221; row_type=&#8221;row&#8221; use_row_as_full_screen_section=&#8221;no&#8221; type=&#8221;full_width&#8221; angled_section=&#8221;no&#8221; text_align=&#8221;left&#8221; background_image=&#8221;3683&#8243; background_image_as_pattern=&#8221;without_pattern&#8221; css=&#8221;.vc_custom_1547152622596{padding-top: 20px !important;}&#8221;][vc_column css=&#8221;.vc_custom_1547054097900{padding-top: 20px !important;padding-bottom: 20px !important;}&#8221;][vc_empty_space height=&#8221;350&#8243;][\/vc_column][\/vc_row]<\/p>\n","protected":false},"excerpt":{"rendered":"<p>[vc_row css_animation=&#8221;&#8221; row_type=&#8221;row&#8221; use_row_as_full_screen_section=&#8221;no&#8221; type=&#8221;full_width&#8221; angled_section=&#8221;no&#8221; text_align=&#8221;left&#8221; background_image_as_pattern=&#8221;without_pattern&#8221;][vc_column][vc_single_image image=&#8221;7060&#8243; img_size=&#8221;full&#8221; qode_css_animation=&#8221;&#8221;][\/vc_column][\/vc_row][vc_row css_animation=&#8221;&#8221; row_type=&#8221;row&#8221; use_row_as_full_screen_section=&#8221;no&#8221; type=&#8221;grid&#8221; angled_section=&#8221;no&#8221; text_align=&#8221;left&#8221; background_image_as_pattern=&#8221;without_pattern&#8221; css=&#8221;.vc_custom_1547052376870{padding-top: 20px !important;padding-bottom: 20px !important;}&#8221;][vc_column width=&#8221;1\/2&#8243;][vc_single_image image=&#8221;3766&#8243; img_size=&#8221;full&#8221; qode_css_animation=&#8221;&#8221;][\/vc_column][vc_column width=&#8221;1\/2&#8243;][vc_column_text] Madrid [\/vc_column_text][vc_column_text css=&#8221;.vc_custom_1547270957098{padding-top: 20px !important;padding-bottom: 20px !important;}&#8221;] Informaci\u00f3n General [\/vc_column_text][vc_column_text]SEDE: Ciudad de la Raqueta FECHA: 17\/03\/2024 HORARIOS:&#8230;<\/p>\n","protected":false},"author":6,"featured_media":0,"parent":0,"menu_order":0,"comment_status":"closed","ping_status":"closed","template":"full_width.php","meta":{"footnotes":"","_links_to":"","_links_to_target":""},"class_list":["post-4138","page","type-page","status-publish","hentry"],"yoast_head":"<!-- This site is optimized with the Yoast SEO plugin v26.3 - https:\/\/yoast.com\/wordpress\/plugins\/seo\/ -->\n<title>Comunidad de Madrid-Madrid-Fase 2 - Xpress Tennis Cup<\/title>\n<meta name=\"robots\" content=\"index, follow, max-snippet:-1, max-image-preview:large, max-video-preview:-1\" \/>\n<link rel=\"canonical\" href=\"https:\/\/edicion.fundacionoccident.org\/tennis\/wp-json\/wp\/v2\/pages\/4138\" \/>\n<meta property=\"og:locale\" content=\"es_ES\" \/>\n<meta property=\"og:type\" content=\"article\" \/>\n<meta property=\"og:title\" content=\"Comunidad de Madrid-Madrid-Fase 2 - Xpress Tennis Cup\" \/>\n<meta property=\"og:description\" content=\"[vc_row css_animation=&#8221;&#8221; row_type=&#8221;row&#8221; use_row_as_full_screen_section=&#8221;no&#8221; type=&#8221;full_width&#8221; angled_section=&#8221;no&#8221; text_align=&#8221;left&#8221; background_image_as_pattern=&#8221;without_pattern&#8221;][vc_column][vc_single_image image=&#8221;7060&#8243; img_size=&#8221;full&#8221; qode_css_animation=&#8221;&#8221;][\/vc_column][\/vc_row][vc_row css_animation=&#8221;&#8221; row_type=&#8221;row&#8221; use_row_as_full_screen_section=&#8221;no&#8221; type=&#8221;grid&#8221; angled_section=&#8221;no&#8221; text_align=&#8221;left&#8221; background_image_as_pattern=&#8221;without_pattern&#8221; css=&#8221;.vc_custom_1547052376870{padding-top: 20px !important;padding-bottom: 20px !important;}&#8221;][vc_column width=&#8221;1\/2&#8243;][vc_single_image image=&#8221;3766&#8243; img_size=&#8221;full&#8221; qode_css_animation=&#8221;&#8221;][\/vc_column][vc_column width=&#8221;1\/2&#8243;][vc_column_text] Madrid [\/vc_column_text][vc_column_text css=&#8221;.vc_custom_1547270957098{padding-top: 20px !important;padding-bottom: 20px !important;}&#8221;] Informaci\u00f3n General [\/vc_column_text][vc_column_text]SEDE: Ciudad de la Raqueta FECHA: 17\/03\/2024 HORARIOS:...\" \/>\n<meta property=\"og:url\" content=\"https:\/\/edicion.fundacionoccident.org\/tennis\/comunidad-madrid-madrid-fase-2\" \/>\n<meta property=\"og:site_name\" content=\"Xpress Tennis Cup\" \/>\n<meta property=\"article:modified_time\" content=\"2024-01-11T13:27:32+00:00\" \/>\n<meta name=\"twitter:card\" content=\"summary_large_image\" \/>\n<meta name=\"twitter:label1\" content=\"Tiempo de lectura\" \/>\n\t<meta name=\"twitter:data1\" content=\"2 minutos\" \/>\n<script type=\"application\/ld+json\" class=\"yoast-schema-graph\">{\"@context\":\"https:\/\/schema.org\",\"@graph\":[{\"@type\":\"WebPage\",\"@id\":\"https:\/\/edicion.fundacionoccident.org\/tennis\/comunidad-madrid-madrid-fase-2\",\"url\":\"https:\/\/edicion.fundacionoccident.org\/tennis\/comunidad-madrid-madrid-fase-2\",\"name\":\"Comunidad de Madrid-Madrid-Fase 2 - Xpress Tennis Cup\",\"isPartOf\":{\"@id\":\"https:\/\/edicion.fundacionoccident.org\/tennis\/#website\"},\"datePublished\":\"2019-06-12T09:07:42+00:00\",\"dateModified\":\"2024-01-11T13:27:32+00:00\",\"breadcrumb\":{\"@id\":\"https:\/\/edicion.fundacionoccident.org\/tennis\/comunidad-madrid-madrid-fase-2#breadcrumb\"},\"inLanguage\":\"es\",\"potentialAction\":[{\"@type\":\"ReadAction\",\"target\":[\"https:\/\/edicion.fundacionoccident.org\/tennis\/comunidad-madrid-madrid-fase-2\"]}]},{\"@type\":\"BreadcrumbList\",\"@id\":\"https:\/\/edicion.fundacionoccident.org\/tennis\/comunidad-madrid-madrid-fase-2#breadcrumb\",\"itemListElement\":[{\"@type\":\"ListItem\",\"position\":1,\"name\":\"Portada\",\"item\":\"https:\/\/edicion.fundacionoccident.org\/tennis\/\"},{\"@type\":\"ListItem\",\"position\":2,\"name\":\"Comunidad de Madrid-Madrid-Fase 2\"}]},{\"@type\":\"WebSite\",\"@id\":\"https:\/\/edicion.fundacionoccident.org\/tennis\/#website\",\"url\":\"https:\/\/edicion.fundacionoccident.org\/tennis\/\",\"name\":\"Xpress Tennis Cup\",\"description\":\"Fundaci\u00f3 Jes\u00fas Serra\",\"potentialAction\":[{\"@type\":\"SearchAction\",\"target\":{\"@type\":\"EntryPoint\",\"urlTemplate\":\"https:\/\/edicion.fundacionoccident.org\/tennis\/?s={search_term_string}\"},\"query-input\":{\"@type\":\"PropertyValueSpecification\",\"valueRequired\":true,\"valueName\":\"search_term_string\"}}],\"inLanguage\":\"es\"}]}<\/script>\n<!-- \/ Yoast SEO plugin. -->","yoast_head_json":{"title":"Comunidad de Madrid-Madrid-Fase 2 - Xpress Tennis Cup","robots":{"index":"index","follow":"follow","max-snippet":"max-snippet:-1","max-image-preview":"max-image-preview:large","max-video-preview":"max-video-preview:-1"},"canonical":"https:\/\/edicion.fundacionoccident.org\/tennis\/wp-json\/wp\/v2\/pages\/4138","og_locale":"es_ES","og_type":"article","og_title":"Comunidad de Madrid-Madrid-Fase 2 - Xpress Tennis Cup","og_description":"[vc_row css_animation=&#8221;&#8221; row_type=&#8221;row&#8221; use_row_as_full_screen_section=&#8221;no&#8221; type=&#8221;full_width&#8221; angled_section=&#8221;no&#8221; text_align=&#8221;left&#8221; background_image_as_pattern=&#8221;without_pattern&#8221;][vc_column][vc_single_image image=&#8221;7060&#8243; img_size=&#8221;full&#8221; qode_css_animation=&#8221;&#8221;][\/vc_column][\/vc_row][vc_row css_animation=&#8221;&#8221; row_type=&#8221;row&#8221; use_row_as_full_screen_section=&#8221;no&#8221; type=&#8221;grid&#8221; angled_section=&#8221;no&#8221; text_align=&#8221;left&#8221; background_image_as_pattern=&#8221;without_pattern&#8221; css=&#8221;.vc_custom_1547052376870{padding-top: 20px !important;padding-bottom: 20px !important;}&#8221;][vc_column width=&#8221;1\/2&#8243;][vc_single_image image=&#8221;3766&#8243; img_size=&#8221;full&#8221; qode_css_animation=&#8221;&#8221;][\/vc_column][vc_column width=&#8221;1\/2&#8243;][vc_column_text] Madrid [\/vc_column_text][vc_column_text css=&#8221;.vc_custom_1547270957098{padding-top: 20px !important;padding-bottom: 20px !important;}&#8221;] Informaci\u00f3n General [\/vc_column_text][vc_column_text]SEDE: Ciudad de la Raqueta FECHA: 17\/03\/2024 HORARIOS:...","og_url":"https:\/\/edicion.fundacionoccident.org\/tennis\/comunidad-madrid-madrid-fase-2","og_site_name":"Xpress Tennis Cup","article_modified_time":"2024-01-11T13:27:32+00:00","twitter_card":"summary_large_image","twitter_misc":{"Tiempo de lectura":"2 minutos"},"schema":{"@context":"https:\/\/schema.org","@graph":[{"@type":"WebPage","@id":"https:\/\/edicion.fundacionoccident.org\/tennis\/comunidad-madrid-madrid-fase-2","url":"https:\/\/edicion.fundacionoccident.org\/tennis\/comunidad-madrid-madrid-fase-2","name":"Comunidad de Madrid-Madrid-Fase 2 - Xpress Tennis Cup","isPartOf":{"@id":"https:\/\/edicion.fundacionoccident.org\/tennis\/#website"},"datePublished":"2019-06-12T09:07:42+00:00","dateModified":"2024-01-11T13:27:32+00:00","breadcrumb":{"@id":"https:\/\/edicion.fundacionoccident.org\/tennis\/comunidad-madrid-madrid-fase-2#breadcrumb"},"inLanguage":"es","potentialAction":[{"@type":"ReadAction","target":["https:\/\/edicion.fundacionoccident.org\/tennis\/comunidad-madrid-madrid-fase-2"]}]},{"@type":"BreadcrumbList","@id":"https:\/\/edicion.fundacionoccident.org\/tennis\/comunidad-madrid-madrid-fase-2#breadcrumb","itemListElement":[{"@type":"ListItem","position":1,"name":"Portada","item":"https:\/\/edicion.fundacionoccident.org\/tennis\/"},{"@type":"ListItem","position":2,"name":"Comunidad de Madrid-Madrid-Fase 2"}]},{"@type":"WebSite","@id":"https:\/\/edicion.fundacionoccident.org\/tennis\/#website","url":"https:\/\/edicion.fundacionoccident.org\/tennis\/","name":"Xpress Tennis Cup","description":"Fundaci\u00f3 Jes\u00fas Serra","potentialAction":[{"@type":"SearchAction","target":{"@type":"EntryPoint","urlTemplate":"https:\/\/edicion.fundacionoccident.org\/tennis\/?s={search_term_string}"},"query-input":{"@type":"PropertyValueSpecification","valueRequired":true,"valueName":"search_term_string"}}],"inLanguage":"es"}]}},"_links":{"self":[{"href":"https:\/\/edicion.fundacionoccident.org\/tennis\/wp-json\/wp\/v2\/pages\/4138","targetHints":{"allow":["GET"]}}],"collection":[{"href":"https:\/\/edicion.fundacionoccident.org\/tennis\/wp-json\/wp\/v2\/pages"}],"about":[{"href":"https:\/\/edicion.fundacionoccident.org\/tennis\/wp-json\/wp\/v2\/types\/page"}],"author":[{"embeddable":true,"href":"https:\/\/edicion.fundacionoccident.org\/tennis\/wp-json\/wp\/v2\/users\/6"}],"replies":[{"embeddable":true,"href":"https:\/\/edicion.fundacionoccident.org\/tennis\/wp-json\/wp\/v2\/comments?post=4138"}],"version-history":[{"count":13,"href":"https:\/\/edicion.fundacionoccident.org\/tennis\/wp-json\/wp\/v2\/pages\/4138\/revisions"}],"predecessor-version":[{"id":8552,"href":"https:\/\/edicion.fundacionoccident.org\/tennis\/wp-json\/wp\/v2\/pages\/4138\/revisions\/8552"}],"wp:attachment":[{"href":"https:\/\/edicion.fundacionoccident.org\/tennis\/wp-json\/wp\/v2\/media?parent=4138"}],"curies":[{"name":"wp","href":"https:\/\/api.w.org\/{rel}","templated":true}]}}