{"id":7310,"date":"2021-11-19T14:37:03","date_gmt":"2021-11-19T13:37:03","guid":{"rendered":"https:\/\/edicion.fundacionjesusserra.org\/tennis\/?page_id=7310"},"modified":"2024-05-09T17:26:14","modified_gmt":"2024-05-09T15:26:14","slug":"normativa-xpress-padel-cup","status":"publish","type":"page","link":"https:\/\/edicion.fundacionoccident.org\/tennis\/torneo-xpress-padel-cup\/normativa-xpress-padel-cup","title":{"rendered":"Normativa Xpress Padel Cup"},"content":{"rendered":"<p>[vc_row css_animation=&#8221;&#8221; row_type=&#8221;row&#8221; use_row_as_full_screen_section=&#8221;no&#8221; type=&#8221;full_width&#8221; angled_section=&#8221;no&#8221; text_align=&#8221;left&#8221; background_image_as_pattern=&#8221;without_pattern&#8221;][vc_column][vc_single_image image=&#8221;8639&#8243; img_size=&#8221;1600&#215;481&#8243; alignment=&#8221;center&#8221; qode_css_animation=&#8221;&#8221;][\/vc_column][\/vc_row][vc_row css_animation=&#8221;&#8221; row_type=&#8221;row&#8221; use_row_as_full_screen_section=&#8221;no&#8221; type=&#8221;grid&#8221; anchor=&#8221;1600&#8243; angled_section=&#8221;no&#8221; text_align=&#8221;left&#8221; background_image_as_pattern=&#8221;without_pattern&#8221; background_color=&#8221;#ffffff&#8221; css=&#8221;.vc_custom_1489498678216{margin-right: 0px !important;margin-left: 0px !important;}&#8221;][vc_column][vc_empty_space height=&#8221;60px&#8221;][vc_row_inner row_type=&#8221;row&#8221; type=&#8221;full_width&#8221; text_align=&#8221;left&#8221; css_animation=&#8221;&#8221; css=&#8221;.vc_custom_1519635227727{padding-right: 30px !important;padding-left: 30px !important;}&#8221;][vc_column_inner][vc_column_text]<\/p>\n<h1><strong>Normativa Xpress Padel Cup<\/strong><\/h1>\n<p>[\/vc_column_text][vc_empty_space height=&#8221;20px&#8221;][vc_column_text]<\/p>\n<h3>1. Objetivos e introducci\u00f3n<\/h3>\n<p>&nbsp;<\/p>\n<p>\u2013 Xpress Padel Cup es un proyecto deportivo de la Fundaci\u00f3n Occident.<br \/>\n\u2013 Se trata de un formato innovador ya utilizado en nuestro torneo de Tenis, compitiendo por equipos con partidos xpress de 20 minutos.<br \/>\n\u2013 El objetivo de este campeonato es reforzar los valores del deporte, el esfuerzo personal, el trabajo en equipo y la solidaridad entre los participantes.<br \/>\n\u2013 Va dirigido a empleados y mediadores de GCO que competir\u00e1n por parejas en una primera fase clasificatoria de grupos y rondas finales.<br \/>\n\u2013 El campeonato contar\u00e1 con un torneo en Madrid, Getxo (Bilbao) y San Cugat (Barcelona).<\/p>\n<p>\u2013 Los ganadores y finalistas de cada una de las categor\u00edas ser\u00e1n premiados al final del evento.<\/p>\n<p>&nbsp;<\/p>\n<h3>2. Formato<\/h3>\n<p>El torneo se llevar\u00e1 a cabo en dos jornadas de fin de semana (s\u00e1bado y domingo) donde participar\u00e1n 15 parejas de nivel principiante, el s\u00e1bado, y 15 parejas de nivel medio-avanzado, el domingo.<\/p>\n<p>Las 15 parejas que jueguen cada d\u00eda ser\u00e1n formadas al azar independientemente de su genero o edad.<\/p>\n<p>El formato de juego estar\u00e1 compuesto de una primera fase de grupos donde se clasificar\u00e1n las 3 primeras, 3 segundas y 2 mejores terceras parejas de cada uno de los tres grupos que haya. Quedando de tal manera 8 parejas que jugar\u00e1n ronda de cuartos, semifinal y final del torneo.<\/p>\n<p>&nbsp;<\/p>\n<p><strong>2.1 Formato de juego:<\/strong><\/p>\n<p>Pista: P\u00e1del (medidas est\u00e1ndar: 10x20m)<br \/>\nRed: altura en el punto central de la red 0.88m.<br \/>\nPelota: normales<br \/>\nDuraci\u00f3n partidos: 20 minutos.<\/p>\n<p>Servicio:<\/p>\n<p>\u2013 Los servicios deber\u00e1n efectuarse por bajo (poniendo la pelota en juego).<br \/>\n\u2013 Servir\u00e1 siempre el equipo que gane el punto anterior. Despu\u00e9s de cada juego, sacar\u00e1n los jugadores que no lo hicieron en el anterior juego y se cambiar\u00e1 de lado de pista.<\/p>\n<p>Cada partido tendr\u00e1 una duraci\u00f3n de 20 minutos. Todas las parejas jugar\u00e1n un m\u00ednimo de 4 partidos (80 minutos).<\/p>\n<p>Se jugar\u00e1 con el sistema de juego de tiebreak de 7 puntos. En caso de que haya empate a 6, habr\u00e1 punto de oro.<\/p>\n<p>Se jugar\u00e1n tantos tiebreaks como tiempo de en los 20 minutos de partido.<\/p>\n<p>&nbsp;<\/p>\n<h3>3. Puntuaci\u00f3n<\/h3>\n<p>&nbsp;<\/p>\n<p>\u2013 Juegos con punto de oro.<br \/>\n\u2013 Se disputar\u00e1n el n\u00famero de juegos que sean posibles en los 20 minutos de duraci\u00f3n del partido.<br \/>\n\u2013 Cuando falte 1 minuto para la conclusi\u00f3n del partido, los responsables del torneo informar\u00e1n con un aviso sonoro (pitido) la disputa de los 2 \u00faltimos puntos del partido.<br \/>\n\u2013 Los partidos ganados por incomparecencia o falta de jugadores se considerar\u00e1n ganados por el resultado de 7-0.<\/p>\n<p>&nbsp;<\/p>\n<h3>4. Ganadores<\/h3>\n<p>&nbsp;<\/p>\n<p>La pareja vencedora ser\u00e1 la que haya ganado m\u00e1s juegos o tiebreaks (finalizados) en el partido disputado.<\/p>\n<p>En caso de empate entre equipos, ganar\u00e1 el equipo que m\u00e1s puntos haya ganado (tambi\u00e9n computando puntos de juegos no finalizados).<br \/>\nEn caso de que todav\u00eda persista el empate, se disputar\u00e1 un juego extra de desempate.<\/p>\n<p>&nbsp;<\/p>\n<p><strong>4.1 Fase round robin<\/strong><\/p>\n<p>Divididos en grupos, los equipos jugar\u00e1n fase round robin (todos contra todos).<\/p>\n<p>&nbsp;<\/p>\n<p><strong>4.2 Fase final<\/strong><u><br \/>\n<\/u>Despu\u00e9s de disputar la fase round robin, pasar\u00e1n a la fase final las 3 primeras parejas, las 3 segundas mejores parejas y 2 mejores terceras parejas de los tres grupos.<\/p>\n<p>Tambi\u00e9n se jugar\u00e1n partidos por tercer y cuarto puesto.<br \/>\nEn el caso de que haya alguna variaci\u00f3n en el global de los equipos inscritos, el formato se adaptar\u00e1 seg\u00fan criterios de la organizaci\u00f3n.<\/p>\n<p>&nbsp;<\/p>\n<h3>5. Inscripciones<\/h3>\n<p>&nbsp;<\/p>\n<p>\u2013 Las inscripciones se pueden hacer exclusivamente mediante el formulario que facilita la organizaci\u00f3n.<br \/>\n\u2013 La organizaci\u00f3n establecer\u00e1 un plazo de inscripci\u00f3n.<br \/>\n\u2013 Cualquier inscripci\u00f3n efectuada fuera de este plazo no tiene garantizada su participaci\u00f3n el torneo.<br \/>\n\u2013 No es obligatoria la licencia federativa.<\/p>\n<p>&nbsp;<\/p>\n<h3>6. Casos concretos<\/h3>\n<p>&nbsp;<\/p>\n<p>Cualquier otra situaci\u00f3n que se pueda dar durante el campeonato y que no est\u00e9 reflejada en el reglamento ser\u00e1 estudiada por el juez \u00e1rbitro o la comisi\u00f3n deportiva si \u00e9sta es parte implicada.<\/p>\n<p>&nbsp;<\/p>\n<p>&nbsp;<\/p>\n<h4>Disposiciones Finales<\/h4>\n<p>Con la inscripci\u00f3n y \/ o participaci\u00f3n en esta actividad, todos los participantes conocen y aceptan la presente normativa, as\u00ed como quedan informados de lo siguiente:<\/p>\n<p>El responsable del tratamiento es la FUNDACI\u00d3N OCCIDENT, con N.I.F G-61.559.076 y domicilio social en la Avenida Alcalde Barnils, n\u00ba 63 de 08174 Sant Cugat del Vall\u00e8s (Barcelona), inscrita en el Registro de Fundaciones con el n\u00ba 355.<\/p>\n<p>A trav\u00e9s de la cumplimentaci\u00f3n del formulario inscripci\u00f3n prestan su consentimiento expreso para el tratamiento de los datos personales relativos a su imagen y\/o voz captados por la FUNDACI\u00d3N OCCIDENT, as\u00ed como, en su caso, su consentimiento expl\u00edcito para el tratamiento de los datos personales de salud, que se muestren en las im\u00e1genes captadas en el transcurso de la actividad organizada por \u00e9sta con la finalidad de ser divulgadas en su p\u00e1gina web, redes sociales, plataformas y revista.<\/p>\n<p>La autorizaci\u00f3n para la cesi\u00f3n de los derechos de imagen incluye todos los derechos de reproducci\u00f3n, transformaci\u00f3n, distribuci\u00f3n y comunicaci\u00f3n p\u00fablica de la grabaci\u00f3n o im\u00e1genes captadas. Se le advierte que la publicaci\u00f3n de las im\u00e1genes y\/o voz implica la comunicaci\u00f3n de dichos datos a terceros.<\/p>\n<p>La base legal del tratamiento es la obtenci\u00f3n del consentimiento del interesado, por lo que Ud. consiente de forma expresa y expl\u00edcita a trav\u00e9s de la marcaci\u00f3n de la casilla correspondiente en este documento, rubricado con su firma, el tratamiento de sus datos, que incluyen su imagen y\/o voz, as\u00ed como los de su hijo, hija o menor o incapacitado a su cargo y, en su caso, datos de salud. El interesado tendr\u00e1 derecho a retirar su consentimiento en cualquier momento. La retirada del consentimiento no afectar\u00e1 a la licitud del tratamiento basada en el consentimiento previo a su retirada.<\/p>\n<p>S\u00f3lo se tratar\u00e1n los datos para los fines que se han informado y obtenido su consentimiento y no se aplicar\u00e1n o utilizar\u00e1n con distinto fin, ni se comunicar\u00e1n a terceros, salvo obligaci\u00f3n legal. Los datos personales se conservar\u00e1n mientras sea necesario para el cumplimiento de su finalidad, aunque se podr\u00e1n conservar, debidamente bloqueados, en tanto pudieran derivarse responsabilidades de su relaci\u00f3n o que le resulte de aplicaci\u00f3n alguna excepci\u00f3n legal.<\/p>\n<p>En cualquier momento puede ejercer los derechos de acceso, rectificaci\u00f3n, supresi\u00f3n y oposici\u00f3n, limitar el tratamiento de sus datos, o ejercer el derecho a la portabilidad de \u00e9stos. Todo ello, mediante escrito, dirigido a la direcci\u00f3n de correo electr\u00f3nico <a href=\"mailto:dpo@gco.com\">dpo@gco.com<\/a> o a la direcci\u00f3n postal de la FUNDACI\u00d3N OCCIDENT indicada con anterioridad. En caso de disconformidad con el tratamiento, tambi\u00e9n tiene derecho a presentar una reclamaci\u00f3n ante la Agencia Espa\u00f1ola de Protecci\u00f3n de Datos (<a href=\"http:\/\/www.aepd.es\">www.aepd.es<\/a>).[\/vc_column_text][vc_empty_space height=&#8221;90px&#8221;][\/vc_column_inner][\/vc_row_inner][\/vc_column][\/vc_row]<\/p>\n","protected":false},"excerpt":{"rendered":"<p>[vc_row css_animation=&#8221;&#8221; row_type=&#8221;row&#8221; use_row_as_full_screen_section=&#8221;no&#8221; type=&#8221;full_width&#8221; angled_section=&#8221;no&#8221; text_align=&#8221;left&#8221; background_image_as_pattern=&#8221;without_pattern&#8221;][vc_column][vc_single_image image=&#8221;8639&#8243; img_size=&#8221;1600&#215;481&#8243; alignment=&#8221;center&#8221; qode_css_animation=&#8221;&#8221;][\/vc_column][\/vc_row][vc_row css_animation=&#8221;&#8221; row_type=&#8221;row&#8221; use_row_as_full_screen_section=&#8221;no&#8221; type=&#8221;grid&#8221; anchor=&#8221;1600&#8243; angled_section=&#8221;no&#8221; text_align=&#8221;left&#8221; background_image_as_pattern=&#8221;without_pattern&#8221; background_color=&#8221;#ffffff&#8221; css=&#8221;.vc_custom_1489498678216{margin-right: 0px !important;margin-left: 0px !important;}&#8221;][vc_column][vc_empty_space height=&#8221;60px&#8221;][vc_row_inner row_type=&#8221;row&#8221; type=&#8221;full_width&#8221; text_align=&#8221;left&#8221; css_animation=&#8221;&#8221; css=&#8221;.vc_custom_1519635227727{padding-right: 30px !important;padding-left: 30px !important;}&#8221;][vc_column_inner][vc_column_text] Normativa Xpress Padel Cup [\/vc_column_text][vc_empty_space height=&#8221;20px&#8221;][vc_column_text] 1. Objetivos e&#8230;<\/p>\n","protected":false},"author":9,"featured_media":0,"parent":7299,"menu_order":0,"comment_status":"closed","ping_status":"closed","template":"full_width.php","meta":{"footnotes":"","_links_to":"","_links_to_target":""},"class_list":["post-7310","page","type-page","status-publish","hentry"],"yoast_head":"<!-- This site is optimized with the Yoast SEO plugin v26.3 - https:\/\/yoast.com\/wordpress\/plugins\/seo\/ -->\n<title>Normativa Xpress Padel Cup - Xpress Tennis Cup<\/title>\n<meta name=\"robots\" content=\"index, follow, max-snippet:-1, max-image-preview:large, max-video-preview:-1\" \/>\n<link rel=\"canonical\" href=\"https:\/\/edicion.fundacionoccident.org\/tennis\/wp-json\/wp\/v2\/pages\/7310\" \/>\n<meta property=\"og:locale\" content=\"es_ES\" \/>\n<meta property=\"og:type\" content=\"article\" \/>\n<meta property=\"og:title\" content=\"Normativa Xpress Padel Cup - Xpress Tennis Cup\" \/>\n<meta property=\"og:description\" content=\"[vc_row css_animation=&#8221;&#8221; row_type=&#8221;row&#8221; use_row_as_full_screen_section=&#8221;no&#8221; type=&#8221;full_width&#8221; angled_section=&#8221;no&#8221; text_align=&#8221;left&#8221; background_image_as_pattern=&#8221;without_pattern&#8221;][vc_column][vc_single_image image=&#8221;8639&#8243; img_size=&#8221;1600&#215;481&#8243; alignment=&#8221;center&#8221; qode_css_animation=&#8221;&#8221;][\/vc_column][\/vc_row][vc_row css_animation=&#8221;&#8221; row_type=&#8221;row&#8221; use_row_as_full_screen_section=&#8221;no&#8221; type=&#8221;grid&#8221; anchor=&#8221;1600&#8243; angled_section=&#8221;no&#8221; text_align=&#8221;left&#8221; background_image_as_pattern=&#8221;without_pattern&#8221; background_color=&#8221;#ffffff&#8221; css=&#8221;.vc_custom_1489498678216{margin-right: 0px !important;margin-left: 0px !important;}&#8221;][vc_column][vc_empty_space height=&#8221;60px&#8221;][vc_row_inner row_type=&#8221;row&#8221; type=&#8221;full_width&#8221; text_align=&#8221;left&#8221; css_animation=&#8221;&#8221; css=&#8221;.vc_custom_1519635227727{padding-right: 30px !important;padding-left: 30px !important;}&#8221;][vc_column_inner][vc_column_text] Normativa Xpress Padel Cup [\/vc_column_text][vc_empty_space height=&#8221;20px&#8221;][vc_column_text] 1. Objetivos e...\" \/>\n<meta property=\"og:url\" content=\"https:\/\/edicion.fundacionoccident.org\/tennis\/torneo-xpress-padel-cup\/normativa-xpress-padel-cup\" \/>\n<meta property=\"og:site_name\" content=\"Xpress Tennis Cup\" \/>\n<meta property=\"article:modified_time\" content=\"2024-05-09T15:26:14+00:00\" \/>\n<meta name=\"twitter:card\" content=\"summary_large_image\" \/>\n<meta name=\"twitter:label1\" content=\"Tiempo de lectura\" \/>\n\t<meta name=\"twitter:data1\" content=\"5 minutos\" \/>\n<script type=\"application\/ld+json\" class=\"yoast-schema-graph\">{\"@context\":\"https:\/\/schema.org\",\"@graph\":[{\"@type\":\"WebPage\",\"@id\":\"https:\/\/edicion.fundacionoccident.org\/tennis\/torneo-xpress-padel-cup\/normativa-xpress-padel-cup\",\"url\":\"https:\/\/edicion.fundacionoccident.org\/tennis\/torneo-xpress-padel-cup\/normativa-xpress-padel-cup\",\"name\":\"Normativa Xpress Padel Cup - Xpress Tennis Cup\",\"isPartOf\":{\"@id\":\"https:\/\/edicion.fundacionoccident.org\/tennis\/#website\"},\"datePublished\":\"2021-11-19T13:37:03+00:00\",\"dateModified\":\"2024-05-09T15:26:14+00:00\",\"breadcrumb\":{\"@id\":\"https:\/\/edicion.fundacionoccident.org\/tennis\/torneo-xpress-padel-cup\/normativa-xpress-padel-cup#breadcrumb\"},\"inLanguage\":\"es\",\"potentialAction\":[{\"@type\":\"ReadAction\",\"target\":[\"https:\/\/edicion.fundacionoccident.org\/tennis\/torneo-xpress-padel-cup\/normativa-xpress-padel-cup\"]}]},{\"@type\":\"BreadcrumbList\",\"@id\":\"https:\/\/edicion.fundacionoccident.org\/tennis\/torneo-xpress-padel-cup\/normativa-xpress-padel-cup#breadcrumb\",\"itemListElement\":[{\"@type\":\"ListItem\",\"position\":1,\"name\":\"Portada\",\"item\":\"https:\/\/edicion.fundacionoccident.org\/tennis\/\"},{\"@type\":\"ListItem\",\"position\":2,\"name\":\"Torneo Xpress Padel Cup\",\"item\":\"https:\/\/edicion.fundacionoccident.org\/tennis\/torneo-xpress-padel-cup\"},{\"@type\":\"ListItem\",\"position\":3,\"name\":\"Normativa Xpress Padel Cup\"}]},{\"@type\":\"WebSite\",\"@id\":\"https:\/\/edicion.fundacionoccident.org\/tennis\/#website\",\"url\":\"https:\/\/edicion.fundacionoccident.org\/tennis\/\",\"name\":\"Xpress Tennis Cup\",\"description\":\"Fundaci\u00f3 Jes\u00fas Serra\",\"potentialAction\":[{\"@type\":\"SearchAction\",\"target\":{\"@type\":\"EntryPoint\",\"urlTemplate\":\"https:\/\/edicion.fundacionoccident.org\/tennis\/?s={search_term_string}\"},\"query-input\":{\"@type\":\"PropertyValueSpecification\",\"valueRequired\":true,\"valueName\":\"search_term_string\"}}],\"inLanguage\":\"es\"}]}<\/script>\n<!-- \/ Yoast SEO plugin. -->","yoast_head_json":{"title":"Normativa Xpress Padel Cup - Xpress Tennis Cup","robots":{"index":"index","follow":"follow","max-snippet":"max-snippet:-1","max-image-preview":"max-image-preview:large","max-video-preview":"max-video-preview:-1"},"canonical":"https:\/\/edicion.fundacionoccident.org\/tennis\/wp-json\/wp\/v2\/pages\/7310","og_locale":"es_ES","og_type":"article","og_title":"Normativa Xpress Padel Cup - Xpress Tennis Cup","og_description":"[vc_row css_animation=&#8221;&#8221; row_type=&#8221;row&#8221; use_row_as_full_screen_section=&#8221;no&#8221; type=&#8221;full_width&#8221; angled_section=&#8221;no&#8221; text_align=&#8221;left&#8221; background_image_as_pattern=&#8221;without_pattern&#8221;][vc_column][vc_single_image image=&#8221;8639&#8243; img_size=&#8221;1600&#215;481&#8243; alignment=&#8221;center&#8221; qode_css_animation=&#8221;&#8221;][\/vc_column][\/vc_row][vc_row css_animation=&#8221;&#8221; row_type=&#8221;row&#8221; use_row_as_full_screen_section=&#8221;no&#8221; type=&#8221;grid&#8221; anchor=&#8221;1600&#8243; angled_section=&#8221;no&#8221; text_align=&#8221;left&#8221; background_image_as_pattern=&#8221;without_pattern&#8221; background_color=&#8221;#ffffff&#8221; css=&#8221;.vc_custom_1489498678216{margin-right: 0px !important;margin-left: 0px !important;}&#8221;][vc_column][vc_empty_space height=&#8221;60px&#8221;][vc_row_inner row_type=&#8221;row&#8221; type=&#8221;full_width&#8221; text_align=&#8221;left&#8221; css_animation=&#8221;&#8221; css=&#8221;.vc_custom_1519635227727{padding-right: 30px !important;padding-left: 30px !important;}&#8221;][vc_column_inner][vc_column_text] Normativa Xpress Padel Cup [\/vc_column_text][vc_empty_space height=&#8221;20px&#8221;][vc_column_text] 1. Objetivos e...","og_url":"https:\/\/edicion.fundacionoccident.org\/tennis\/torneo-xpress-padel-cup\/normativa-xpress-padel-cup","og_site_name":"Xpress Tennis Cup","article_modified_time":"2024-05-09T15:26:14+00:00","twitter_card":"summary_large_image","twitter_misc":{"Tiempo de lectura":"5 minutos"},"schema":{"@context":"https:\/\/schema.org","@graph":[{"@type":"WebPage","@id":"https:\/\/edicion.fundacionoccident.org\/tennis\/torneo-xpress-padel-cup\/normativa-xpress-padel-cup","url":"https:\/\/edicion.fundacionoccident.org\/tennis\/torneo-xpress-padel-cup\/normativa-xpress-padel-cup","name":"Normativa Xpress Padel Cup - Xpress Tennis Cup","isPartOf":{"@id":"https:\/\/edicion.fundacionoccident.org\/tennis\/#website"},"datePublished":"2021-11-19T13:37:03+00:00","dateModified":"2024-05-09T15:26:14+00:00","breadcrumb":{"@id":"https:\/\/edicion.fundacionoccident.org\/tennis\/torneo-xpress-padel-cup\/normativa-xpress-padel-cup#breadcrumb"},"inLanguage":"es","potentialAction":[{"@type":"ReadAction","target":["https:\/\/edicion.fundacionoccident.org\/tennis\/torneo-xpress-padel-cup\/normativa-xpress-padel-cup"]}]},{"@type":"BreadcrumbList","@id":"https:\/\/edicion.fundacionoccident.org\/tennis\/torneo-xpress-padel-cup\/normativa-xpress-padel-cup#breadcrumb","itemListElement":[{"@type":"ListItem","position":1,"name":"Portada","item":"https:\/\/edicion.fundacionoccident.org\/tennis\/"},{"@type":"ListItem","position":2,"name":"Torneo Xpress Padel Cup","item":"https:\/\/edicion.fundacionoccident.org\/tennis\/torneo-xpress-padel-cup"},{"@type":"ListItem","position":3,"name":"Normativa Xpress Padel Cup"}]},{"@type":"WebSite","@id":"https:\/\/edicion.fundacionoccident.org\/tennis\/#website","url":"https:\/\/edicion.fundacionoccident.org\/tennis\/","name":"Xpress Tennis Cup","description":"Fundaci\u00f3 Jes\u00fas Serra","potentialAction":[{"@type":"SearchAction","target":{"@type":"EntryPoint","urlTemplate":"https:\/\/edicion.fundacionoccident.org\/tennis\/?s={search_term_string}"},"query-input":{"@type":"PropertyValueSpecification","valueRequired":true,"valueName":"search_term_string"}}],"inLanguage":"es"}]}},"_links":{"self":[{"href":"https:\/\/edicion.fundacionoccident.org\/tennis\/wp-json\/wp\/v2\/pages\/7310","targetHints":{"allow":["GET"]}}],"collection":[{"href":"https:\/\/edicion.fundacionoccident.org\/tennis\/wp-json\/wp\/v2\/pages"}],"about":[{"href":"https:\/\/edicion.fundacionoccident.org\/tennis\/wp-json\/wp\/v2\/types\/page"}],"author":[{"embeddable":true,"href":"https:\/\/edicion.fundacionoccident.org\/tennis\/wp-json\/wp\/v2\/users\/9"}],"replies":[{"embeddable":true,"href":"https:\/\/edicion.fundacionoccident.org\/tennis\/wp-json\/wp\/v2\/comments?post=7310"}],"version-history":[{"count":17,"href":"https:\/\/edicion.fundacionoccident.org\/tennis\/wp-json\/wp\/v2\/pages\/7310\/revisions"}],"predecessor-version":[{"id":8873,"href":"https:\/\/edicion.fundacionoccident.org\/tennis\/wp-json\/wp\/v2\/pages\/7310\/revisions\/8873"}],"up":[{"embeddable":true,"href":"https:\/\/edicion.fundacionoccident.org\/tennis\/wp-json\/wp\/v2\/pages\/7299"}],"wp:attachment":[{"href":"https:\/\/edicion.fundacionoccident.org\/tennis\/wp-json\/wp\/v2\/media?parent=7310"}],"curies":[{"name":"wp","href":"https:\/\/api.w.org\/{rel}","templated":true}]}}